{"id":865,"date":"2021-02-16T16:33:00","date_gmt":"2021-02-16T09:33:00","guid":{"rendered":"http:\/\/new-tranthi.test\/san-pham\/keo-cay-sat-sikadur-731\/"},"modified":"2024-03-14T14:21:11","modified_gmt":"2024-03-14T07:21:11","slug":"keo-cay-sat-sikadur-731","status":"publish","type":"product","link":"https:\/\/tranthi.vn\/quangnam\/keo-cay-sat-sikadur-731\/","title":{"rendered":"Keo C\u1ea5y S\u1eaft Sikadur 731 1kg\/set"},"content":{"rendered":"","protected":false},"excerpt":{"rendered":"<p><span style=\"font-family: 'times new roman', times, serif; font-size: 130%;\">Keo C\u1ea5y S\u1eaft Sikadur 731 <\/span><\/p>\n<p><span style=\"font-family: 'times new roman', times, serif; font-size: 130%;\"><img decoding=\"async\" class=\"emoji\" draggable=\"false\" src=\"https:\/\/s.w.org\/images\/core\/emoji\/12.0.0-1\/svg\/1f61b.svg\" alt=\"\ud83d\ude1b\" \/> Ch\u1ea5t k\u1ebft d\u00ednh g\u1ed1c nh\u1ef1a Epoxy. 2 th\u00e0nh ph\u1ea7n thixotropic, Keo khoan c\u1ea5y th\u00e9p v\u00e0o b\u00ea t\u00f4ng<\/span><\/p>\n<p><span style=\"font-family: 'times new roman', times, serif; font-size: 130%;\"><img decoding=\"async\" class=\"emoji\" draggable=\"false\" src=\"https:\/\/s.w.org\/images\/core\/emoji\/12.0.0-1\/svg\/1f61b.svg\" alt=\"\ud83d\ude1b\" \/> \u1ee8ng d\u1ee5ng: Ch\u1ea5t tr\u00e1m b\u1ec1 m\u1eb7t v\u00e0 c\u00e1c v\u1ebft n\u1ee9t, s\u1eefa ch\u1eeda b\u00ea t\u00f4ng v\u00e0 l\u00e0 ch\u1ea5t k\u1ebft d\u00ednh m\u1ecfng<\/span><\/p>\n<p><span style=\"font-family: 'times new roman', times, serif; font-size: 130%;\"><img decoding=\"async\" class=\"emoji\" draggable=\"false\" src=\"https:\/\/s.w.org\/images\/core\/emoji\/12.0.0-1\/svg\/1f61b.svg\" alt=\"\ud83d\ude1b\" \/> \u0110\u1ecbnh m\u1ee9c:\u00a0 Kh\u1ed1i l\u01b0\u1ee3ng th\u1ec3 t\u00edch: ~ 1,7kg\/l\u00edt<\/span><\/p>\n<p><span style=\"font-family: 'times new roman', times, serif; font-size: 130%;\"><img decoding=\"async\" class=\"emoji\" draggable=\"false\" src=\"https:\/\/s.w.org\/images\/core\/emoji\/12.0.0-1\/svg\/1f61b.svg\" alt=\"\ud83d\ude1b\" \/><span style=\"color: #000000;\">Giao h\u00e0ng trong \u0111\u1ecba b\u00e0n\u00a0<em><a style=\"color: #000000;\" href=\"https:\/\/fr.wikipedia.org\/wiki\/Da_Nang\"><strong>\u0110\u00e0 N\u1eb5ng<\/strong><\/a><\/em><\/span><\/span><\/p>\n<p><span style=\"font-family: 'times new roman', times, serif; font-size: 130%; color: #000000;\"><img decoding=\"async\" class=\"emoji\" draggable=\"false\" src=\"https:\/\/s.w.org\/images\/core\/emoji\/12.0.0-1\/svg\/1f61b.svg\" alt=\"\ud83d\ude1b\" \/> \u0110\u01a1n v\u1ecb t\u00ednh: Lon 1kg<\/span><\/p>\n<p><span style=\"font-family: 'times new roman', times, serif; font-size: 130%; color: #000000;\"><img decoding=\"async\" class=\"emoji\" draggable=\"false\" src=\"https:\/\/s.w.org\/images\/core\/emoji\/12.0.0-1\/svg\/1f61b.svg\" alt=\"\ud83d\ude1b\" \/> \u0110\u01a1n gi\u00e1 <em><strong>\u00a0Sikadur 731<\/strong><\/em> gi\u00e1 : <span style=\"color: #ed1c24;\"><strong>260.000\/1kg<\/strong><\/span><\/span><\/p>\n<p><span style=\"font-family: 'times new roman', times, serif; font-size: 130%; color: #000000;\"><img decoding=\"async\" class=\"emoji\" draggable=\"false\" src=\"https:\/\/s.w.org\/images\/core\/emoji\/12.0.0-1\/svg\/1f61b.svg\" alt=\"\ud83d\ude1b\" \/> Mi\u1ec5n ph\u00ed ship khi mua tr\u00ean 5 s\u1ea3n ph\u1ea9m<\/span><\/p>\n<p>&nbsp;<\/p>\n<p>&nbsp;<\/p>\n","protected":false},"featured_media":864,"comment_status":"open","ping_status":"closed","template":"","meta":[],"product_cat":[89,92],"product_tag":[],"class_list":{"0":"post-865","1":"product","2":"type-product","3":"status-publish","4":"has-post-thumbnail","6":"product_cat-chong-tham","7":"product_cat-chong-tham-sika","9":"first","10":"instock","11":"sale","12":"shipping-taxable","13":"purchasable","14":"product-type-simple"},"yoast_head":"<!-- This site is optimized with the Yoast SEO Premium plugin v22.3 (Yoast SEO v22.8) - https:\/\/yoast.com\/wordpress\/plugins\/seo\/ -->\n<title>Keo C\u1ea5y S\u1eaft Sikadur 731 1kg\/set - V\u1eadt Li\u1ec7u X\u00e2y D\u1ef1ng Tr\u1ea7n Th\u1ecb Chi Nh\u00e1nh Qu\u1ea3ng Nam<\/title>\n<meta name=\"robots\" content=\"index, follow, max-snippet:-1, max-image-preview:large, max-video-preview:-1\" \/>\n<link rel=\"canonical\" href=\"https:\/\/tranthi.vn\/quangnam\/keo-cay-sat-sikadur-731\/\" \/>\n<meta property=\"og:locale\" content=\"vi_VN\" \/>\n<meta property=\"og:type\" content=\"article\" \/>\n<meta property=\"og:title\" content=\"Keo C\u1ea5y S\u1eaft Sikadur 731 1kg\/set\" \/>\n<meta property=\"og:description\" content=\"Keo C\u1ea5y S\u1eaft Sikadur 731   Ch\u1ea5t k\u1ebft d\u00ednh g\u1ed1c nh\u1ef1a Epoxy. 2 th\u00e0nh ph\u1ea7n thixotropic, Keo khoan c\u1ea5y th\u00e9p v\u00e0o b\u00ea t\u00f4ng   \u1ee8ng d\u1ee5ng: Ch\u1ea5t tr\u00e1m b\u1ec1 m\u1eb7t v\u00e0 c\u00e1c v\u1ebft n\u1ee9t, s\u1eefa ch\u1eeda b\u00ea t\u00f4ng v\u00e0 l\u00e0 ch\u1ea5t k\u1ebft d\u00ednh m\u1ecfng   \u0110\u1ecbnh m\u1ee9c:\u00a0 Kh\u1ed1i l\u01b0\u1ee3ng th\u1ec3 t\u00edch: ~ 1,7kg\/l\u00edt  Giao h\u00e0ng trong \u0111\u1ecba b\u00e0n\u00a0\u0110\u00e0 N\u1eb5ng   \u0110\u01a1n v\u1ecb t\u00ednh: Lon 1kg   \u0110\u01a1n gi\u00e1 \u00a0Sikadur 731 gi\u00e1 : 260.000\/1kg   Mi\u1ec5n ph\u00ed ship khi mua tr\u00ean 5 s\u1ea3n ph\u1ea9m  &nbsp;  &nbsp;\" \/>\n<meta property=\"og:url\" content=\"https:\/\/tranthi.vn\/quangnam\/keo-cay-sat-sikadur-731\/\" \/>\n<meta property=\"og:site_name\" content=\"V\u1eadt Li\u1ec7u X\u00e2y D\u1ef1ng Tr\u1ea7n Th\u1ecb Chi Nh\u00e1nh Qu\u1ea3ng Nam\" \/>\n<meta property=\"article:modified_time\" content=\"2024-03-14T07:21:11+00:00\" \/>\n<meta property=\"og:image\" content=\"https:\/\/tranthi.vn\/quangnam\/wp-content\/uploads\/2021\/02\/Sikadur-731-1Kg.jpg\" \/>\n\t<meta property=\"og:image:width\" content=\"600\" \/>\n\t<meta property=\"og:image:height\" content=\"600\" \/>\n\t<meta property=\"og:image:type\" content=\"image\/jpeg\" \/>\n<meta name=\"twitter:card\" content=\"summary_large_image\" \/>\n<meta name=\"twitter:label1\" content=\"Gi\u00e1\" \/>\n\t<meta name=\"twitter:data1\" content=\"260,000&nbsp;&#8363;\" \/>\n\t<meta name=\"twitter:label2\" content=\"Kh\u1ea3 d\u1ee5ng\" \/>\n\t<meta name=\"twitter:data2\" content=\"Trong kho\" \/>\n<script type=\"application\/ld+json\" class=\"yoast-schema-graph\">{\"@context\":\"https:\/\/schema.org\",\"@graph\":[{\"@type\":[\"WebPage\",\"ItemPage\"],\"@id\":\"https:\/\/tranthi.vn\/quangnam\/keo-cay-sat-sikadur-731\/\",\"url\":\"https:\/\/tranthi.vn\/quangnam\/keo-cay-sat-sikadur-731\/\",\"name\":\"Keo C\u1ea5y S\u1eaft Sikadur 731 1kg\/set - V\u1eadt Li\u1ec7u X\u00e2y D\u1ef1ng Tr\u1ea7n Th\u1ecb Chi Nh\u00e1nh Qu\u1ea3ng Nam\",\"isPartOf\":{\"@id\":\"https:\/\/tranthi.vn\/quangnam\/#website\"},\"primaryImageOfPage\":{\"@id\":\"https:\/\/tranthi.vn\/quangnam\/keo-cay-sat-sikadur-731\/#primaryimage\"},\"image\":{\"@id\":\"https:\/\/tranthi.vn\/quangnam\/keo-cay-sat-sikadur-731\/#primaryimage\"},\"thumbnailUrl\":\"https:\/\/tranthi.vn\/quangnam\/wp-content\/uploads\/2021\/02\/Sikadur-731-1Kg.jpg\",\"datePublished\":\"2021-02-16T09:33:00+00:00\",\"dateModified\":\"2024-03-14T07:21:11+00:00\",\"breadcrumb\":{\"@id\":\"https:\/\/tranthi.vn\/quangnam\/keo-cay-sat-sikadur-731\/#breadcrumb\"},\"inLanguage\":\"vi\",\"potentialAction\":[{\"@type\":\"ReadAction\",\"target\":[\"https:\/\/tranthi.vn\/quangnam\/keo-cay-sat-sikadur-731\/\"]}]},{\"@type\":\"ImageObject\",\"inLanguage\":\"vi\",\"@id\":\"https:\/\/tranthi.vn\/quangnam\/keo-cay-sat-sikadur-731\/#primaryimage\",\"url\":\"https:\/\/tranthi.vn\/quangnam\/wp-content\/uploads\/2021\/02\/Sikadur-731-1Kg.jpg\",\"contentUrl\":\"https:\/\/tranthi.vn\/quangnam\/wp-content\/uploads\/2021\/02\/Sikadur-731-1Kg.jpg\",\"width\":600,\"height\":600},{\"@type\":\"BreadcrumbList\",\"@id\":\"https:\/\/tranthi.vn\/quangnam\/keo-cay-sat-sikadur-731\/#breadcrumb\",\"itemListElement\":[{\"@type\":\"ListItem\",\"position\":1,\"name\":\"Trang ch\u1ee7\",\"item\":\"https:\/\/tranthi.vn\/quangnam\/\"},{\"@type\":\"ListItem\",\"position\":2,\"name\":\"Shop\",\"item\":\"https:\/\/tranthi.vn\/quangnam\/shop\/\"},{\"@type\":\"ListItem\",\"position\":3,\"name\":\"Keo C\u1ea5y S\u1eaft Sikadur 731 1kg\/set\"}]},{\"@type\":\"WebSite\",\"@id\":\"https:\/\/tranthi.vn\/quangnam\/#website\",\"url\":\"https:\/\/tranthi.vn\/quangnam\/\",\"name\":\"V\u1eadt Li\u1ec7u X\u00e2y D\u1ef1ng Tr\u1ea7n Th\u1ecb Chi Nh\u00e1nh Qu\u1ea3ng Nam\",\"description\":\"V\u1eadt Li\u1ec7u X\u00e2y D\u1ef1ng - Qu\u1ea3ng Nam\",\"potentialAction\":[{\"@type\":\"SearchAction\",\"target\":{\"@type\":\"EntryPoint\",\"urlTemplate\":\"https:\/\/tranthi.vn\/quangnam\/?s={search_term_string}\"},\"query-input\":\"required name=search_term_string\"}],\"inLanguage\":\"vi\"},{\"@type\":\"ImageObject\",\"inLanguage\":\"vi\",\"@id\":\"https:\/\/tranthi.vn\/quangnam\/keo-cay-sat-sikadur-731\/#local-main-organization-logo\",\"url\":\"\",\"contentUrl\":\"\",\"caption\":\"V\u1eadt Li\u1ec7u X\u00e2y D\u1ef1ng Tr\u1ea7n Th\u1ecb Chi Nh\u00e1nh Qu\u1ea3ng Nam\"}]}<\/script>\n<meta property=\"product:price:amount\" content=\"260000\" \/>\n<meta property=\"product:price:currency\" content=\"VND\" \/>\n<meta property=\"og:availability\" content=\"instock\" \/>\n<meta property=\"product:availability\" content=\"instock\" \/>\n<meta property=\"product:condition\" content=\"new\" \/>\n<!-- \/ Yoast SEO Premium plugin. -->","yoast_head_json":{"title":"Keo C\u1ea5y S\u1eaft Sikadur 731 1kg\/set - V\u1eadt Li\u1ec7u X\u00e2y D\u1ef1ng Tr\u1ea7n Th\u1ecb Chi Nh\u00e1nh Qu\u1ea3ng Nam","robots":{"index":"index","follow":"follow","max-snippet":"max-snippet:-1","max-image-preview":"max-image-preview:large","max-video-preview":"max-video-preview:-1"},"canonical":"https:\/\/tranthi.vn\/quangnam\/keo-cay-sat-sikadur-731\/","og_locale":"vi_VN","og_type":"article","og_title":"Keo C\u1ea5y S\u1eaft Sikadur 731 1kg\/set","og_description":"Keo C\u1ea5y S\u1eaft Sikadur 731   Ch\u1ea5t k\u1ebft d\u00ednh g\u1ed1c nh\u1ef1a Epoxy. 2 th\u00e0nh ph\u1ea7n thixotropic, Keo khoan c\u1ea5y th\u00e9p v\u00e0o b\u00ea t\u00f4ng   \u1ee8ng d\u1ee5ng: Ch\u1ea5t tr\u00e1m b\u1ec1 m\u1eb7t v\u00e0 c\u00e1c v\u1ebft n\u1ee9t, s\u1eefa ch\u1eeda b\u00ea t\u00f4ng v\u00e0 l\u00e0 ch\u1ea5t k\u1ebft d\u00ednh m\u1ecfng   \u0110\u1ecbnh m\u1ee9c:\u00a0 Kh\u1ed1i l\u01b0\u1ee3ng th\u1ec3 t\u00edch: ~ 1,7kg\/l\u00edt  Giao h\u00e0ng trong \u0111\u1ecba b\u00e0n\u00a0\u0110\u00e0 N\u1eb5ng   \u0110\u01a1n v\u1ecb t\u00ednh: Lon 1kg   \u0110\u01a1n gi\u00e1 \u00a0Sikadur 731 gi\u00e1 : 260.000\/1kg   Mi\u1ec5n ph\u00ed ship khi mua tr\u00ean 5 s\u1ea3n ph\u1ea9m  &nbsp;  &nbsp;","og_url":"https:\/\/tranthi.vn\/quangnam\/keo-cay-sat-sikadur-731\/","og_site_name":"V\u1eadt Li\u1ec7u X\u00e2y D\u1ef1ng Tr\u1ea7n Th\u1ecb Chi Nh\u00e1nh Qu\u1ea3ng Nam","article_modified_time":"2024-03-14T07:21:11+00:00","og_image":[{"width":600,"height":600,"url":"https:\/\/tranthi.vn\/quangnam\/wp-content\/uploads\/2021\/02\/Sikadur-731-1Kg.jpg","type":"image\/jpeg"}],"twitter_card":"summary_large_image","twitter_misc":{"Gi\u00e1":"260,000&nbsp;&#8363;","Kh\u1ea3 d\u1ee5ng":"Trong kho"},"schema":{"@context":"https:\/\/schema.org","@graph":[{"@type":["WebPage","ItemPage"],"@id":"https:\/\/tranthi.vn\/quangnam\/keo-cay-sat-sikadur-731\/","url":"https:\/\/tranthi.vn\/quangnam\/keo-cay-sat-sikadur-731\/","name":"Keo C\u1ea5y S\u1eaft Sikadur 731 1kg\/set - V\u1eadt Li\u1ec7u X\u00e2y D\u1ef1ng Tr\u1ea7n Th\u1ecb Chi Nh\u00e1nh Qu\u1ea3ng Nam","isPartOf":{"@id":"https:\/\/tranthi.vn\/quangnam\/#website"},"primaryImageOfPage":{"@id":"https:\/\/tranthi.vn\/quangnam\/keo-cay-sat-sikadur-731\/#primaryimage"},"image":{"@id":"https:\/\/tranthi.vn\/quangnam\/keo-cay-sat-sikadur-731\/#primaryimage"},"thumbnailUrl":"https:\/\/tranthi.vn\/quangnam\/wp-content\/uploads\/2021\/02\/Sikadur-731-1Kg.jpg","datePublished":"2021-02-16T09:33:00+00:00","dateModified":"2024-03-14T07:21:11+00:00","breadcrumb":{"@id":"https:\/\/tranthi.vn\/quangnam\/keo-cay-sat-sikadur-731\/#breadcrumb"},"inLanguage":"vi","potentialAction":[{"@type":"ReadAction","target":["https:\/\/tranthi.vn\/quangnam\/keo-cay-sat-sikadur-731\/"]}]},{"@type":"ImageObject","inLanguage":"vi","@id":"https:\/\/tranthi.vn\/quangnam\/keo-cay-sat-sikadur-731\/#primaryimage","url":"https:\/\/tranthi.vn\/quangnam\/wp-content\/uploads\/2021\/02\/Sikadur-731-1Kg.jpg","contentUrl":"https:\/\/tranthi.vn\/quangnam\/wp-content\/uploads\/2021\/02\/Sikadur-731-1Kg.jpg","width":600,"height":600},{"@type":"BreadcrumbList","@id":"https:\/\/tranthi.vn\/quangnam\/keo-cay-sat-sikadur-731\/#breadcrumb","itemListElement":[{"@type":"ListItem","position":1,"name":"Trang ch\u1ee7","item":"https:\/\/tranthi.vn\/quangnam\/"},{"@type":"ListItem","position":2,"name":"Shop","item":"https:\/\/tranthi.vn\/quangnam\/shop\/"},{"@type":"ListItem","position":3,"name":"Keo C\u1ea5y S\u1eaft Sikadur 731 1kg\/set"}]},{"@type":"WebSite","@id":"https:\/\/tranthi.vn\/quangnam\/#website","url":"https:\/\/tranthi.vn\/quangnam\/","name":"V\u1eadt Li\u1ec7u X\u00e2y D\u1ef1ng Tr\u1ea7n Th\u1ecb Chi Nh\u00e1nh Qu\u1ea3ng Nam","description":"V\u1eadt Li\u1ec7u X\u00e2y D\u1ef1ng - Qu\u1ea3ng Nam","potentialAction":[{"@type":"SearchAction","target":{"@type":"EntryPoint","urlTemplate":"https:\/\/tranthi.vn\/quangnam\/?s={search_term_string}"},"query-input":"required name=search_term_string"}],"inLanguage":"vi"},{"@type":"ImageObject","inLanguage":"vi","@id":"https:\/\/tranthi.vn\/quangnam\/keo-cay-sat-sikadur-731\/#local-main-organization-logo","url":"","contentUrl":"","caption":"V\u1eadt Li\u1ec7u X\u00e2y D\u1ef1ng Tr\u1ea7n Th\u1ecb Chi Nh\u00e1nh Qu\u1ea3ng Nam"}]},"product_price_amount":"260000","product_price_currency":"VND","og_availability":"instock","product_availability":"instock","product_condition":"new"},"_links":{"self":[{"href":"https:\/\/tranthi.vn\/quangnam\/wp-json\/wp\/v2\/product\/865","targetHints":{"allow":["GET"]}}],"collection":[{"href":"https:\/\/tranthi.vn\/quangnam\/wp-json\/wp\/v2\/product"}],"about":[{"href":"https:\/\/tranthi.vn\/quangnam\/wp-json\/wp\/v2\/types\/product"}],"replies":[{"embeddable":true,"href":"https:\/\/tranthi.vn\/quangnam\/wp-json\/wp\/v2\/comments?post=865"}],"wp:featuredmedia":[{"embeddable":true,"href":"https:\/\/tranthi.vn\/quangnam\/wp-json\/wp\/v2\/media\/864"}],"wp:attachment":[{"href":"https:\/\/tranthi.vn\/quangnam\/wp-json\/wp\/v2\/media?parent=865"}],"wp:term":[{"taxonomy":"product_cat","embeddable":true,"href":"https:\/\/tranthi.vn\/quangnam\/wp-json\/wp\/v2\/product_cat?post=865"},{"taxonomy":"product_tag","embeddable":true,"href":"https:\/\/tranthi.vn\/quangnam\/wp-json\/wp\/v2\/product_tag?post=865"}],"curies":[{"name":"wp","href":"https:\/\/api.w.org\/{rel}","templated":true}]}}