{"id":7522,"date":"2024-07-19T10:33:54","date_gmt":"2024-07-19T03:33:54","guid":{"rendered":"https:\/\/tranthi.vn\/quangnam\/?post_type=product&#038;p=7522"},"modified":"2024-11-14T10:11:50","modified_gmt":"2024-11-14T03:11:50","slug":"da-granit-mat-bep-hoi-an-tam-ky-quang-nam","status":"publish","type":"product","link":"https:\/\/tranthi.vn\/quangnam\/da-granit-mat-bep-hoi-an-tam-ky-quang-nam\/","title":{"rendered":"\u0110\u00e1 Granit M\u1eb7t B\u1ebfp \u0110\u00e0 N\u1eb5ng"},"content":{"rendered":"<h1 style=\"text-align: center;\"><span style=\"font-size: 160%;\"><span style=\"font-family: 'times new roman', times, serif;\">\u0110\u00e1 Granit M\u1eb7t B\u1ebfp Qu\u1ea3ng Nam<\/span><\/span><\/h1>\n<p>&nbsp;<\/p>\n<h1><strong><span style=\"font-size: 130%; font-family: 'times new roman', times, serif;\">1. \u0110\u1eb7c \u0111i\u1ec3m c\u1ee7a \u0111\u00e1 granit<\/span><\/strong><\/h1>\n<h3><span style=\"font-size: 130%; font-family: 'times new roman', times, serif;\">\u0110\u00e1 granit l\u00e0 m\u1ed9t lo\u1ea1i \u0111\u00e1 t\u1ef1 nhi\u00ean \u0111\u01b0\u1ee3c h\u00ecnh th\u00e0nh t\u1eeb qu\u00e1 tr\u00ecnh ngu\u1ed9i l\u1ea1nh c\u1ee7a magma d\u01b0\u1edbi b\u1ec1 m\u1eb7t tr\u00e1i \u0111\u1ea5t. \u0110\u1eb7c \u0111i\u1ec3m n\u1ed5i b\u1eadt c\u1ee7a \u0111\u00e1 granit bao g\u1ed3m:<\/span><\/h3>\n<ul>\n<li>\n<h3><span style=\"font-size: 130%; font-family: 'times new roman', times, serif;\">\u0110\u1ed9 b\u1ec1n cao: \u0110\u00e1 granit c\u00f3 c\u1ea5u tr\u00fac tinh th\u1ec3 ch\u1eb7t ch\u1ebd, gi\u00fap n\u00f3 ch\u1ecbu \u0111\u01b0\u1ee3c l\u1ef1c t\u00e1c \u0111\u1ed9ng m\u1ea1nh v\u00e0 kh\u00f4ng d\u1ec5 b\u1ecb tr\u1ea7y x\u01b0\u1edbc.<\/span><\/h3>\n<\/li>\n<li>\n<h3><span style=\"font-size: 130%; font-family: 'times new roman', times, serif;\">Kh\u1ea3 n\u0103ng ch\u1ecbu nhi\u1ec7t t\u1ed1t: \u0110\u00e1 granit c\u00f3 kh\u1ea3 n\u0103ng ch\u1ecbu nhi\u1ec7t \u0111\u1ed9 cao, kh\u00f4ng b\u1ecb \u1ea3nh h\u01b0\u1edfng b\u1edfi c\u00e1c d\u1ee5ng c\u1ee5 n\u1ea5u n\u01b0\u1edbng n\u00f3ng.<\/span><\/h3>\n<\/li>\n<li>\n<h3><span style=\"font-size: 130%; font-family: 'times new roman', times, serif;\">\u0110a d\u1ea1ng v\u1ec1 m\u00e0u s\u1eafc v\u00e0 v\u00e2n \u0111\u00e1: \u0110\u00e1 granit c\u00f3 nhi\u1ec1u m\u00e0u s\u1eafc v\u00e0 v\u00e2n \u0111\u00e1 t\u1ef1 nhi\u00ean, t\u1ea1o n\u00ean v\u1ebb \u0111\u1eb9p \u0111\u1ed9c \u0111\u00e1o v\u00e0 sang tr\u1ecdng cho kh\u00f4ng gian b\u1ebfp.<\/span><\/h3>\n<\/li>\n<li style=\"text-align: center;\"><iframe loading=\"lazy\" src=\"\/\/www.youtube.com\/embed\/M_krMKwsUUc\" width=\"560\" height=\"314\" allowfullscreen=\"allowfullscreen\"><\/iframe><\/li>\n<\/ul>\n<h1><strong><span style=\"font-size: 130%; font-family: 'times new roman', times, serif;\">2. L\u1ee3i \u00edch c\u1ee7a vi\u1ec7c s\u1eed d\u1ee5ng \u0111\u00e1 granit cho m\u1eb7t b\u1ebfp<\/span><\/strong><\/h1>\n<h3><span style=\"font-size: 130%; font-family: 'times new roman', times, serif;\">Vi\u1ec7c s\u1eed d\u1ee5ng \u0111\u00e1 granit cho m\u1eb7t b\u1ebfp mang l\u1ea1i nhi\u1ec1u l\u1ee3i \u00edch v\u01b0\u1ee3t tr\u1ed9i:<\/span><\/h3>\n<ul>\n<li>\n<h3><span style=\"font-size: 130%; font-family: 'times new roman', times, serif;\">T\u00ednh th\u1ea9m m\u1ef9 cao: \u0110\u00e1 granit v\u1edbi c\u00e1c v\u00e2n \u0111\u00e1 t\u1ef1 nhi\u00ean t\u1ea1o n\u00ean v\u1ebb \u0111\u1eb9p sang tr\u1ecdng v\u00e0 hi\u1ec7n \u0111\u1ea1i cho gian b\u1ebfp. M\u1ed7i t\u1ea5m \u0111\u00e1 granit \u0111\u1ec1u l\u00e0 duy nh\u1ea5t, mang \u0111\u1ebfn s\u1ef1 \u0111\u1ed9c \u0111\u00e1o cho kh\u00f4ng gian n\u1ed9i th\u1ea5t.<\/span><\/h3>\n<\/li>\n<li>\n<h3><span style=\"font-size: 130%; font-family: 'times new roman', times, serif;\">D\u1ec5 d\u00e0ng v\u1ec7 sinh: B\u1ec1 m\u1eb7t \u0111\u00e1 granit b\u00f3ng m\u1ecbn, kh\u00f4ng th\u1ea5m n\u01b0\u1edbc v\u00e0 d\u1ea7u m\u1ee1, gi\u00fap vi\u1ec7c v\u1ec7 sinh tr\u1edf n\u00ean d\u1ec5 d\u00e0ng h\u01a1n. Ch\u1ec9 c\u1ea7n lau ch\u00f9i nh\u1eb9 nh\u00e0ng, m\u1eb7t b\u1ebfp lu\u00f4n gi\u1eef \u0111\u01b0\u1ee3c v\u1ebb s\u1ea1ch s\u1ebd v\u00e0 s\u00e1ng b\u00f3ng.<\/span><\/h3>\n<\/li>\n<li>\n<h3><span style=\"font-size: 130%; font-family: 'times new roman', times, serif;\">Kh\u1ea3 n\u0103ng ch\u1ed1ng tr\u1ea7y x\u01b0\u1edbc v\u00e0 ch\u1ecbu l\u1ef1c t\u1ed1t: \u0110\u00e1 granit c\u00f3 \u0111\u1ed9 c\u1ee9ng cao, kh\u00f3 b\u1ecb tr\u1ea7y x\u01b0\u1edbc hay h\u01b0 h\u1ecfng do va \u0111\u1eadp. \u0110i\u1ec1u n\u00e0y r\u1ea5t quan tr\u1ecdng trong m\u00f4i tr\u01b0\u1eddng b\u1ebfp, n\u01a1i th\u01b0\u1eddng xuy\u00ean ti\u1ebfp x\u00fac v\u1edbi c\u00e1c d\u1ee5ng c\u1ee5 n\u1ea5u n\u01b0\u1edbng s\u1eafc nh\u1ecdn v\u00e0 n\u1eb7ng.<\/span><\/h3>\n<\/li>\n<li>\n<h3><span style=\"font-size: 130%; font-family: 'times new roman', times, serif;\">\u0110\u1ed9 b\u1ec1n l\u00e2u d\u00e0i: V\u1edbi kh\u1ea3 n\u0103ng ch\u1ed1ng l\u1ea1i c\u00e1c t\u00e1c \u0111\u1ed9ng c\u1ee7a nhi\u1ec7t \u0111\u1ed9, \u0111\u1ed9 \u1ea9m v\u00e0 h\u00f3a ch\u1ea5t, \u0111\u00e1 granit c\u00f3 th\u1ec3 duy tr\u00ec v\u1ebb \u0111\u1eb9p v\u00e0 ch\u1ee9c n\u0103ng c\u1ee7a n\u00f3 trong nhi\u1ec1u n\u0103m m\u00e0 kh\u00f4ng c\u1ea7n thay th\u1ebf hay s\u1eeda ch\u1eefa.<\/span><\/h3>\n<\/li>\n<li><img loading=\"lazy\" decoding=\"async\" class=\" wp-image-7651\" src=\"https:\/\/tranthi.vn\/quangnam\/wp-content\/uploads\/2024\/07\/da-granit-mat-bep-tam-ky-hoi-an-quang-nam.png\" alt=\"\u0111\u00e1 granit m\u1eb7t b\u1ebfp tam k\u1ef3- h\u1ed9i an- qu\u1ea3ng nam\" width=\"388\" height=\"277\" \/>\n<figure id=\"attachment_7652\" aria-describedby=\"caption-attachment-7652\" style=\"width: 386px\" class=\"wp-caption alignnone\"><img loading=\"lazy\" decoding=\"async\" class=\" wp-image-7652\" src=\"https:\/\/tranthi.vn\/quangnam\/wp-content\/uploads\/2024\/07\/da-granit-mat-bep-tam-ky-hoi-an-quang-nam-1.png\" alt=\"\u0111\u00e1 granit m\u1eb7t b\u1ebfp tam k\u1ef3- h\u1ed9i an- qu\u1ea3ng nam\" width=\"386\" height=\"276\" \/><figcaption id=\"caption-attachment-7652\" class=\"wp-caption-text\"><span style=\"font-family: 'times new roman', times, serif;\"><em>\u00a0 \u00a0 \u00a0 \u00a0 \u00a0 \u00a0\u0111\u00e1 granit m\u1eb7t b\u1ebfp tam k\u1ef3- h\u1ed9i an- qu\u1ea3ng nam<\/em><\/span><\/figcaption><\/figure><\/li>\n<\/ul>\n<h1><strong><span style=\"font-size: 130%; font-family: 'times new roman', times, serif;\">3. T\u1ea1i sao n\u00ean ch\u1ecdn \u0111\u00e1 granit m\u1eb7t b\u1ebfp ?<\/span><\/strong><\/h1>\n<h3><span style=\"font-size: 130%; font-family: 'times new roman', times, serif;\"><a href=\"https:\/\/vi.wikipedia.org\/wiki\/Qu%E1%BA%A3ng_Nam\"><em><strong>Qu\u1ea3ng Nam<\/strong><\/em><\/a>, v\u1edbi kh\u00ed h\u1eadu nhi\u1ec7t \u0111\u1edbi \u1ea9m v\u00e0 nhu c\u1ea7u ng\u00e0y c\u00e0ng cao v\u1ec1 c\u00e1c s\u1ea3n ph\u1ea9m n\u1ed9i th\u1ea5t ch\u1ea5t l\u01b0\u1ee3ng, l\u00e0 n\u01a1i l\u00fd t\u01b0\u1edfng \u0111\u1ec3 s\u1eed d\u1ee5ng \u0111\u00e1 granit cho m\u1eb7t b\u1ebfp. Nh\u1eefng l\u00fd do n\u00ean ch\u1ecdn \u0111\u00e1 granit m\u1eb7t b\u1ebfp bao g\u1ed3m:<\/span><\/h3>\n<ul>\n<li>\n<h3><span style=\"font-size: 130%; font-family: 'times new roman', times, serif;\">S\u1ef1 \u0111a d\u1ea1ng v\u1ec1 ngu\u1ed3n cung:C\u00f3\u00a0nhi\u1ec1u nh\u00e0 cung c\u1ea5p \u0111\u00e1 granit uy t\u00edn, cung c\u1ea5p \u0111a d\u1ea1ng m\u1eabu m\u00e3 v\u00e0 m\u00e0u s\u1eafc, \u0111\u00e1p \u1ee9ng nhu c\u1ea7u th\u1ea9m m\u1ef9 v\u00e0 ch\u1ea5t l\u01b0\u1ee3ng c\u1ee7a kh\u00e1ch h\u00e0ng.<\/span><\/h3>\n<\/li>\n<li>\n<h3><span style=\"font-size: 130%; font-family: 'times new roman', times, serif;\">Gi\u00e1 c\u1ea3 c\u1ea1nh tranh: V\u1edbi s\u1ef1 c\u1ea1nh tranh gi\u1eefa c\u00e1c nh\u00e0 cung c\u1ea5p, kh\u00e1ch h\u00e0ng c\u00f3 th\u1ec3 d\u1ec5 d\u00e0ng t\u00ecm \u0111\u01b0\u1ee3c s\u1ea3n ph\u1ea9m \u0111\u00e1 granit ch\u1ea5t l\u01b0\u1ee3ng v\u1edbi gi\u00e1 c\u1ea3 h\u1ee3p l\u00fd.<\/span><\/h3>\n<\/li>\n<li>\n<h3><span style=\"font-size: 130%; font-family: 'times new roman', times, serif;\">D\u1ecbch v\u1ee5 l\u1eafp \u0111\u1eb7t chuy\u00ean nghi\u1ec7p: C\u00e1c \u0111\u01a1n v\u1ecb cung c\u1ea5p \u0111\u00e1 granit t\u1ea1i <a href=\"https:\/\/vi.wikipedia.org\/wiki\/Qu%E1%BA%A3ng_Nam\"><em>Qu\u1ea3ng Nam<\/em><\/a> th\u01b0\u1eddng \u0111i k\u00e8m v\u1edbi d\u1ecbch v\u1ee5 l\u1eafp \u0111\u1eb7t chuy\u00ean nghi\u1ec7p, \u0111\u1ea3m b\u1ea3o m\u1eb7t b\u1ebfp \u0111\u01b0\u1ee3c ho\u00e0n thi\u1ec7n m\u1ed9t c\u00e1ch ch\u00ednh x\u00e1c v\u00e0 \u0111\u1eb9p m\u1eaft.<\/span><\/h3>\n<\/li>\n<li style=\"text-align: center;\">\n<h3><span style=\"font-size: 130%; font-family: 'times new roman', times, serif;\"><br \/>\n<iframe loading=\"lazy\" src=\"\/\/www.youtube.com\/embed\/hZeaIqZ5JQQ\" width=\"560\" height=\"314\" allowfullscreen=\"allowfullscreen\"><\/iframe><br \/>\n<\/span><\/h3>\n<\/li>\n<\/ul>\n<h3><strong><span style=\"font-size: 130%; font-family: 'times new roman', times, serif;\">4. M\u1ed9t s\u1ed1 nh\u00e0 cung c\u1ea5p \u0111\u00e1 granit uy t\u00edn t\u1ea1i Qu\u1ea3ng Nam<\/span><\/strong><\/h3>\n<h3><span style=\"font-size: 130%; font-family: 'times new roman', times, serif;\">\u0110\u1ec3 \u0111\u1ea3m b\u1ea3o ch\u1ea5t l\u01b0\u1ee3ng v\u00e0 d\u1ecbch v\u1ee5, vi\u1ec7c ch\u1ecdn nh\u00e0 cung c\u1ea5p uy t\u00edn l\u00e0 r\u1ea5t quan tr\u1ecdng. D\u01b0\u1edbi \u0111\u00e2y l\u00e0 m\u1ed9t s\u1ed1 nh\u00e0 cung c\u1ea5p \u0111\u00e1 granit m\u1eb7t b\u1ebfp uy t\u00edn t\u1ea1i <a href=\"https:\/\/vi.wikipedia.org\/wiki\/Qu%E1%BA%A3ng_Nam\"><em>Qu\u1ea3ng Nam<\/em><\/a>:<\/span><\/h3>\n<ul>\n<li>\n<h3><span style=\"font-size: 130%; font-family: 'times new roman', times, serif;\">C\u00f4ng ty TNHH MTV \u0110\u00e1 Granit \u0110\u00e0 N\u1eb5ng: Chuy\u00ean cung c\u1ea5p c\u00e1c s\u1ea3n ph\u1ea9m \u0111\u00e1 granit ch\u1ea5t l\u01b0\u1ee3ng cao, \u0111a d\u1ea1ng v\u1ec1 m\u00e0u s\u1eafc v\u00e0 v\u00e2n \u0111\u00e1.<\/span><\/h3>\n<\/li>\n<li>\n<h3><span style=\"font-size: 130%; font-family: 'times new roman', times, serif;\">C\u00f4ng ty CP \u0110\u00e1 M\u1ef9 Ngh\u1ec7 Non N\u01b0\u1edbc: V\u1edbi nhi\u1ec1u n\u0103m kinh nghi\u1ec7m trong ng\u00e0nh \u0111\u00e1, c\u00f4ng ty cung c\u1ea5p c\u00e1c s\u1ea3n ph\u1ea9m \u0111\u00e1 granit v\u1edbi d\u1ecbch v\u1ee5 l\u1eafp \u0111\u1eb7t chuy\u00ean nghi\u1ec7p.<\/span><\/h3>\n<\/li>\n<li>\n<h3><span style=\"font-size: 130%; font-family: 'times new roman', times, serif;\">C\u00f4ng ty TNHH \u0110\u00e1 Hoa C\u01b0\u01a1ng Ph\u00fa S\u01a1n: N\u1ed5i ti\u1ebfng v\u1edbi c\u00e1c s\u1ea3n ph\u1ea9m \u0111\u00e1 granit nh\u1eadp kh\u1ea9u ch\u1ea5t l\u01b0\u1ee3ng cao, \u0111\u00e1p \u1ee9ng c\u00e1c y\u00eau c\u1ea7u kh\u1eaft khe v\u1ec1 th\u1ea9m m\u1ef9 v\u00e0 \u0111\u1ed9 b\u1ec1n.<\/span><\/h3>\n<\/li>\n<\/ul>\n","protected":false},"excerpt":{"rendered":"<p>\u0110\u00e1 Granit M\u1eb7t B\u1ebfp Qu\u1ea3ng Nam &nbsp; 1. \u0110\u1eb7c \u0111i\u1ec3m c\u1ee7a \u0111\u00e1 granit \u0110\u00e1 granit l\u00e0 m\u1ed9t lo\u1ea1i \u0111\u00e1 t\u1ef1 nhi\u00ean \u0111\u01b0\u1ee3c h\u00ecnh th\u00e0nh t\u1eeb qu\u00e1 tr\u00ecnh ngu\u1ed9i l\u1ea1nh c\u1ee7a magma d\u01b0\u1edbi b\u1ec1 m\u1eb7t tr\u00e1i \u0111\u1ea5t. \u0110\u1eb7c \u0111i\u1ec3m n\u1ed5i b\u1eadt c\u1ee7a \u0111\u00e1 granit bao g\u1ed3m: \u0110\u1ed9 b\u1ec1n cao: \u0110\u00e1 granit c\u00f3 c\u1ea5u tr\u00fac tinh th\u1ec3 [&#8230;]\n","protected":false},"featured_media":0,"comment_status":"closed","ping_status":"closed","template":"","meta":[],"product_cat":[305],"product_tag":[438],"class_list":{"0":"post-7522","1":"product","2":"type-product","3":"status-publish","5":"product_cat-tu-bep-nhua-da-nang","6":"product_tag-da-granit-mat-bep-da-nang","8":"first","9":"instock","10":"shipping-taxable","11":"product-type-simple"},"yoast_head":"<!-- This site is optimized with the Yoast SEO Premium plugin v22.3 (Yoast SEO v22.8) - https:\/\/yoast.com\/wordpress\/plugins\/seo\/ -->\n<title>Gi\u00e1 \u0110\u00e1 Granit M\u1eb7t B\u1ebfp t\u1ea1i Qu\u1ea3ng Nam-0947.335.871-Tr\u1ea7n Th\u1ecb<\/title>\n<meta name=\"description\" content=\"Gi\u00e1 \u0110\u00e1 Granit M\u1eb7t B\u1ebfp t\u1ea1i Qu\u1ea3ng Nam-0947.335.871 Tr\u1ea7n th\u1ecb. Cung c\u1ea5p h\u00e0ng ho\u00e1 uy t\u00edn ch\u1ea5t l\u01b0\u1ee3ng tham kh\u1ea3o t\u1ea1i web: tranthi.vn \u0111\u1ec3 bi\u1ebft th\u00eam chi ti\u1ebft\" \/>\n<meta name=\"robots\" content=\"index, follow, max-snippet:-1, max-image-preview:large, max-video-preview:-1\" \/>\n<link rel=\"canonical\" href=\"https:\/\/tranthi.vn\/quangnam\/da-granit-mat-bep-hoi-an-tam-ky-quang-nam\/\" \/>\n<meta property=\"og:locale\" content=\"vi_VN\" \/>\n<meta property=\"og:type\" content=\"article\" \/>\n<meta property=\"og:title\" content=\"\u0110\u00e1 Granit M\u1eb7t B\u1ebfp \u0110\u00e0 N\u1eb5ng\" \/>\n<meta property=\"og:description\" content=\"Gi\u00e1 \u0110\u00e1 Granit M\u1eb7t B\u1ebfp t\u1ea1i Qu\u1ea3ng Nam-0947.335.871 Tr\u1ea7n th\u1ecb. Cung c\u1ea5p h\u00e0ng ho\u00e1 uy t\u00edn ch\u1ea5t l\u01b0\u1ee3ng tham kh\u1ea3o t\u1ea1i web: tranthi.vn \u0111\u1ec3 bi\u1ebft th\u00eam chi ti\u1ebft\" \/>\n<meta property=\"og:url\" content=\"https:\/\/tranthi.vn\/quangnam\/da-granit-mat-bep-hoi-an-tam-ky-quang-nam\/\" \/>\n<meta property=\"og:site_name\" content=\"V\u1eadt Li\u1ec7u X\u00e2y D\u1ef1ng Tr\u1ea7n Th\u1ecb Chi Nh\u00e1nh Qu\u1ea3ng Nam\" \/>\n<meta property=\"article:modified_time\" content=\"2024-11-14T03:11:50+00:00\" \/>\n<meta property=\"og:image\" content=\"https:\/\/tranthi.vn\/quangnam\/wp-content\/uploads\/2024\/07\/da-granit-mat-bep-tam-ky-hoi-an-quang-nam.png\" \/>\n<meta name=\"twitter:card\" content=\"summary_large_image\" \/>\n<meta name=\"twitter:label1\" content=\"Gi\u00e1\" \/>\n\t<meta name=\"twitter:data1\" content=\"\" \/>\n\t<meta name=\"twitter:label2\" content=\"Kh\u1ea3 d\u1ee5ng\" \/>\n\t<meta name=\"twitter:data2\" content=\"Trong kho\" \/>\n<script type=\"application\/ld+json\" class=\"yoast-schema-graph\">{\"@context\":\"https:\/\/schema.org\",\"@graph\":[{\"@type\":[\"WebPage\",\"ItemPage\"],\"@id\":\"https:\/\/tranthi.vn\/quangnam\/da-granit-mat-bep-hoi-an-tam-ky-quang-nam\/\",\"url\":\"https:\/\/tranthi.vn\/quangnam\/da-granit-mat-bep-hoi-an-tam-ky-quang-nam\/\",\"name\":\"Gi\u00e1 \u0110\u00e1 Granit M\u1eb7t B\u1ebfp t\u1ea1i Qu\u1ea3ng Nam-0947.335.871-Tr\u1ea7n Th\u1ecb\",\"isPartOf\":{\"@id\":\"https:\/\/tranthi.vn\/quangnam\/#website\"},\"primaryImageOfPage\":{\"@id\":\"https:\/\/tranthi.vn\/quangnam\/da-granit-mat-bep-hoi-an-tam-ky-quang-nam\/#primaryimage\"},\"image\":{\"@id\":\"https:\/\/tranthi.vn\/quangnam\/da-granit-mat-bep-hoi-an-tam-ky-quang-nam\/#primaryimage\"},\"thumbnailUrl\":\"https:\/\/tranthi.vn\/quangnam\/wp-content\/uploads\/2024\/07\/da-granit-mat-bep-tam-ky-hoi-an-quang-nam.png\",\"datePublished\":\"2024-07-19T03:33:54+00:00\",\"dateModified\":\"2024-11-14T03:11:50+00:00\",\"description\":\"Gi\u00e1 \u0110\u00e1 Granit M\u1eb7t B\u1ebfp t\u1ea1i Qu\u1ea3ng Nam-0947.335.871 Tr\u1ea7n th\u1ecb. Cung c\u1ea5p h\u00e0ng ho\u00e1 uy t\u00edn ch\u1ea5t l\u01b0\u1ee3ng tham kh\u1ea3o t\u1ea1i web: tranthi.vn \u0111\u1ec3 bi\u1ebft th\u00eam chi ti\u1ebft\",\"breadcrumb\":{\"@id\":\"https:\/\/tranthi.vn\/quangnam\/da-granit-mat-bep-hoi-an-tam-ky-quang-nam\/#breadcrumb\"},\"inLanguage\":\"vi\",\"potentialAction\":[{\"@type\":\"ReadAction\",\"target\":[\"https:\/\/tranthi.vn\/quangnam\/da-granit-mat-bep-hoi-an-tam-ky-quang-nam\/\"]}]},{\"@type\":\"ImageObject\",\"inLanguage\":\"vi\",\"@id\":\"https:\/\/tranthi.vn\/quangnam\/da-granit-mat-bep-hoi-an-tam-ky-quang-nam\/#primaryimage\",\"url\":\"https:\/\/tranthi.vn\/quangnam\/wp-content\/uploads\/2024\/07\/da-granit-mat-bep-tam-ky-hoi-an-quang-nam.png\",\"contentUrl\":\"https:\/\/tranthi.vn\/quangnam\/wp-content\/uploads\/2024\/07\/da-granit-mat-bep-tam-ky-hoi-an-quang-nam.png\",\"width\":266,\"height\":190,\"caption\":\"\u0111\u00e1 granit m\u1eb7t b\u1ebfp tam k\u1ef3- h\u1ed9i an- qu\u1ea3ng nam\"},{\"@type\":\"BreadcrumbList\",\"@id\":\"https:\/\/tranthi.vn\/quangnam\/da-granit-mat-bep-hoi-an-tam-ky-quang-nam\/#breadcrumb\",\"itemListElement\":[{\"@type\":\"ListItem\",\"position\":1,\"name\":\"Trang ch\u1ee7\",\"item\":\"https:\/\/tranthi.vn\/quangnam\/\"},{\"@type\":\"ListItem\",\"position\":2,\"name\":\"Shop\",\"item\":\"https:\/\/tranthi.vn\/quangnam\/shop\/\"},{\"@type\":\"ListItem\",\"position\":3,\"name\":\"\u0110\u00e1 Granit M\u1eb7t B\u1ebfp \u0110\u00e0 N\u1eb5ng\"}]},{\"@type\":\"WebSite\",\"@id\":\"https:\/\/tranthi.vn\/quangnam\/#website\",\"url\":\"https:\/\/tranthi.vn\/quangnam\/\",\"name\":\"V\u1eadt Li\u1ec7u X\u00e2y D\u1ef1ng Tr\u1ea7n Th\u1ecb Chi Nh\u00e1nh Qu\u1ea3ng Nam\",\"description\":\"V\u1eadt Li\u1ec7u X\u00e2y D\u1ef1ng - Qu\u1ea3ng Nam\",\"potentialAction\":[{\"@type\":\"SearchAction\",\"target\":{\"@type\":\"EntryPoint\",\"urlTemplate\":\"https:\/\/tranthi.vn\/quangnam\/?s={search_term_string}\"},\"query-input\":\"required name=search_term_string\"}],\"inLanguage\":\"vi\"},{\"@type\":\"ImageObject\",\"inLanguage\":\"vi\",\"@id\":\"https:\/\/tranthi.vn\/quangnam\/da-granit-mat-bep-hoi-an-tam-ky-quang-nam\/#local-main-organization-logo\",\"url\":\"\",\"contentUrl\":\"\",\"caption\":\"V\u1eadt Li\u1ec7u X\u00e2y D\u1ef1ng Tr\u1ea7n Th\u1ecb Chi Nh\u00e1nh Qu\u1ea3ng Nam\"}]}<\/script>\n<meta property=\"product:price:amount\" content=\"0\" \/>\n<meta property=\"product:price:currency\" content=\"VND\" \/>\n<meta property=\"og:availability\" content=\"instock\" \/>\n<meta property=\"product:availability\" content=\"instock\" \/>\n<meta property=\"product:condition\" content=\"new\" \/>\n<!-- \/ Yoast SEO Premium plugin. -->","yoast_head_json":{"title":"Gi\u00e1 \u0110\u00e1 Granit M\u1eb7t B\u1ebfp t\u1ea1i Qu\u1ea3ng Nam-0947.335.871-Tr\u1ea7n Th\u1ecb","description":"Gi\u00e1 \u0110\u00e1 Granit M\u1eb7t B\u1ebfp t\u1ea1i Qu\u1ea3ng Nam-0947.335.871 Tr\u1ea7n th\u1ecb. Cung c\u1ea5p h\u00e0ng ho\u00e1 uy t\u00edn ch\u1ea5t l\u01b0\u1ee3ng tham kh\u1ea3o t\u1ea1i web: tranthi.vn \u0111\u1ec3 bi\u1ebft th\u00eam chi ti\u1ebft","robots":{"index":"index","follow":"follow","max-snippet":"max-snippet:-1","max-image-preview":"max-image-preview:large","max-video-preview":"max-video-preview:-1"},"canonical":"https:\/\/tranthi.vn\/quangnam\/da-granit-mat-bep-hoi-an-tam-ky-quang-nam\/","og_locale":"vi_VN","og_type":"article","og_title":"\u0110\u00e1 Granit M\u1eb7t B\u1ebfp \u0110\u00e0 N\u1eb5ng","og_description":"Gi\u00e1 \u0110\u00e1 Granit M\u1eb7t B\u1ebfp t\u1ea1i Qu\u1ea3ng Nam-0947.335.871 Tr\u1ea7n th\u1ecb. Cung c\u1ea5p h\u00e0ng ho\u00e1 uy t\u00edn ch\u1ea5t l\u01b0\u1ee3ng tham kh\u1ea3o t\u1ea1i web: tranthi.vn \u0111\u1ec3 bi\u1ebft th\u00eam chi ti\u1ebft","og_url":"https:\/\/tranthi.vn\/quangnam\/da-granit-mat-bep-hoi-an-tam-ky-quang-nam\/","og_site_name":"V\u1eadt Li\u1ec7u X\u00e2y D\u1ef1ng Tr\u1ea7n Th\u1ecb Chi Nh\u00e1nh Qu\u1ea3ng Nam","article_modified_time":"2024-11-14T03:11:50+00:00","og_image":[{"url":"https:\/\/tranthi.vn\/quangnam\/wp-content\/uploads\/2024\/07\/da-granit-mat-bep-tam-ky-hoi-an-quang-nam.png"}],"twitter_card":"summary_large_image","twitter_misc":{"Gi\u00e1":"","Kh\u1ea3 d\u1ee5ng":"Trong kho"},"schema":{"@context":"https:\/\/schema.org","@graph":[{"@type":["WebPage","ItemPage"],"@id":"https:\/\/tranthi.vn\/quangnam\/da-granit-mat-bep-hoi-an-tam-ky-quang-nam\/","url":"https:\/\/tranthi.vn\/quangnam\/da-granit-mat-bep-hoi-an-tam-ky-quang-nam\/","name":"Gi\u00e1 \u0110\u00e1 Granit M\u1eb7t B\u1ebfp t\u1ea1i Qu\u1ea3ng Nam-0947.335.871-Tr\u1ea7n Th\u1ecb","isPartOf":{"@id":"https:\/\/tranthi.vn\/quangnam\/#website"},"primaryImageOfPage":{"@id":"https:\/\/tranthi.vn\/quangnam\/da-granit-mat-bep-hoi-an-tam-ky-quang-nam\/#primaryimage"},"image":{"@id":"https:\/\/tranthi.vn\/quangnam\/da-granit-mat-bep-hoi-an-tam-ky-quang-nam\/#primaryimage"},"thumbnailUrl":"https:\/\/tranthi.vn\/quangnam\/wp-content\/uploads\/2024\/07\/da-granit-mat-bep-tam-ky-hoi-an-quang-nam.png","datePublished":"2024-07-19T03:33:54+00:00","dateModified":"2024-11-14T03:11:50+00:00","description":"Gi\u00e1 \u0110\u00e1 Granit M\u1eb7t B\u1ebfp t\u1ea1i Qu\u1ea3ng Nam-0947.335.871 Tr\u1ea7n th\u1ecb. Cung c\u1ea5p h\u00e0ng ho\u00e1 uy t\u00edn ch\u1ea5t l\u01b0\u1ee3ng tham kh\u1ea3o t\u1ea1i web: tranthi.vn \u0111\u1ec3 bi\u1ebft th\u00eam chi ti\u1ebft","breadcrumb":{"@id":"https:\/\/tranthi.vn\/quangnam\/da-granit-mat-bep-hoi-an-tam-ky-quang-nam\/#breadcrumb"},"inLanguage":"vi","potentialAction":[{"@type":"ReadAction","target":["https:\/\/tranthi.vn\/quangnam\/da-granit-mat-bep-hoi-an-tam-ky-quang-nam\/"]}]},{"@type":"ImageObject","inLanguage":"vi","@id":"https:\/\/tranthi.vn\/quangnam\/da-granit-mat-bep-hoi-an-tam-ky-quang-nam\/#primaryimage","url":"https:\/\/tranthi.vn\/quangnam\/wp-content\/uploads\/2024\/07\/da-granit-mat-bep-tam-ky-hoi-an-quang-nam.png","contentUrl":"https:\/\/tranthi.vn\/quangnam\/wp-content\/uploads\/2024\/07\/da-granit-mat-bep-tam-ky-hoi-an-quang-nam.png","width":266,"height":190,"caption":"\u0111\u00e1 granit m\u1eb7t b\u1ebfp tam k\u1ef3- h\u1ed9i an- qu\u1ea3ng nam"},{"@type":"BreadcrumbList","@id":"https:\/\/tranthi.vn\/quangnam\/da-granit-mat-bep-hoi-an-tam-ky-quang-nam\/#breadcrumb","itemListElement":[{"@type":"ListItem","position":1,"name":"Trang ch\u1ee7","item":"https:\/\/tranthi.vn\/quangnam\/"},{"@type":"ListItem","position":2,"name":"Shop","item":"https:\/\/tranthi.vn\/quangnam\/shop\/"},{"@type":"ListItem","position":3,"name":"\u0110\u00e1 Granit M\u1eb7t B\u1ebfp \u0110\u00e0 N\u1eb5ng"}]},{"@type":"WebSite","@id":"https:\/\/tranthi.vn\/quangnam\/#website","url":"https:\/\/tranthi.vn\/quangnam\/","name":"V\u1eadt Li\u1ec7u X\u00e2y D\u1ef1ng Tr\u1ea7n Th\u1ecb Chi Nh\u00e1nh Qu\u1ea3ng Nam","description":"V\u1eadt Li\u1ec7u X\u00e2y D\u1ef1ng - Qu\u1ea3ng Nam","potentialAction":[{"@type":"SearchAction","target":{"@type":"EntryPoint","urlTemplate":"https:\/\/tranthi.vn\/quangnam\/?s={search_term_string}"},"query-input":"required name=search_term_string"}],"inLanguage":"vi"},{"@type":"ImageObject","inLanguage":"vi","@id":"https:\/\/tranthi.vn\/quangnam\/da-granit-mat-bep-hoi-an-tam-ky-quang-nam\/#local-main-organization-logo","url":"","contentUrl":"","caption":"V\u1eadt Li\u1ec7u X\u00e2y D\u1ef1ng Tr\u1ea7n Th\u1ecb Chi Nh\u00e1nh Qu\u1ea3ng Nam"}]},"product_price_currency":"VND","og_availability":"instock","product_availability":"instock","product_condition":"new"},"_links":{"self":[{"href":"https:\/\/tranthi.vn\/quangnam\/wp-json\/wp\/v2\/product\/7522","targetHints":{"allow":["GET"]}}],"collection":[{"href":"https:\/\/tranthi.vn\/quangnam\/wp-json\/wp\/v2\/product"}],"about":[{"href":"https:\/\/tranthi.vn\/quangnam\/wp-json\/wp\/v2\/types\/product"}],"replies":[{"embeddable":true,"href":"https:\/\/tranthi.vn\/quangnam\/wp-json\/wp\/v2\/comments?post=7522"}],"wp:attachment":[{"href":"https:\/\/tranthi.vn\/quangnam\/wp-json\/wp\/v2\/media?parent=7522"}],"wp:term":[{"taxonomy":"product_cat","embeddable":true,"href":"https:\/\/tranthi.vn\/quangnam\/wp-json\/wp\/v2\/product_cat?post=7522"},{"taxonomy":"product_tag","embeddable":true,"href":"https:\/\/tranthi.vn\/quangnam\/wp-json\/wp\/v2\/product_tag?post=7522"}],"curies":[{"name":"wp","href":"https:\/\/api.w.org\/{rel}","templated":true}]}}