{"id":3729,"date":"2022-02-23T14:42:49","date_gmt":"2022-02-23T07:42:49","guid":{"rendered":"https:\/\/tranthi.vn\/quangnam\/?post_type=product&#038;p=3729"},"modified":"2024-11-15T09:01:50","modified_gmt":"2024-11-15T02:01:50","slug":"voi-lavabo-lanh-gia-re-hoi-an-tam-ky-quang-nam","status":"publish","type":"product","link":"https:\/\/tranthi.vn\/quangnam\/voi-lavabo-lanh-gia-re-hoi-an-tam-ky-quang-nam\/","title":{"rendered":"V\u00f2i Lavabo L\u1ea1nh CA 616 (30cm)-TL"},"content":{"rendered":"<h1 style=\"text-align: center;\"><span style=\"font-family: 'times new roman', times, serif; font-size: 130%;\">V\u00f2i Lavavo l\u1ea1nh \u1edf H\u1ed9i An-Tam K\u1ef3-Qu\u1ea3ng Nam<\/span><\/h1>\n<h1><strong><span style=\"font-family: 'times new roman', times, serif; font-size: 115%;\">Lavabo L\u1ea1nh &#8211; S\u1ef1 L\u1ef1a Ch\u1ecdn Th\u00f4ng Minh Cho Ph\u00f2ng T\u1eafm Hi\u1ec7n \u0110\u1ea1i<\/span><\/strong><\/h1>\n<h3><span style=\"font-family: 'times new roman', times, serif; font-size: 115%;\">Lavabo l\u1ea1nh \u0111ang tr\u1edf th\u00e0nh m\u1ed9t xu h\u01b0\u1edbng \u0111\u01b0\u1ee3c \u01b0a chu\u1ed9ng trong c\u00e1c thi\u1ebft k\u1ebf ph\u00f2ng t\u1eafm t\u1ea1i <a href=\"https:\/\/vi.wikipedia.org\/wiki\/Qu%E1%BA%A3ng_Nam\"><em>Qu\u1ea3ng Nam<\/em><\/a>. V\u1edbi nh\u1eefng \u01b0u \u0111i\u1ec3m v\u1ec1 t\u00ednh ti\u1ec7n d\u1ee5ng v\u00e0 th\u1ea9m m\u1ef9, lavabo l\u1ea1nh kh\u00f4ng ch\u1ec9 \u0111\u00e1p \u1ee9ng nhu c\u1ea7u s\u1eed d\u1ee5ng h\u00e0ng ng\u00e0y m\u00e0 c\u00f2n mang l\u1ea1i v\u1ebb \u0111\u1eb9p hi\u1ec7n \u0111\u1ea1i, tinh t\u1ebf cho kh\u00f4ng gian ph\u00f2ng t\u1eafm.\u00a0<\/span><\/h3>\n<figure id=\"attachment_7733\" aria-describedby=\"caption-attachment-7733\" style=\"width: 300px\" class=\"wp-caption aligncenter\"><img loading=\"lazy\" decoding=\"async\" class=\"size-full wp-image-7733\" src=\"https:\/\/tranthi.vn\/quangnam\/wp-content\/uploads\/2022\/11\/voi-lavabo-lanh-tai-tam-ky-hoi-an-quang-nam.png\" alt=\"v\u00f2i lavabo l\u1ea1nh tam k\u1ef3- h\u1ed9i an- qu\u1ea3ng nam\" width=\"300\" height=\"300\" srcset=\"https:\/\/tranthi.vn\/quangnam\/wp-content\/uploads\/2022\/11\/voi-lavabo-lanh-tai-tam-ky-hoi-an-quang-nam.png 300w, https:\/\/tranthi.vn\/quangnam\/wp-content\/uploads\/2022\/11\/voi-lavabo-lanh-tai-tam-ky-hoi-an-quang-nam-100x100.png 100w\" sizes=\"auto, (max-width: 300px) 100vw, 300px\" \/><figcaption id=\"caption-attachment-7733\" class=\"wp-caption-text\">v\u00f2i lavabo l\u1ea1nh tam k\u1ef3- h\u1ed9i an- qu\u1ea3ng nam<\/figcaption><\/figure>\n<h1><strong><span style=\"font-family: 'times new roman', times, serif; font-size: 115%;\">1. Gi\u1edbi Thi\u1ec7u V\u1ec1 Lavabo L\u1ea1nh<\/span><\/strong><\/h1>\n<h3><span style=\"font-family: 'times new roman', times, serif; font-size: 115%;\">Lavabo l\u1ea1nh l\u00e0 lo\u1ea1i ch\u1eadu r\u1eeda m\u1eb7t ch\u1ec9 s\u1eed d\u1ee5ng n\u01b0\u1edbc l\u1ea1nh, th\u01b0\u1eddng \u0111\u01b0\u1ee3c l\u1eafp \u0111\u1eb7t trong ph\u00f2ng t\u1eafm ho\u1eb7c nh\u00e0 v\u1ec7 sinh. V\u1edbi thi\u1ebft k\u1ebf \u0111a d\u1ea1ng v\u1ec1 ki\u1ec3u d\u00e1ng v\u00e0 ch\u1ea5t li\u1ec7u, lavabo l\u1ea1nh kh\u00f4ng ch\u1ec9 ph\u1ee5c v\u1ee5 nhu c\u1ea7u r\u1eeda m\u1eb7t, r\u1eeda tay m\u00e0 c\u00f2n g\u00f3p ph\u1ea7n t\u1ea1o n\u00ean v\u1ebb \u0111\u1eb9p v\u00e0 s\u1ef1 sang tr\u1ecdng cho kh\u00f4ng gian s\u1ed1ng.<\/span><\/h3>\n<p style=\"text-align: center;\"><iframe loading=\"lazy\" src=\"\/\/www.youtube.com\/embed\/6CTWQXEsSb8?pp=ygUSdsOyaSBsYXZhdm8gbOG6oW5o\" width=\"560\" height=\"314\" allowfullscreen=\"allowfullscreen\"><\/iframe><\/p>\n<h1><strong><span style=\"font-family: 'times new roman', times, serif; font-size: 115%;\">2. L\u1ee3i \u00cdch C\u1ee7a Lavabo L\u1ea1nh<\/span><\/strong><\/h1>\n<ul>\n<li>\n<h3><span style=\"font-family: 'times new roman', times, serif; font-size: 115%;\">Ti\u1ebft ki\u1ec7m chi ph\u00ed: Lavabo l\u1ea1nh kh\u00f4ng c\u1ea7n k\u1ebft n\u1ed1i v\u1edbi h\u1ec7 th\u1ed1ng n\u01b0\u1edbc n\u00f3ng, gi\u00fap ti\u1ebft ki\u1ec7m chi ph\u00ed l\u1eafp \u0111\u1eb7t v\u00e0 s\u1eed d\u1ee5ng. \u0110\u1eb7c bi\u1ec7t, trong nh\u1eefng th\u00e1ng h\u00e8 n\u00f3ng b\u1ee9c t\u1ea1i <a href=\"https:\/\/vi.wikipedia.org\/wiki\/Qu%E1%BA%A3ng_Nam\"><em>Qu\u1ea3ng Nam<\/em><\/a>, s\u1eed d\u1ee5ng n\u01b0\u1edbc l\u1ea1nh mang l\u1ea1i c\u1ea3m gi\u00e1c s\u1ea3ng kho\u00e1i v\u00e0 d\u1ec5 ch\u1ecbu.<\/span><\/h3>\n<\/li>\n<li>\n<h3><span style=\"font-family: 'times new roman', times, serif; font-size: 115%;\">D\u1ec5 d\u00e0ng l\u1eafp \u0111\u1eb7t: V\u1edbi c\u1ea5u tr\u00fac \u0111\u01a1n gi\u1ea3n, lavabo l\u1ea1nh d\u1ec5 d\u00e0ng l\u1eafp \u0111\u1eb7t v\u00e0 kh\u00f4ng \u0111\u00f2i h\u1ecfi c\u00e1c thi\u1ebft b\u1ecb ph\u1ee9c t\u1ea1p nh\u01b0 m\u00e1y n\u01b0\u1edbc n\u00f3ng. \u0110i\u1ec1u n\u00e0y gi\u00fap gi\u1ea3m b\u1edbt chi ph\u00ed v\u00e0 th\u1eddi gian l\u1eafp \u0111\u1eb7t.<\/span><\/h3>\n<\/li>\n<li>\n<figure id=\"attachment_7732\" aria-describedby=\"caption-attachment-7732\" style=\"width: 300px\" class=\"wp-caption aligncenter\"><img loading=\"lazy\" decoding=\"async\" class=\"size-full wp-image-7732\" src=\"https:\/\/tranthi.vn\/quangnam\/wp-content\/uploads\/2022\/11\/voi-lavabo-lanh-tam-ky-hoi-an-quang-nam.png\" alt=\"v\u00f2i lavabo l\u1ea1nh tam k\u1ef3- h\u1ed9i an- qu\u1ea3ng nam\" width=\"300\" height=\"300\" srcset=\"https:\/\/tranthi.vn\/quangnam\/wp-content\/uploads\/2022\/11\/voi-lavabo-lanh-tam-ky-hoi-an-quang-nam.png 300w, https:\/\/tranthi.vn\/quangnam\/wp-content\/uploads\/2022\/11\/voi-lavabo-lanh-tam-ky-hoi-an-quang-nam-100x100.png 100w\" sizes=\"auto, (max-width: 300px) 100vw, 300px\" \/><figcaption id=\"caption-attachment-7732\" class=\"wp-caption-text\">v\u00f2i lavabo l\u1ea1nh tam k\u1ef3- h\u1ed9i an- qu\u1ea3ng nam<\/figcaption><\/figure><\/li>\n<li>\n<h3><span style=\"font-family: 'times new roman', times, serif; font-size: 115%;\">\u0110a d\u1ea1ng m\u1eabu m\u00e3: Lavabo l\u1ea1nh c\u00f3 nhi\u1ec1u ki\u1ec3u d\u00e1ng v\u00e0 ch\u1ea5t li\u1ec7u kh\u00e1c nhau, t\u1eeb s\u1ee9 tr\u1eafng truy\u1ec1n th\u1ed1ng \u0111\u1ebfn nh\u1eefng thi\u1ebft k\u1ebf hi\u1ec7n \u0111\u1ea1i b\u1eb1ng \u0111\u00e1 ho\u1eb7c kim lo\u1ea1i. \u0110i\u1ec1u n\u00e0y gi\u00fap b\u1ea1n d\u1ec5 d\u00e0ng l\u1ef1a ch\u1ecdn s\u1ea3n ph\u1ea9m ph\u00f9 h\u1ee3p v\u1edbi phong c\u00e1ch v\u00e0 kh\u00f4ng gian ph\u00f2ng t\u1eafm c\u1ee7a m\u00ecnh.<\/span><\/h3>\n<\/li>\n<li>\n<h3><span style=\"font-family: 'times new roman', times, serif; font-size: 115%;\">D\u1ec5 d\u00e0ng v\u1ec7 sinh: Lavabo l\u1ea1nh th\u01b0\u1eddng \u0111\u01b0\u1ee3c l\u00e0m t\u1eeb c\u00e1c ch\u1ea5t li\u1ec7u nh\u01b0 s\u1ee9, \u0111\u00e1, ho\u1eb7c k\u00ednh c\u01b0\u1eddng l\u1ef1c, d\u1ec5 d\u00e0ng lau ch\u00f9i v\u00e0 gi\u1eef g\u00ecn v\u1ec7 sinh. B\u1ec1 m\u1eb7t nh\u1eb5n m\u1ecbn gi\u00fap ng\u0103n ng\u1eeba s\u1ef1 t\u00edch t\u1ee5 c\u1ee7a b\u1ee5i b\u1ea9n v\u00e0 vi khu\u1ea9n, \u0111\u1ea3m b\u1ea3o kh\u00f4ng gian lu\u00f4n s\u1ea1ch s\u1ebd.<\/span><\/h3>\n<\/li>\n<\/ul>\n<p style=\"text-align: center;\"><iframe loading=\"lazy\" src=\"\/\/www.youtube.com\/embed\/MYKuF5c8JFc?pp=ygUSdsOyaSBsYXZhdm8gbOG6oW5o\" width=\"560\" height=\"314\" allowfullscreen=\"allowfullscreen\"><\/iframe><\/p>\n<h1><strong><span style=\"font-family: 'times new roman', times, serif; font-size: 115%;\">3. L\u00fd Do N\u00ean Ch\u1ecdn Lavabo L\u1ea1nh\u00a0<\/span><\/strong><\/h1>\n<ul>\n<li>\n<h3><span style=\"font-family: 'times new roman', times, serif; font-size: 115%;\">Kh\u00ed h\u1eadu \u0111\u1eb7c th\u00f9: <a href=\"https:\/\/vi.wikipedia.org\/wiki\/Qu%E1%BA%A3ng_Nam\"><em>Qu\u1ea3ng Nam<\/em> <\/a>c\u00f3 kh\u00ed h\u1eadu nhi\u1ec7t \u0111\u1edbi gi\u00f3 m\u00f9a, v\u1edbi m\u00f9a h\u00e8 n\u00f3ng \u1ea9m v\u00e0 m\u00f9a \u0111\u00f4ng kh\u00f4ng qu\u00e1 l\u1ea1nh. Do \u0111\u00f3, vi\u1ec7c s\u1eed d\u1ee5ng lavabo l\u1ea1nh l\u00e0 ho\u00e0n to\u00e0n h\u1ee3p l\u00fd v\u00e0 mang l\u1ea1i s\u1ef1 tho\u1ea3i m\u00e1i cho ng\u01b0\u1eddi s\u1eed d\u1ee5ng.<\/span><\/h3>\n<\/li>\n<li>\n<h3><span style=\"font-family: 'times new roman', times, serif; font-size: 115%;\">Th\u1ecb tr\u01b0\u1eddng \u0111a d\u1ea1ng: C\u00f3 nhi\u1ec1u c\u1eeda h\u00e0ng v\u00e0 showroom cung c\u1ea5p lavabo l\u1ea1nh v\u1edbi \u0111a d\u1ea1ng m\u1eabu m\u00e3 v\u00e0 ch\u1ea5t li\u1ec7u. B\u1ea1n c\u00f3 th\u1ec3 d\u1ec5 d\u00e0ng t\u00ecm ki\u1ebfm s\u1ea3n ph\u1ea9m ph\u00f9 h\u1ee3p v\u1edbi nhu c\u1ea7u v\u00e0 phong c\u00e1ch thi\u1ebft k\u1ebf c\u1ee7a m\u00ecnh.<\/span><\/h3>\n<\/li>\n<li>\n<h3><span style=\"font-family: 'times new roman', times, serif; font-size: 115%;\">D\u1ecbch v\u1ee5 h\u1ed7 tr\u1ee3 ch\u1ea5t l\u01b0\u1ee3ng: C\u00e1c nh\u00e0 cung c\u1ea5p lavabo l\u1ea1nh t\u1ea1i \u0111\u00e2y th\u01b0\u1eddng cung c\u1ea5p d\u1ecbch v\u1ee5 t\u01b0 v\u1ea5n, l\u1eafp \u0111\u1eb7t v\u00e0 b\u1ea3o tr\u00ec chuy\u00ean nghi\u1ec7p, gi\u00fap b\u1ea1n y\u00ean t\u00e2m v\u1ec1 ch\u1ea5t l\u01b0\u1ee3ng v\u00e0 hi\u1ec7u qu\u1ea3 s\u1eed d\u1ee5ng s\u1ea3n ph\u1ea9m.<\/span><\/h3>\n<\/li>\n<\/ul>\n<blockquote class=\"tiktok-embed\" cite=\"https:\/\/www.tiktok.com\/@tranthi.danang\/video\/7436207412320767250\" data-video-id=\"7436207412320767250\" data-embed-from=\"oembed\" style=\"max-width:605px; min-width:325px;\">\n<section> <a target=\"_blank\" title=\"@tranthi.danang\" href=\"https:\/\/www.tiktok.com\/@tranthi.danang?refer=embed\">@tranthi.danang<\/a> <\/p>\n<p>v\u00f2i \u0111\u1ed3ng n\u00f3ng l\u1ea1nh <a title=\"tranthi\" target=\"_blank\" href=\"https:\/\/www.tiktok.com\/tag\/tranthi?refer=embed\">#tranthi<\/a>   thi\u00eat_b\u1ecb_nh\u00e0_v\u1ec7_sinh <a title=\"thietbivesinh\" target=\"_blank\" href=\"https:\/\/www.tiktok.com\/tag\/thietbivesinh?refer=embed\">#thietbivesinh<\/a><\/p>\n<p> <a target=\"_blank\" title=\"\u266c nh\u1ea1c n\u1ec1n - Tr\u1ea7n Th\u1ecb \u0110\u00e0 N\u1eb5ng - Tr\u1ea7n Th\u1ecb \u0110\u00e0 N\u1eb5ng\" href=\"https:\/\/www.tiktok.com\/music\/nh\u1ea1c-n\u1ec1n-Tr\u1ea7n-Th\u1ecb-\u0110\u00e0-N\u1eb5ng-7436207438560660225?refer=embed\">\u266c nh\u1ea1c n\u1ec1n &#8211; Tr\u1ea7n Th\u1ecb \u0110\u00e0 N\u1eb5ng &#8211; Tr\u1ea7n Th\u1ecb \u0110\u00e0 N\u1eb5ng<\/a> <\/section>\n<\/blockquote>\n<p> <script async src=\"https:\/\/www.tiktok.com\/embed.js\"><\/script><\/p>\n<p>&nbsp;<\/p>\n","protected":false},"excerpt":{"rendered":"<p><span style=\"font-family: 'times new roman', times, serif; font-size: 130%; color: #000000;\"><strong>V\u00f2i\u00a0 Lavabo L\u1ea1nh Inox 304 CA-616<\/strong><\/span><\/p>\n<p><span style=\"font-family: 'times new roman', times, serif; font-size: 130%; color: #000000;\"><img decoding=\"async\" class=\"emoji\" draggable=\"false\" src=\"https:\/\/s.w.org\/images\/core\/emoji\/12.0.0-1\/svg\/1f61b.svg\" alt=\"\ud83d\ude1b\" \/>\u00a0\u0110\u01a1n v\u1ecb t\u00ednh: C\u00e1i<\/span><\/p>\n<p><span style=\"font-family: 'times new roman', times, serif; font-size: 130%; color: #000000;\"><img decoding=\"async\" class=\"emoji\" draggable=\"false\" src=\"https:\/\/s.w.org\/images\/core\/emoji\/12.0.0-1\/svg\/1f61b.svg\" alt=\"\ud83d\ude1b\" \/>\u00a0\u0110\u01a1n gi\u00e1:\u00a0 V\u00f2i cao 30cm- <span style=\"color: #ff0000;\"><strong>gi\u00e1<em>\u00a0<\/em>400.000\u0111\/C\u00e1i<\/strong><\/span><\/span><\/p>\n<p><span style=\"font-family: 'times new roman', times, serif; font-size: 130%;\"><span style=\"color: #000000;\"><img decoding=\"async\" class=\"emoji\" draggable=\"false\" src=\"https:\/\/s.w.org\/images\/core\/emoji\/12.0.0-1\/svg\/1f61b.svg\" alt=\"\ud83d\ude1b\" \/><\/span>Gi\u00e1 ch\u01b0a bao g\u1ed3m d\u00e2y c\u1ea5p (40.000\u0111\/d\u00e2y )<\/span><\/p>\n<p><span style=\"font-family: 'times new roman', times, serif; font-size: 130%;\"><em><span style=\"color: #3366ff;\"><img decoding=\"async\" class=\"emoji\" draggable=\"false\" src=\"https:\/\/s.w.org\/images\/core\/emoji\/12.0.0-1\/svg\/1f61b.svg\" alt=\"\ud83d\ude1b\" \/> Giao h\u00e0ng trong \u0111\u1ecba b\u00e0n <a href=\"https:\/\/vi.wikipedia.org\/wiki\/Qu%E1%BA%A3ng_Nam\">Qu\u1ea3ng Nam<\/a><\/span><\/em><\/span><\/p>\n","protected":false},"featured_media":5303,"comment_status":"closed","ping_status":"closed","template":"","meta":[],"product_cat":[179,186,247],"product_tag":[468],"class_list":{"0":"post-3729","1":"product","2":"type-product","3":"status-publish","4":"has-post-thumbnail","6":"product_cat-thiet-bi-ve-sinh-da-nang","7":"product_cat-sen-voi","8":"product_cat-sen-voi-lanh","9":"product_tag-gia-voi-lavavo-lanh-o-da-nang","11":"first","12":"instock","13":"sale","14":"shipping-taxable","15":"purchasable","16":"product-type-simple"},"yoast_head":"<!-- This site is optimized with the Yoast SEO Premium plugin v22.3 (Yoast SEO v22.8) - https:\/\/yoast.com\/wordpress\/plugins\/seo\/ -->\n<title>V\u00f2i lavabo l\u1ea1nh t\u1ea1i Qu\u1ea3ng Nam-0947.335.871<\/title>\n<meta name=\"description\" content=\"Tr\u1ea7n Th\u1ecb chuy\u00ean cung c\u1ea5p v\u00f2i lavabo l\u1ea1nh inox 304 gi\u00e1 r\u1ebb t\u1ea1i Qu\u1ea3ng Nam, v\u1edbi nh\u1eefng m\u1eabu v\u00f2i lavabo chi ph\u00ed th\u1ea5p ti\u1ec7n l\u1ee3i v\u00e0 b\u1ec1n \u0111\u1eb9p\" \/>\n<meta name=\"robots\" content=\"index, follow, max-snippet:-1, max-image-preview:large, max-video-preview:-1\" \/>\n<link rel=\"canonical\" href=\"https:\/\/tranthi.vn\/quangnam\/voi-lavabo-lanh-gia-re-hoi-an-tam-ky-quang-nam\/\" \/>\n<meta property=\"og:locale\" content=\"vi_VN\" \/>\n<meta property=\"og:type\" content=\"article\" \/>\n<meta property=\"og:title\" content=\"V\u00f2i Lavabo L\u1ea1nh CA 616 (30cm)-TL\" \/>\n<meta property=\"og:description\" content=\"Tr\u1ea7n Th\u1ecb chuy\u00ean cung c\u1ea5p v\u00f2i lavabo l\u1ea1nh inox 304 gi\u00e1 r\u1ebb t\u1ea1i Qu\u1ea3ng Nam, v\u1edbi nh\u1eefng m\u1eabu v\u00f2i lavabo chi ph\u00ed th\u1ea5p ti\u1ec7n l\u1ee3i v\u00e0 b\u1ec1n \u0111\u1eb9p\" \/>\n<meta property=\"og:url\" content=\"https:\/\/tranthi.vn\/quangnam\/voi-lavabo-lanh-gia-re-hoi-an-tam-ky-quang-nam\/\" \/>\n<meta property=\"og:site_name\" content=\"V\u1eadt Li\u1ec7u X\u00e2y D\u1ef1ng Tr\u1ea7n Th\u1ecb Chi Nh\u00e1nh Qu\u1ea3ng Nam\" \/>\n<meta property=\"article:modified_time\" content=\"2024-11-15T02:01:50+00:00\" \/>\n<meta property=\"og:image\" content=\"https:\/\/tranthi.vn\/quangnam\/wp-content\/uploads\/2022\/02\/voi-lavabo-lanh-inox304_da-nang.jpg\" \/>\n\t<meta property=\"og:image:width\" content=\"400\" \/>\n\t<meta property=\"og:image:height\" content=\"350\" \/>\n\t<meta property=\"og:image:type\" content=\"image\/jpeg\" \/>\n<meta name=\"twitter:card\" content=\"summary_large_image\" \/>\n<meta name=\"twitter:label1\" content=\"Gi\u00e1\" \/>\n\t<meta name=\"twitter:data1\" content=\"325,000&nbsp;&#8363;\" \/>\n\t<meta name=\"twitter:label2\" content=\"Kh\u1ea3 d\u1ee5ng\" \/>\n\t<meta name=\"twitter:data2\" content=\"Trong kho\" \/>\n<script type=\"application\/ld+json\" class=\"yoast-schema-graph\">{\"@context\":\"https:\/\/schema.org\",\"@graph\":[{\"@type\":[\"WebPage\",\"ItemPage\"],\"@id\":\"https:\/\/tranthi.vn\/quangnam\/voi-lavabo-lanh-gia-re-hoi-an-tam-ky-quang-nam\/\",\"url\":\"https:\/\/tranthi.vn\/quangnam\/voi-lavabo-lanh-gia-re-hoi-an-tam-ky-quang-nam\/\",\"name\":\"V\u00f2i lavabo l\u1ea1nh t\u1ea1i Qu\u1ea3ng Nam-0947.335.871\",\"isPartOf\":{\"@id\":\"https:\/\/tranthi.vn\/quangnam\/#website\"},\"primaryImageOfPage\":{\"@id\":\"https:\/\/tranthi.vn\/quangnam\/voi-lavabo-lanh-gia-re-hoi-an-tam-ky-quang-nam\/#primaryimage\"},\"image\":{\"@id\":\"https:\/\/tranthi.vn\/quangnam\/voi-lavabo-lanh-gia-re-hoi-an-tam-ky-quang-nam\/#primaryimage\"},\"thumbnailUrl\":\"https:\/\/tranthi.vn\/quangnam\/wp-content\/uploads\/2022\/02\/voi-lavabo-lanh-inox304_da-nang.jpg\",\"datePublished\":\"2022-02-23T07:42:49+00:00\",\"dateModified\":\"2024-11-15T02:01:50+00:00\",\"description\":\"Tr\u1ea7n Th\u1ecb chuy\u00ean cung c\u1ea5p v\u00f2i lavabo l\u1ea1nh inox 304 gi\u00e1 r\u1ebb t\u1ea1i Qu\u1ea3ng Nam, v\u1edbi nh\u1eefng m\u1eabu v\u00f2i lavabo chi ph\u00ed th\u1ea5p ti\u1ec7n l\u1ee3i v\u00e0 b\u1ec1n \u0111\u1eb9p\",\"breadcrumb\":{\"@id\":\"https:\/\/tranthi.vn\/quangnam\/voi-lavabo-lanh-gia-re-hoi-an-tam-ky-quang-nam\/#breadcrumb\"},\"inLanguage\":\"vi\",\"potentialAction\":[{\"@type\":\"ReadAction\",\"target\":[\"https:\/\/tranthi.vn\/quangnam\/voi-lavabo-lanh-gia-re-hoi-an-tam-ky-quang-nam\/\"]}]},{\"@type\":\"ImageObject\",\"inLanguage\":\"vi\",\"@id\":\"https:\/\/tranthi.vn\/quangnam\/voi-lavabo-lanh-gia-re-hoi-an-tam-ky-quang-nam\/#primaryimage\",\"url\":\"https:\/\/tranthi.vn\/quangnam\/wp-content\/uploads\/2022\/02\/voi-lavabo-lanh-inox304_da-nang.jpg\",\"contentUrl\":\"https:\/\/tranthi.vn\/quangnam\/wp-content\/uploads\/2022\/02\/voi-lavabo-lanh-inox304_da-nang.jpg\",\"width\":400,\"height\":350,\"caption\":\"v\u00f2i-lavabo-l\u1ea1nh-inox304_\u0111\u00e0 n\u1eb5ng\"},{\"@type\":\"BreadcrumbList\",\"@id\":\"https:\/\/tranthi.vn\/quangnam\/voi-lavabo-lanh-gia-re-hoi-an-tam-ky-quang-nam\/#breadcrumb\",\"itemListElement\":[{\"@type\":\"ListItem\",\"position\":1,\"name\":\"Trang ch\u1ee7\",\"item\":\"https:\/\/tranthi.vn\/quangnam\/\"},{\"@type\":\"ListItem\",\"position\":2,\"name\":\"Shop\",\"item\":\"https:\/\/tranthi.vn\/quangnam\/shop\/\"},{\"@type\":\"ListItem\",\"position\":3,\"name\":\"V\u00f2i Lavabo L\u1ea1nh CA 616 (30cm)-TL\"}]},{\"@type\":\"WebSite\",\"@id\":\"https:\/\/tranthi.vn\/quangnam\/#website\",\"url\":\"https:\/\/tranthi.vn\/quangnam\/\",\"name\":\"V\u1eadt Li\u1ec7u X\u00e2y D\u1ef1ng Tr\u1ea7n Th\u1ecb Chi Nh\u00e1nh Qu\u1ea3ng Nam\",\"description\":\"V\u1eadt Li\u1ec7u X\u00e2y D\u1ef1ng - Qu\u1ea3ng Nam\",\"potentialAction\":[{\"@type\":\"SearchAction\",\"target\":{\"@type\":\"EntryPoint\",\"urlTemplate\":\"https:\/\/tranthi.vn\/quangnam\/?s={search_term_string}\"},\"query-input\":\"required name=search_term_string\"}],\"inLanguage\":\"vi\"},{\"@type\":\"ImageObject\",\"inLanguage\":\"vi\",\"@id\":\"https:\/\/tranthi.vn\/quangnam\/voi-lavabo-lanh-gia-re-hoi-an-tam-ky-quang-nam\/#local-main-organization-logo\",\"url\":\"\",\"contentUrl\":\"\",\"caption\":\"V\u1eadt Li\u1ec7u X\u00e2y D\u1ef1ng Tr\u1ea7n Th\u1ecb Chi Nh\u00e1nh Qu\u1ea3ng Nam\"}]}<\/script>\n<meta property=\"product:price:amount\" content=\"325000\" \/>\n<meta property=\"product:price:currency\" content=\"VND\" \/>\n<meta property=\"og:availability\" content=\"instock\" \/>\n<meta property=\"product:availability\" content=\"instock\" \/>\n<meta property=\"product:condition\" content=\"new\" \/>\n<!-- \/ Yoast SEO Premium plugin. -->","yoast_head_json":{"title":"V\u00f2i lavabo l\u1ea1nh t\u1ea1i Qu\u1ea3ng Nam-0947.335.871","description":"Tr\u1ea7n Th\u1ecb chuy\u00ean cung c\u1ea5p v\u00f2i lavabo l\u1ea1nh inox 304 gi\u00e1 r\u1ebb t\u1ea1i Qu\u1ea3ng Nam, v\u1edbi nh\u1eefng m\u1eabu v\u00f2i lavabo chi ph\u00ed th\u1ea5p ti\u1ec7n l\u1ee3i v\u00e0 b\u1ec1n \u0111\u1eb9p","robots":{"index":"index","follow":"follow","max-snippet":"max-snippet:-1","max-image-preview":"max-image-preview:large","max-video-preview":"max-video-preview:-1"},"canonical":"https:\/\/tranthi.vn\/quangnam\/voi-lavabo-lanh-gia-re-hoi-an-tam-ky-quang-nam\/","og_locale":"vi_VN","og_type":"article","og_title":"V\u00f2i Lavabo L\u1ea1nh CA 616 (30cm)-TL","og_description":"Tr\u1ea7n Th\u1ecb chuy\u00ean cung c\u1ea5p v\u00f2i lavabo l\u1ea1nh inox 304 gi\u00e1 r\u1ebb t\u1ea1i Qu\u1ea3ng Nam, v\u1edbi nh\u1eefng m\u1eabu v\u00f2i lavabo chi ph\u00ed th\u1ea5p ti\u1ec7n l\u1ee3i v\u00e0 b\u1ec1n \u0111\u1eb9p","og_url":"https:\/\/tranthi.vn\/quangnam\/voi-lavabo-lanh-gia-re-hoi-an-tam-ky-quang-nam\/","og_site_name":"V\u1eadt Li\u1ec7u X\u00e2y D\u1ef1ng Tr\u1ea7n Th\u1ecb Chi Nh\u00e1nh Qu\u1ea3ng Nam","article_modified_time":"2024-11-15T02:01:50+00:00","og_image":[{"width":400,"height":350,"url":"https:\/\/tranthi.vn\/quangnam\/wp-content\/uploads\/2022\/02\/voi-lavabo-lanh-inox304_da-nang.jpg","type":"image\/jpeg"}],"twitter_card":"summary_large_image","twitter_misc":{"Gi\u00e1":"325,000&nbsp;&#8363;","Kh\u1ea3 d\u1ee5ng":"Trong kho"},"schema":{"@context":"https:\/\/schema.org","@graph":[{"@type":["WebPage","ItemPage"],"@id":"https:\/\/tranthi.vn\/quangnam\/voi-lavabo-lanh-gia-re-hoi-an-tam-ky-quang-nam\/","url":"https:\/\/tranthi.vn\/quangnam\/voi-lavabo-lanh-gia-re-hoi-an-tam-ky-quang-nam\/","name":"V\u00f2i lavabo l\u1ea1nh t\u1ea1i Qu\u1ea3ng Nam-0947.335.871","isPartOf":{"@id":"https:\/\/tranthi.vn\/quangnam\/#website"},"primaryImageOfPage":{"@id":"https:\/\/tranthi.vn\/quangnam\/voi-lavabo-lanh-gia-re-hoi-an-tam-ky-quang-nam\/#primaryimage"},"image":{"@id":"https:\/\/tranthi.vn\/quangnam\/voi-lavabo-lanh-gia-re-hoi-an-tam-ky-quang-nam\/#primaryimage"},"thumbnailUrl":"https:\/\/tranthi.vn\/quangnam\/wp-content\/uploads\/2022\/02\/voi-lavabo-lanh-inox304_da-nang.jpg","datePublished":"2022-02-23T07:42:49+00:00","dateModified":"2024-11-15T02:01:50+00:00","description":"Tr\u1ea7n Th\u1ecb chuy\u00ean cung c\u1ea5p v\u00f2i lavabo l\u1ea1nh inox 304 gi\u00e1 r\u1ebb t\u1ea1i Qu\u1ea3ng Nam, v\u1edbi nh\u1eefng m\u1eabu v\u00f2i lavabo chi ph\u00ed th\u1ea5p ti\u1ec7n l\u1ee3i v\u00e0 b\u1ec1n \u0111\u1eb9p","breadcrumb":{"@id":"https:\/\/tranthi.vn\/quangnam\/voi-lavabo-lanh-gia-re-hoi-an-tam-ky-quang-nam\/#breadcrumb"},"inLanguage":"vi","potentialAction":[{"@type":"ReadAction","target":["https:\/\/tranthi.vn\/quangnam\/voi-lavabo-lanh-gia-re-hoi-an-tam-ky-quang-nam\/"]}]},{"@type":"ImageObject","inLanguage":"vi","@id":"https:\/\/tranthi.vn\/quangnam\/voi-lavabo-lanh-gia-re-hoi-an-tam-ky-quang-nam\/#primaryimage","url":"https:\/\/tranthi.vn\/quangnam\/wp-content\/uploads\/2022\/02\/voi-lavabo-lanh-inox304_da-nang.jpg","contentUrl":"https:\/\/tranthi.vn\/quangnam\/wp-content\/uploads\/2022\/02\/voi-lavabo-lanh-inox304_da-nang.jpg","width":400,"height":350,"caption":"v\u00f2i-lavabo-l\u1ea1nh-inox304_\u0111\u00e0 n\u1eb5ng"},{"@type":"BreadcrumbList","@id":"https:\/\/tranthi.vn\/quangnam\/voi-lavabo-lanh-gia-re-hoi-an-tam-ky-quang-nam\/#breadcrumb","itemListElement":[{"@type":"ListItem","position":1,"name":"Trang ch\u1ee7","item":"https:\/\/tranthi.vn\/quangnam\/"},{"@type":"ListItem","position":2,"name":"Shop","item":"https:\/\/tranthi.vn\/quangnam\/shop\/"},{"@type":"ListItem","position":3,"name":"V\u00f2i Lavabo L\u1ea1nh CA 616 (30cm)-TL"}]},{"@type":"WebSite","@id":"https:\/\/tranthi.vn\/quangnam\/#website","url":"https:\/\/tranthi.vn\/quangnam\/","name":"V\u1eadt Li\u1ec7u X\u00e2y D\u1ef1ng Tr\u1ea7n Th\u1ecb Chi Nh\u00e1nh Qu\u1ea3ng Nam","description":"V\u1eadt Li\u1ec7u X\u00e2y D\u1ef1ng - Qu\u1ea3ng Nam","potentialAction":[{"@type":"SearchAction","target":{"@type":"EntryPoint","urlTemplate":"https:\/\/tranthi.vn\/quangnam\/?s={search_term_string}"},"query-input":"required name=search_term_string"}],"inLanguage":"vi"},{"@type":"ImageObject","inLanguage":"vi","@id":"https:\/\/tranthi.vn\/quangnam\/voi-lavabo-lanh-gia-re-hoi-an-tam-ky-quang-nam\/#local-main-organization-logo","url":"","contentUrl":"","caption":"V\u1eadt Li\u1ec7u X\u00e2y D\u1ef1ng Tr\u1ea7n Th\u1ecb Chi Nh\u00e1nh Qu\u1ea3ng Nam"}]},"product_price_amount":"325000","product_price_currency":"VND","og_availability":"instock","product_availability":"instock","product_condition":"new"},"_links":{"self":[{"href":"https:\/\/tranthi.vn\/quangnam\/wp-json\/wp\/v2\/product\/3729","targetHints":{"allow":["GET"]}}],"collection":[{"href":"https:\/\/tranthi.vn\/quangnam\/wp-json\/wp\/v2\/product"}],"about":[{"href":"https:\/\/tranthi.vn\/quangnam\/wp-json\/wp\/v2\/types\/product"}],"replies":[{"embeddable":true,"href":"https:\/\/tranthi.vn\/quangnam\/wp-json\/wp\/v2\/comments?post=3729"}],"wp:featuredmedia":[{"embeddable":true,"href":"https:\/\/tranthi.vn\/quangnam\/wp-json\/wp\/v2\/media\/5303"}],"wp:attachment":[{"href":"https:\/\/tranthi.vn\/quangnam\/wp-json\/wp\/v2\/media?parent=3729"}],"wp:term":[{"taxonomy":"product_cat","embeddable":true,"href":"https:\/\/tranthi.vn\/quangnam\/wp-json\/wp\/v2\/product_cat?post=3729"},{"taxonomy":"product_tag","embeddable":true,"href":"https:\/\/tranthi.vn\/quangnam\/wp-json\/wp\/v2\/product_tag?post=3729"}],"curies":[{"name":"wp","href":"https:\/\/api.w.org\/{rel}","templated":true}]}}