{"id":3159,"date":"2021-05-15T10:04:22","date_gmt":"2021-05-15T03:04:22","guid":{"rendered":"https:\/\/tranthi.vn\/quangnam\/?post_type=product&#038;p=3159"},"modified":"2024-11-15T09:18:48","modified_gmt":"2024-11-15T02:18:48","slug":"sen-voi-dong-co-truc-gia-re-hoi-an-tam-ky-quang-nam","status":"publish","type":"product","link":"https:\/\/tranthi.vn\/quangnam\/sen-voi-dong-co-truc-gia-re-hoi-an-tam-ky-quang-nam\/","title":{"rendered":"V\u00f2i Lavabo \u0110\u1ed3ng C\u1ed5 Tr\u00fac N\/L -T\u0110P"},"content":{"rendered":"<h1 style=\"text-align: center;\"><span style=\"font-family: 'times new roman', times, serif; font-size: 140%;\">V\u00f2i lavavo \u0110\u1ed3ng H\u1ed9i An-Tam K\u1ef3-Qu\u1ea3ng Nam<\/span><\/h1>\n<h1><strong><span style=\"font-family: 'times new roman', times, serif; font-size: 130%;\">V\u00f2i Lavabo \u0110\u1ed3ng &#8211; S\u1ef1 L\u1ef1a Ch\u1ecdn Ho\u00e0n H\u1ea3o Cho Kh\u00f4ng Gian Sang Tr\u1ecdng<\/span><\/strong><\/h1>\n<h3><span style=\"font-family: 'times new roman', times, serif; font-size: 130%;\">Trong th\u1ecb tr\u01b0\u1eddng thi\u1ebft b\u1ecb v\u1ec7 sinh hi\u1ec7n \u0111\u1ea1i, v\u00f2i lavabo \u0111\u1ed3ng \u0111ang d\u1ea7n tr\u1edf th\u00e0nh m\u1ed9t trong nh\u1eefng l\u1ef1a ch\u1ecdn h\u00e0ng \u0111\u1ea7u cho c\u00e1c gia \u0111\u00ecnh v\u00e0 doanh nghi\u1ec7p t\u1ea1i<a href=\"https:\/\/vi.wikipedia.org\/wiki\/Qu%E1%BA%A3ng_Nam\"><strong><em> Qu\u1ea3ng Nam<\/em><\/strong><\/a>. V\u1edbi v\u1ebb \u0111\u1eb9p c\u1ed5 \u0111i\u1ec3n, b\u1ec1n b\u1ec9 v\u00e0 sang tr\u1ecdng, v\u00f2i lavabo \u0111\u1ed3ng kh\u00f4ng ch\u1ec9 mang l\u1ea1i s\u1ef1 ti\u1ec7n nghi trong s\u1eed d\u1ee5ng m\u00e0 c\u00f2n t\u1ea1o \u0111i\u1ec3m nh\u1ea5n th\u1ea9m m\u1ef9 cho kh\u00f4ng gian ph\u00f2ng t\u1eafm.\u00a0<\/span><\/h3>\n<figure id=\"attachment_7734\" aria-describedby=\"caption-attachment-7734\" style=\"width: 300px\" class=\"wp-caption aligncenter\"><img loading=\"lazy\" decoding=\"async\" class=\"size-full wp-image-7734\" src=\"https:\/\/tranthi.vn\/quangnam\/wp-content\/uploads\/2021\/05\/voi-lavabo-dong-tai-tam-ky-hoi-an-quang-nam.png\" alt=\"v\u00f2i lavabo \u0111\u1ed3ng t\u1ea1i tam k\u1ef3- h\u1ed9i an- qu\u1ea3ng nam\" width=\"300\" height=\"300\" srcset=\"https:\/\/tranthi.vn\/quangnam\/wp-content\/uploads\/2021\/05\/voi-lavabo-dong-tai-tam-ky-hoi-an-quang-nam.png 300w, https:\/\/tranthi.vn\/quangnam\/wp-content\/uploads\/2021\/05\/voi-lavabo-dong-tai-tam-ky-hoi-an-quang-nam-100x100.png 100w\" sizes=\"auto, (max-width: 300px) 100vw, 300px\" \/><figcaption id=\"caption-attachment-7734\" class=\"wp-caption-text\">v\u00f2i lavabo \u0111\u1ed3ng t\u1ea1i tam k\u1ef3- h\u1ed9i an- qu\u1ea3ng nam<\/figcaption><\/figure>\n<h1><strong><span style=\"font-family: 'times new roman', times, serif; font-size: 130%;\">1. V\u00f2i Lavabo \u0110\u1ed3ng L\u00e0 G\u00ec?<\/span><\/strong><\/h1>\n<h3><span style=\"font-family: 'times new roman', times, serif; font-size: 130%;\">V\u00f2i lavabo \u0111\u1ed3ng l\u00e0 lo\u1ea1i v\u00f2i \u0111\u01b0\u1ee3c l\u00e0m t\u1eeb ch\u1ea5t li\u1ec7u \u0111\u1ed3ng thau, c\u00f3 \u0111\u1ed9 b\u1ec1n cao v\u00e0 kh\u1ea3 n\u0103ng ch\u1ed1ng \u0103n m\u00f2n t\u1ed1t. \u0110\u1ed3ng thau l\u00e0 h\u1ee3p kim c\u1ee7a \u0111\u1ed3ng v\u00e0 k\u1ebdm, mang l\u1ea1i cho s\u1ea3n ph\u1ea9m m\u00e0u s\u1eafc \u1ea5m \u00e1p v\u00e0 v\u1ebb \u0111\u1eb9p sang tr\u1ecdng. V\u00f2i lavabo \u0111\u1ed3ng th\u01b0\u1eddng \u0111\u01b0\u1ee3c thi\u1ebft k\u1ebf v\u1edbi nhi\u1ec1u ki\u1ec3u d\u00e1ng v\u00e0 hoa v\u0103n kh\u00e1c nhau, ph\u00f9 h\u1ee3p v\u1edbi nhi\u1ec1u phong c\u00e1ch n\u1ed9i th\u1ea5t t\u1eeb c\u1ed5 \u0111i\u1ec3n \u0111\u1ebfn hi\u1ec7n \u0111\u1ea1i.<\/span><\/h3>\n<p style=\"text-align: center;\"><iframe loading=\"lazy\" src=\"\/\/www.youtube.com\/embed\/Mfv7CzgBN7I\" width=\"560\" height=\"314\" allowfullscreen=\"allowfullscreen\"><\/iframe><\/p>\n<h1><strong><span style=\"font-family: 'times new roman', times, serif; font-size: 130%;\">2. C\u00e1c M\u1eabu V\u00f2i Lavabo \u0110\u1ed3ng Ph\u1ed5 Bi\u1ebfn\u00a0<\/span><\/strong><\/h1>\n<h3><span style=\"font-family: 'times new roman', times, serif; font-size: 130%;\">T\u1ea1i <a href=\"https:\/\/vi.wikipedia.org\/wiki\/Qu%E1%BA%A3ng_Nam\"><em>Qu\u1ea3ng Nam<\/em><\/a>, th\u1ecb tr\u01b0\u1eddng v\u00f2i lavabo \u0111\u1ed3ng r\u1ea5t \u0111a d\u1ea1ng v\u1edbi nhi\u1ec1u m\u1eabu m\u00e3 v\u00e0 thi\u1ebft k\u1ebf kh\u00e1c nhau:<\/span><\/h3>\n<ul>\n<li>\n<h3><span style=\"font-family: 'times new roman', times, serif; font-size: 130%;\">V\u00f2i lavabo \u0111\u1ed3ng c\u1ed5 \u0111i\u1ec3n: \u0110\u01b0\u1ee3c thi\u1ebft k\u1ebf v\u1edbi c\u00e1c chi ti\u1ebft hoa v\u0103n tinh x\u1ea3o, v\u00f2i lavabo \u0111\u1ed3ng c\u1ed5 \u0111i\u1ec3n mang l\u1ea1i v\u1ebb \u0111\u1eb9p sang tr\u1ecdng v\u00e0 l\u1ecbch l\u00e3m cho ph\u00f2ng t\u1eafm. Lo\u1ea1i v\u00f2i n\u00e0y th\u01b0\u1eddng \u0111\u01b0\u1ee3c \u01b0a chu\u1ed9ng trong c\u00e1c kh\u00f4ng gian n\u1ed9i th\u1ea5t c\u1ed5 \u0111i\u1ec3n ho\u1eb7c t\u00e2n c\u1ed5 \u0111i\u1ec3n.<\/span><\/h3>\n<\/li>\n<li>\n<h3><span style=\"font-family: 'times new roman', times, serif; font-size: 130%;\">V\u00f2i lavabo \u0111\u1ed3ng hi\u1ec7n \u0111\u1ea1i: V\u1edbi thi\u1ebft k\u1ebf \u0111\u01a1n gi\u1ea3n, tinh t\u1ebf v\u00e0 t\u1ed1i gi\u1ea3n, v\u00f2i lavabo \u0111\u1ed3ng hi\u1ec7n \u0111\u1ea1i ph\u00f9 h\u1ee3p v\u1edbi c\u00e1c kh\u00f4ng gian ph\u00f2ng t\u1eafm mang phong c\u00e1ch hi\u1ec7n \u0111\u1ea1i. S\u1ea3n ph\u1ea9m n\u00e0y kh\u00f4ng ch\u1ec9 \u0111\u1eb9p m\u1eaft m\u00e0 c\u00f2n r\u1ea5t ti\u1ec7n d\u1ee5ng v\u00e0 d\u1ec5 d\u00e0ng v\u1ec7 sinh.<\/span><\/h3>\n<\/li>\n<li>\n<h3><span style=\"font-family: 'times new roman', times, serif; font-size: 130%;\">V\u00f2i lavabo \u0111\u1ed3ng g\u1eafn t\u01b0\u1eddng: Lo\u1ea1i v\u00f2i n\u00e0y \u0111\u01b0\u1ee3c l\u1eafp \u0111\u1eb7t tr\u1ef1c ti\u1ebfp tr\u00ean t\u01b0\u1eddng, gi\u00fap ti\u1ebft ki\u1ec7m kh\u00f4ng gian v\u00e0 t\u1ea1o n\u00ean v\u1ebb \u0111\u1eb9p g\u1ecdn g\u00e0ng, hi\u1ec7n \u0111\u1ea1i cho ph\u00f2ng t\u1eafm.<\/span><\/h3>\n<\/li>\n<li>\n<h3><span style=\"font-family: 'times new roman', times, serif; font-size: 130%;\">V\u00f2i lavabo \u0111\u1ed3ng \u0111\u1eb7t b\u00e0n: V\u00f2i lavabo \u0111\u1ed3ng \u0111\u1eb7t b\u00e0n th\u01b0\u1eddng c\u00f3 thi\u1ebft k\u1ebf \u0111a d\u1ea1ng v\u1ec1 ki\u1ec3u d\u00e1ng v\u00e0 chi\u1ec1u cao, mang l\u1ea1i s\u1ef1 ti\u1ec7n l\u1ee3i khi s\u1eed d\u1ee5ng v\u00e0 t\u0103ng t\u00ednh th\u1ea9m m\u1ef9 cho kh\u00f4ng gian ph\u00f2ng t\u1eafm.<\/span><\/h3>\n<\/li>\n<\/ul>\n<p style=\"text-align: center;\"><iframe loading=\"lazy\" src=\"\/\/www.youtube.com\/embed\/chwosfaIHxY\" width=\"560\" height=\"314\" allowfullscreen=\"allowfullscreen\"><\/iframe><\/p>\n<h1><strong><span style=\"font-family: 'times new roman', times, serif; font-size: 130%;\">3. \u01afu \u0110i\u1ec3m C\u1ee7a V\u00f2i Lavabo \u0110\u1ed3ng<\/span><\/strong><\/h1>\n<ul>\n<li>\n<h3><span style=\"font-family: 'times new roman', times, serif; font-size: 130%;\">\u0110\u1ed9 b\u1ec1n cao: \u0110\u1ed3ng thau c\u00f3 kh\u1ea3 n\u0103ng ch\u1ed1ng \u0103n m\u00f2n v\u00e0 oxi h\u00f3a t\u1ed1t, gi\u00fap s\u1ea3n ph\u1ea9m b\u1ec1n b\u1ec9 v\u1edbi th\u1eddi gian v\u00e0 kh\u00f4ng b\u1ecb g\u1ec9 s\u00e9t.<\/span><\/h3>\n<\/li>\n<li>\n<h3><span style=\"font-family: 'times new roman', times, serif; font-size: 130%;\">V\u1ebb \u0111\u1eb9p sang tr\u1ecdng: V\u00f2i lavabo \u0111\u1ed3ng mang l\u1ea1i v\u1ebb \u0111\u1eb9p c\u1ed5 \u0111i\u1ec3n, sang tr\u1ecdng v\u00e0 \u1ea5m \u00e1p, t\u1ea1o \u0111i\u1ec3m nh\u1ea5n th\u1ea9m m\u1ef9 cho ph\u00f2ng t\u1eafm.<\/span><\/h3>\n<\/li>\n<li>\n<h3><span style=\"font-family: 'times new roman', times, serif; font-size: 130%;\">An to\u00e0n cho s\u1ee9c kh\u1ecfe: \u0110\u1ed3ng thau l\u00e0 ch\u1ea5t li\u1ec7u an to\u00e0n, kh\u00f4ng ch\u1ee9a c\u00e1c ch\u1ea5t \u0111\u1ed9c h\u1ea1i, \u0111\u1ea3m b\u1ea3o an to\u00e0n cho s\u1ee9c kh\u1ecfe ng\u01b0\u1eddi s\u1eed d\u1ee5ng.<\/span><\/h3>\n<\/li>\n<li>\n<h3><span style=\"font-family: 'times new roman', times, serif; font-size: 130%;\">D\u1ec5 d\u00e0ng b\u1ea3o d\u01b0\u1ee1ng: V\u00f2i lavabo \u0111\u1ed3ng d\u1ec5 d\u00e0ng v\u1ec7 sinh v\u00e0 b\u1ea3o d\u01b0\u1ee1ng, gi\u00fap duy tr\u00ec v\u1ebb \u0111\u1eb9p v\u00e0 \u0111\u1ed9 b\u1ec1n c\u1ee7a s\u1ea3n ph\u1ea9m.<\/span><\/h3>\n<\/li>\n<li>\n<figure id=\"attachment_7735\" aria-describedby=\"caption-attachment-7735\" style=\"width: 300px\" class=\"wp-caption aligncenter\"><img loading=\"lazy\" decoding=\"async\" class=\"size-full wp-image-7735\" src=\"https:\/\/tranthi.vn\/quangnam\/wp-content\/uploads\/2021\/05\/voi-lavabo-dong-tai-tam-ky-hoi-an-quang-nam.jpg\" alt=\"v\u00f2i lavabo \u0111\u1ed3ng t\u1ea1i tam k\u1ef3- h\u1ed9i an- qu\u1ea3ng nam\" width=\"300\" height=\"300\" srcset=\"https:\/\/tranthi.vn\/quangnam\/wp-content\/uploads\/2021\/05\/voi-lavabo-dong-tai-tam-ky-hoi-an-quang-nam.jpg 300w, https:\/\/tranthi.vn\/quangnam\/wp-content\/uploads\/2021\/05\/voi-lavabo-dong-tai-tam-ky-hoi-an-quang-nam-100x100.jpg 100w\" sizes=\"auto, (max-width: 300px) 100vw, 300px\" \/><figcaption id=\"caption-attachment-7735\" class=\"wp-caption-text\">v\u00f2i lavabo \u0111\u1ed3ng t\u1ea1i tam k\u1ef3- h\u1ed9i an- qu\u1ea3ng nam<\/figcaption><\/figure><\/li>\n<\/ul>\n<h1><strong><span style=\"font-family: 'times new roman', times, serif; font-size: 130%;\">4. L\u00fd Do N\u00ean Ch\u1ecdn V\u00f2i Lavabo \u0110\u1ed3ng T\u1ea1i Qu\u1ea3ng Nam<\/span><\/strong><\/h1>\n<ul>\n<li>\n<h3><span style=\"font-family: 'times new roman', times, serif; font-size: 130%;\">Ngu\u1ed3n cung \u0111a d\u1ea1ng: <a href=\"https:\/\/vi.wikipedia.org\/wiki\/Qu%E1%BA%A3ng_Nam\"><em>Qu\u1ea3ng Nam<\/em><\/a> l\u00e0 trung t\u00e2m th\u01b0\u01a1ng m\u1ea1i l\u1edbn v\u1edbi nhi\u1ec1u nh\u00e0 cung c\u1ea5p v\u00f2i lavabo \u0111\u1ed3ng uy t\u00edn, \u0111\u1ea3m b\u1ea3o ch\u1ea5t l\u01b0\u1ee3ng v\u00e0 m\u1eabu m\u00e3 s\u1ea3n ph\u1ea9m.<\/span><\/h3>\n<\/li>\n<li>\n<h3><span style=\"font-family: 'times new roman', times, serif; font-size: 130%;\">Ch\u1ea5t l\u01b0\u1ee3ng \u0111\u1ea3m b\u1ea3o: C\u00e1c s\u1ea3n ph\u1ea9m v\u00f2i lavabo \u0111\u1ed3ng \u0111\u01b0\u1ee3c s\u1ea3n xu\u1ea5t v\u00e0 ki\u1ec3m \u0111\u1ecbnh k\u1ef9 l\u01b0\u1ee1ng, \u0111\u1ea3m b\u1ea3o \u0111\u1ed9 b\u1ec1n v\u00e0 t\u00ednh th\u1ea9m m\u1ef9 cao.<\/span><\/h3>\n<\/li>\n<li>\n<h3><span style=\"font-family: 'times new roman', times, serif; font-size: 130%;\">Gi\u00e1 c\u1ea3 h\u1ee3p l\u00fd: V\u1edbi s\u1ef1 c\u1ea1nh tranh gi\u1eefa c\u00e1c nh\u00e0 cung c\u1ea5p, b\u1ea1n c\u00f3 th\u1ec3 d\u1ec5 d\u00e0ng t\u00ecm th\u1ea5y m\u1eabu v\u00f2i lavabo \u0111\u1ed3ng gi\u00e1 r\u1ebb, ph\u00f9 h\u1ee3p v\u1edbi ng\u00e2n s\u00e1ch c\u1ee7a m\u00ecnh.<\/span><\/h3>\n<\/li>\n<li>\n<h3><span style=\"font-family: 'times new roman', times, serif; font-size: 130%;\">D\u1ecbch v\u1ee5 chuy\u00ean nghi\u1ec7p: C\u00e1c nh\u00e0 cung c\u1ea5p t\u1ea1i \u0111\u00e2y cung c\u1ea5p d\u1ecbch v\u1ee5 t\u01b0 v\u1ea5n, l\u1eafp \u0111\u1eb7t v\u00e0 b\u1ea3o d\u01b0\u1ee1ng chuy\u00ean nghi\u1ec7p, gi\u00fap b\u1ea1n y\u00ean t\u00e2m khi s\u1eed d\u1ee5ng s\u1ea3n ph\u1ea9m.<\/span><\/h3>\n<\/li>\n<\/ul>\n<blockquote class=\"tiktok-embed\" cite=\"https:\/\/www.tiktok.com\/@tranthi.danang\/video\/7436207412320767250\" data-video-id=\"7436207412320767250\" data-embed-from=\"oembed\" style=\"max-width:605px; min-width:325px;\">\n<section> <a target=\"_blank\" title=\"@tranthi.danang\" href=\"https:\/\/www.tiktok.com\/@tranthi.danang?refer=embed\">@tranthi.danang<\/a> <\/p>\n<p>v\u00f2i \u0111\u1ed3ng n\u00f3ng l\u1ea1nh <a title=\"tranthi\" target=\"_blank\" href=\"https:\/\/www.tiktok.com\/tag\/tranthi?refer=embed\">#tranthi<\/a>   thi\u00eat_b\u1ecb_nh\u00e0_v\u1ec7_sinh <a title=\"thietbivesinh\" target=\"_blank\" href=\"https:\/\/www.tiktok.com\/tag\/thietbivesinh?refer=embed\">#thietbivesinh<\/a><\/p>\n<p> <a target=\"_blank\" title=\"\u266c nh\u1ea1c n\u1ec1n - Tr\u1ea7n Th\u1ecb \u0110\u00e0 N\u1eb5ng - Tr\u1ea7n Th\u1ecb \u0110\u00e0 N\u1eb5ng\" href=\"https:\/\/www.tiktok.com\/music\/nh\u1ea1c-n\u1ec1n-Tr\u1ea7n-Th\u1ecb-\u0110\u00e0-N\u1eb5ng-7436207438560660225?refer=embed\">\u266c nh\u1ea1c n\u1ec1n &#8211; Tr\u1ea7n Th\u1ecb \u0110\u00e0 N\u1eb5ng &#8211; Tr\u1ea7n Th\u1ecb \u0110\u00e0 N\u1eb5ng<\/a> <\/section>\n<\/blockquote>\n<p> <script async src=\"https:\/\/www.tiktok.com\/embed.js\"><\/script><\/p>\n<p>&nbsp;<\/p>\n<p>https:\/\/www.tiktok.com\/@tranthi.danang\/video\/7380631680312151304?is_from_webapp=1&#038;sender_device=pc&#038;web_id=7431826956162778644<\/p>\n<p>&nbsp;<\/p>\n","protected":false},"excerpt":{"rendered":"<p><span style=\"font-family: 'times new roman', times, serif; font-size: 130%;\"><strong>Sen V\u00f2i \u0110\u1ed3ng C\u1ed5 Tr\u00fac<\/strong><\/span><\/p>\n<p><span style=\"font-family: 'times new roman', times, serif; font-size: 130%; color: #000000;\"><img decoding=\"async\" class=\"emoji\" draggable=\"false\" src=\"https:\/\/s.w.org\/images\/core\/emoji\/12.0.0-1\/svg\/1f61b.svg\" alt=\"\ud83d\ude1b\" \/> \u0110\u01a1n gi\u00e1:<em><strong>\u00a0<\/strong><\/em><span style=\"color: #ed1c24;\"><strong>750.000\u0111\/c\u00e1i<\/strong><\/span><\/span><\/p>\n<p><span style=\"font-family: 'times new roman', times, serif; font-size: 130%;\"><span style=\"color: #000000;\"><img decoding=\"async\" class=\"emoji\" draggable=\"false\" src=\"https:\/\/s.w.org\/images\/core\/emoji\/12.0.0-1\/svg\/1f61b.svg\" alt=\"\ud83d\ude1b\" \/><\/span>Gi\u00e1 ch\u01b0a bao g\u1ed3m d\u00e2y c\u1ea5p ( 40.000\u0111\/d\u00e2y )<\/span><\/p>\n<p><span style=\"font-family: 'times new roman', times, serif; color: #000000; font-size: 130%;\"><img decoding=\"async\" class=\"emoji\" draggable=\"false\" src=\"https:\/\/s.w.org\/images\/core\/emoji\/12.0.0-1\/svg\/1f61b.svg\" alt=\"\ud83d\ude1b\" \/>\u00a0<span style=\"color: #3366ff;\"><em>Giao h\u00e0ng trong \u0111\u1ecba b\u00e0n <a href=\"https:\/\/vi.wikipedia.org\/wiki\/Qu%E1%BA%A3ng_Nam\"><b>Qu\u1ea3ng Nam<\/b><\/a><\/em><\/span><\/span><\/p>\n","protected":false},"featured_media":3172,"comment_status":"closed","ping_status":"closed","template":"","meta":[],"product_cat":[179,186,284],"product_tag":[458],"class_list":{"0":"post-3159","1":"product","2":"type-product","3":"status-publish","4":"has-post-thumbnail","6":"product_cat-thiet-bi-ve-sinh-da-nang","7":"product_cat-sen-voi","8":"product_cat-sen-voi-dong","9":"product_tag-gia-voi-lavavo-dong-o-da-nang","11":"first","12":"instock","13":"sale","14":"shipping-taxable","15":"purchasable","16":"product-type-simple"},"yoast_head":"<!-- This site is optimized with the Yoast SEO Premium plugin v22.3 (Yoast SEO v22.8) - https:\/\/yoast.com\/wordpress\/plugins\/seo\/ -->\n<title>V\u00f2i lavabo \u0111\u1ed3ng c\u1ed5 tr\u00fac n\u00f3ng l\u1ea1nh t\u1ea1i Qu\u1ea3ng Nam-0947.335.871<\/title>\n<meta name=\"description\" content=\"Tr\u1ea7n Th\u1ecb chuy\u00ean cung c\u1ea5p V\u00f2i lavabo \u0111\u1ed3ng c\u1ed5 tr\u00fac n\u00f3ng l\u1ea1nh inox 304 gi\u00e1 r\u1ebb t\u1ea1i Qu\u1ea3ng Nam, v\u1edbi nh\u1eefng m\u1eabu v\u00f2i lavabo chi ph\u00ed th\u1ea5p ti\u1ec7n l\u1ee3i v\u00e0 b\u1ec1n \u0111\u1eb9p\" \/>\n<meta name=\"robots\" content=\"index, follow, max-snippet:-1, max-image-preview:large, max-video-preview:-1\" \/>\n<link rel=\"canonical\" href=\"https:\/\/tranthi.vn\/quangnam\/sen-voi-dong-co-truc-gia-re-hoi-an-tam-ky-quang-nam\/\" \/>\n<meta property=\"og:locale\" content=\"vi_VN\" \/>\n<meta property=\"og:type\" content=\"article\" \/>\n<meta property=\"og:title\" content=\"V\u00f2i Lavabo \u0110\u1ed3ng C\u1ed5 Tr\u00fac N\/L -T\u0110P\" \/>\n<meta property=\"og:description\" content=\"Tr\u1ea7n Th\u1ecb chuy\u00ean cung c\u1ea5p V\u00f2i lavabo \u0111\u1ed3ng c\u1ed5 tr\u00fac n\u00f3ng l\u1ea1nh inox 304 gi\u00e1 r\u1ebb t\u1ea1i Qu\u1ea3ng Nam, v\u1edbi nh\u1eefng m\u1eabu v\u00f2i lavabo chi ph\u00ed th\u1ea5p ti\u1ec7n l\u1ee3i v\u00e0 b\u1ec1n \u0111\u1eb9p\" \/>\n<meta property=\"og:url\" content=\"https:\/\/tranthi.vn\/quangnam\/sen-voi-dong-co-truc-gia-re-hoi-an-tam-ky-quang-nam\/\" \/>\n<meta property=\"og:site_name\" content=\"V\u1eadt Li\u1ec7u X\u00e2y D\u1ef1ng Tr\u1ea7n Th\u1ecb Chi Nh\u00e1nh Qu\u1ea3ng Nam\" \/>\n<meta property=\"article:modified_time\" content=\"2024-11-15T02:18:48+00:00\" \/>\n<meta property=\"og:image\" content=\"https:\/\/tranthi.vn\/quangnam\/wp-content\/uploads\/2021\/05\/untitled-1_optimized-10.jpg\" \/>\n\t<meta property=\"og:image:width\" content=\"300\" \/>\n\t<meta property=\"og:image:height\" content=\"300\" \/>\n\t<meta property=\"og:image:type\" content=\"image\/jpeg\" \/>\n<meta name=\"twitter:card\" content=\"summary_large_image\" \/>\n<meta name=\"twitter:label1\" content=\"Gi\u00e1\" \/>\n\t<meta name=\"twitter:data1\" content=\"750,000&nbsp;&#8363;\" \/>\n\t<meta name=\"twitter:label2\" content=\"Kh\u1ea3 d\u1ee5ng\" \/>\n\t<meta name=\"twitter:data2\" content=\"Trong kho\" \/>\n<script type=\"application\/ld+json\" class=\"yoast-schema-graph\">{\"@context\":\"https:\/\/schema.org\",\"@graph\":[{\"@type\":[\"WebPage\",\"ItemPage\"],\"@id\":\"https:\/\/tranthi.vn\/quangnam\/sen-voi-dong-co-truc-gia-re-hoi-an-tam-ky-quang-nam\/\",\"url\":\"https:\/\/tranthi.vn\/quangnam\/sen-voi-dong-co-truc-gia-re-hoi-an-tam-ky-quang-nam\/\",\"name\":\"V\u00f2i lavabo \u0111\u1ed3ng c\u1ed5 tr\u00fac n\u00f3ng l\u1ea1nh t\u1ea1i Qu\u1ea3ng Nam-0947.335.871\",\"isPartOf\":{\"@id\":\"https:\/\/tranthi.vn\/quangnam\/#website\"},\"primaryImageOfPage\":{\"@id\":\"https:\/\/tranthi.vn\/quangnam\/sen-voi-dong-co-truc-gia-re-hoi-an-tam-ky-quang-nam\/#primaryimage\"},\"image\":{\"@id\":\"https:\/\/tranthi.vn\/quangnam\/sen-voi-dong-co-truc-gia-re-hoi-an-tam-ky-quang-nam\/#primaryimage\"},\"thumbnailUrl\":\"https:\/\/tranthi.vn\/quangnam\/wp-content\/uploads\/2021\/05\/untitled-1_optimized-10.jpg\",\"datePublished\":\"2021-05-15T03:04:22+00:00\",\"dateModified\":\"2024-11-15T02:18:48+00:00\",\"description\":\"Tr\u1ea7n Th\u1ecb chuy\u00ean cung c\u1ea5p V\u00f2i lavabo \u0111\u1ed3ng c\u1ed5 tr\u00fac n\u00f3ng l\u1ea1nh inox 304 gi\u00e1 r\u1ebb t\u1ea1i Qu\u1ea3ng Nam, v\u1edbi nh\u1eefng m\u1eabu v\u00f2i lavabo chi ph\u00ed th\u1ea5p ti\u1ec7n l\u1ee3i v\u00e0 b\u1ec1n \u0111\u1eb9p\",\"breadcrumb\":{\"@id\":\"https:\/\/tranthi.vn\/quangnam\/sen-voi-dong-co-truc-gia-re-hoi-an-tam-ky-quang-nam\/#breadcrumb\"},\"inLanguage\":\"vi\",\"potentialAction\":[{\"@type\":\"ReadAction\",\"target\":[\"https:\/\/tranthi.vn\/quangnam\/sen-voi-dong-co-truc-gia-re-hoi-an-tam-ky-quang-nam\/\"]}]},{\"@type\":\"ImageObject\",\"inLanguage\":\"vi\",\"@id\":\"https:\/\/tranthi.vn\/quangnam\/sen-voi-dong-co-truc-gia-re-hoi-an-tam-ky-quang-nam\/#primaryimage\",\"url\":\"https:\/\/tranthi.vn\/quangnam\/wp-content\/uploads\/2021\/05\/untitled-1_optimized-10.jpg\",\"contentUrl\":\"https:\/\/tranthi.vn\/quangnam\/wp-content\/uploads\/2021\/05\/untitled-1_optimized-10.jpg\",\"width\":300,\"height\":300},{\"@type\":\"BreadcrumbList\",\"@id\":\"https:\/\/tranthi.vn\/quangnam\/sen-voi-dong-co-truc-gia-re-hoi-an-tam-ky-quang-nam\/#breadcrumb\",\"itemListElement\":[{\"@type\":\"ListItem\",\"position\":1,\"name\":\"Trang ch\u1ee7\",\"item\":\"https:\/\/tranthi.vn\/quangnam\/\"},{\"@type\":\"ListItem\",\"position\":2,\"name\":\"Shop\",\"item\":\"https:\/\/tranthi.vn\/quangnam\/shop\/\"},{\"@type\":\"ListItem\",\"position\":3,\"name\":\"V\u00f2i Lavabo \u0110\u1ed3ng C\u1ed5 Tr\u00fac N\/L -T\u0110P\"}]},{\"@type\":\"WebSite\",\"@id\":\"https:\/\/tranthi.vn\/quangnam\/#website\",\"url\":\"https:\/\/tranthi.vn\/quangnam\/\",\"name\":\"V\u1eadt Li\u1ec7u X\u00e2y D\u1ef1ng Tr\u1ea7n Th\u1ecb Chi Nh\u00e1nh Qu\u1ea3ng Nam\",\"description\":\"V\u1eadt Li\u1ec7u X\u00e2y D\u1ef1ng - Qu\u1ea3ng Nam\",\"potentialAction\":[{\"@type\":\"SearchAction\",\"target\":{\"@type\":\"EntryPoint\",\"urlTemplate\":\"https:\/\/tranthi.vn\/quangnam\/?s={search_term_string}\"},\"query-input\":\"required name=search_term_string\"}],\"inLanguage\":\"vi\"},{\"@type\":\"ImageObject\",\"inLanguage\":\"vi\",\"@id\":\"https:\/\/tranthi.vn\/quangnam\/sen-voi-dong-co-truc-gia-re-hoi-an-tam-ky-quang-nam\/#local-main-organization-logo\",\"url\":\"\",\"contentUrl\":\"\",\"caption\":\"V\u1eadt Li\u1ec7u X\u00e2y D\u1ef1ng Tr\u1ea7n Th\u1ecb Chi Nh\u00e1nh Qu\u1ea3ng Nam\"}]}<\/script>\n<meta property=\"product:price:amount\" content=\"750000\" \/>\n<meta property=\"product:price:currency\" content=\"VND\" \/>\n<meta property=\"og:availability\" content=\"instock\" \/>\n<meta property=\"product:availability\" content=\"instock\" \/>\n<meta property=\"product:condition\" content=\"new\" \/>\n<!-- \/ Yoast SEO Premium plugin. -->","yoast_head_json":{"title":"V\u00f2i lavabo \u0111\u1ed3ng c\u1ed5 tr\u00fac n\u00f3ng l\u1ea1nh t\u1ea1i Qu\u1ea3ng Nam-0947.335.871","description":"Tr\u1ea7n Th\u1ecb chuy\u00ean cung c\u1ea5p V\u00f2i lavabo \u0111\u1ed3ng c\u1ed5 tr\u00fac n\u00f3ng l\u1ea1nh inox 304 gi\u00e1 r\u1ebb t\u1ea1i Qu\u1ea3ng Nam, v\u1edbi nh\u1eefng m\u1eabu v\u00f2i lavabo chi ph\u00ed th\u1ea5p ti\u1ec7n l\u1ee3i v\u00e0 b\u1ec1n \u0111\u1eb9p","robots":{"index":"index","follow":"follow","max-snippet":"max-snippet:-1","max-image-preview":"max-image-preview:large","max-video-preview":"max-video-preview:-1"},"canonical":"https:\/\/tranthi.vn\/quangnam\/sen-voi-dong-co-truc-gia-re-hoi-an-tam-ky-quang-nam\/","og_locale":"vi_VN","og_type":"article","og_title":"V\u00f2i Lavabo \u0110\u1ed3ng C\u1ed5 Tr\u00fac N\/L -T\u0110P","og_description":"Tr\u1ea7n Th\u1ecb chuy\u00ean cung c\u1ea5p V\u00f2i lavabo \u0111\u1ed3ng c\u1ed5 tr\u00fac n\u00f3ng l\u1ea1nh inox 304 gi\u00e1 r\u1ebb t\u1ea1i Qu\u1ea3ng Nam, v\u1edbi nh\u1eefng m\u1eabu v\u00f2i lavabo chi ph\u00ed th\u1ea5p ti\u1ec7n l\u1ee3i v\u00e0 b\u1ec1n \u0111\u1eb9p","og_url":"https:\/\/tranthi.vn\/quangnam\/sen-voi-dong-co-truc-gia-re-hoi-an-tam-ky-quang-nam\/","og_site_name":"V\u1eadt Li\u1ec7u X\u00e2y D\u1ef1ng Tr\u1ea7n Th\u1ecb Chi Nh\u00e1nh Qu\u1ea3ng Nam","article_modified_time":"2024-11-15T02:18:48+00:00","og_image":[{"width":300,"height":300,"url":"https:\/\/tranthi.vn\/quangnam\/wp-content\/uploads\/2021\/05\/untitled-1_optimized-10.jpg","type":"image\/jpeg"}],"twitter_card":"summary_large_image","twitter_misc":{"Gi\u00e1":"750,000&nbsp;&#8363;","Kh\u1ea3 d\u1ee5ng":"Trong kho"},"schema":{"@context":"https:\/\/schema.org","@graph":[{"@type":["WebPage","ItemPage"],"@id":"https:\/\/tranthi.vn\/quangnam\/sen-voi-dong-co-truc-gia-re-hoi-an-tam-ky-quang-nam\/","url":"https:\/\/tranthi.vn\/quangnam\/sen-voi-dong-co-truc-gia-re-hoi-an-tam-ky-quang-nam\/","name":"V\u00f2i lavabo \u0111\u1ed3ng c\u1ed5 tr\u00fac n\u00f3ng l\u1ea1nh t\u1ea1i Qu\u1ea3ng Nam-0947.335.871","isPartOf":{"@id":"https:\/\/tranthi.vn\/quangnam\/#website"},"primaryImageOfPage":{"@id":"https:\/\/tranthi.vn\/quangnam\/sen-voi-dong-co-truc-gia-re-hoi-an-tam-ky-quang-nam\/#primaryimage"},"image":{"@id":"https:\/\/tranthi.vn\/quangnam\/sen-voi-dong-co-truc-gia-re-hoi-an-tam-ky-quang-nam\/#primaryimage"},"thumbnailUrl":"https:\/\/tranthi.vn\/quangnam\/wp-content\/uploads\/2021\/05\/untitled-1_optimized-10.jpg","datePublished":"2021-05-15T03:04:22+00:00","dateModified":"2024-11-15T02:18:48+00:00","description":"Tr\u1ea7n Th\u1ecb chuy\u00ean cung c\u1ea5p V\u00f2i lavabo \u0111\u1ed3ng c\u1ed5 tr\u00fac n\u00f3ng l\u1ea1nh inox 304 gi\u00e1 r\u1ebb t\u1ea1i Qu\u1ea3ng Nam, v\u1edbi nh\u1eefng m\u1eabu v\u00f2i lavabo chi ph\u00ed th\u1ea5p ti\u1ec7n l\u1ee3i v\u00e0 b\u1ec1n \u0111\u1eb9p","breadcrumb":{"@id":"https:\/\/tranthi.vn\/quangnam\/sen-voi-dong-co-truc-gia-re-hoi-an-tam-ky-quang-nam\/#breadcrumb"},"inLanguage":"vi","potentialAction":[{"@type":"ReadAction","target":["https:\/\/tranthi.vn\/quangnam\/sen-voi-dong-co-truc-gia-re-hoi-an-tam-ky-quang-nam\/"]}]},{"@type":"ImageObject","inLanguage":"vi","@id":"https:\/\/tranthi.vn\/quangnam\/sen-voi-dong-co-truc-gia-re-hoi-an-tam-ky-quang-nam\/#primaryimage","url":"https:\/\/tranthi.vn\/quangnam\/wp-content\/uploads\/2021\/05\/untitled-1_optimized-10.jpg","contentUrl":"https:\/\/tranthi.vn\/quangnam\/wp-content\/uploads\/2021\/05\/untitled-1_optimized-10.jpg","width":300,"height":300},{"@type":"BreadcrumbList","@id":"https:\/\/tranthi.vn\/quangnam\/sen-voi-dong-co-truc-gia-re-hoi-an-tam-ky-quang-nam\/#breadcrumb","itemListElement":[{"@type":"ListItem","position":1,"name":"Trang ch\u1ee7","item":"https:\/\/tranthi.vn\/quangnam\/"},{"@type":"ListItem","position":2,"name":"Shop","item":"https:\/\/tranthi.vn\/quangnam\/shop\/"},{"@type":"ListItem","position":3,"name":"V\u00f2i Lavabo \u0110\u1ed3ng C\u1ed5 Tr\u00fac N\/L -T\u0110P"}]},{"@type":"WebSite","@id":"https:\/\/tranthi.vn\/quangnam\/#website","url":"https:\/\/tranthi.vn\/quangnam\/","name":"V\u1eadt Li\u1ec7u X\u00e2y D\u1ef1ng Tr\u1ea7n Th\u1ecb Chi Nh\u00e1nh Qu\u1ea3ng Nam","description":"V\u1eadt Li\u1ec7u X\u00e2y D\u1ef1ng - Qu\u1ea3ng Nam","potentialAction":[{"@type":"SearchAction","target":{"@type":"EntryPoint","urlTemplate":"https:\/\/tranthi.vn\/quangnam\/?s={search_term_string}"},"query-input":"required name=search_term_string"}],"inLanguage":"vi"},{"@type":"ImageObject","inLanguage":"vi","@id":"https:\/\/tranthi.vn\/quangnam\/sen-voi-dong-co-truc-gia-re-hoi-an-tam-ky-quang-nam\/#local-main-organization-logo","url":"","contentUrl":"","caption":"V\u1eadt Li\u1ec7u X\u00e2y D\u1ef1ng Tr\u1ea7n Th\u1ecb Chi Nh\u00e1nh Qu\u1ea3ng Nam"}]},"product_price_amount":"750000","product_price_currency":"VND","og_availability":"instock","product_availability":"instock","product_condition":"new"},"_links":{"self":[{"href":"https:\/\/tranthi.vn\/quangnam\/wp-json\/wp\/v2\/product\/3159","targetHints":{"allow":["GET"]}}],"collection":[{"href":"https:\/\/tranthi.vn\/quangnam\/wp-json\/wp\/v2\/product"}],"about":[{"href":"https:\/\/tranthi.vn\/quangnam\/wp-json\/wp\/v2\/types\/product"}],"replies":[{"embeddable":true,"href":"https:\/\/tranthi.vn\/quangnam\/wp-json\/wp\/v2\/comments?post=3159"}],"wp:featuredmedia":[{"embeddable":true,"href":"https:\/\/tranthi.vn\/quangnam\/wp-json\/wp\/v2\/media\/3172"}],"wp:attachment":[{"href":"https:\/\/tranthi.vn\/quangnam\/wp-json\/wp\/v2\/media?parent=3159"}],"wp:term":[{"taxonomy":"product_cat","embeddable":true,"href":"https:\/\/tranthi.vn\/quangnam\/wp-json\/wp\/v2\/product_cat?post=3159"},{"taxonomy":"product_tag","embeddable":true,"href":"https:\/\/tranthi.vn\/quangnam\/wp-json\/wp\/v2\/product_tag?post=3159"}],"curies":[{"name":"wp","href":"https:\/\/api.w.org\/{rel}","templated":true}]}}