{"id":3073,"date":"2021-04-16T10:45:51","date_gmt":"2021-04-16T03:45:51","guid":{"rendered":"https:\/\/tranthi.vn\/quangnam\/?post_type=product&#038;p=3073"},"modified":"2024-11-14T16:50:43","modified_gmt":"2024-11-14T09:50:43","slug":"gia-thiet-bi-ve-sinh-toto-tai-hoi-an-tam-ky-quang-nam","status":"publish","type":"product","link":"https:\/\/tranthi.vn\/quangnam\/gia-thiet-bi-ve-sinh-toto-tai-hoi-an-tam-ky-quang-nam\/","title":{"rendered":"Thi\u1ebft b\u1ecb v\u1ec7 sinh b\u1ed3n c\u1ea7u ( b\u00e0n c\u1ea7u) toto Qu\u1ea3ng Nam"},"content":{"rendered":"<h1 style=\"text-align: center;\"><span style=\"color: #ff0000;\"><strong><span style=\"font-family: 'times new roman', times, serif; font-size: 130%;\">Thi\u1ebft b\u1ecb v\u1ec7 sinh b\u1ed3n c\u1ea7u ( b\u00e0n c\u1ea7u) toto H\u1ed9i An-Tam K\u1ef3-Qu\u1ea3ng Nam<\/span><\/strong><\/span><\/h1>\n<p><span style=\"font-family: 'times new roman', times, serif; font-size: 130%; color: #000000;\">Hi\u1ec7n nay, tr\u00ean th\u1ecb tr\u01b0\u1eddng <em>Qu\u1ea3ng Nam<\/em>, <strong>thi\u1ebft b\u1ecb v\u1ec7 sinh <\/strong>mang th\u01b0\u01a1ng hi\u1ec7u <strong>toto <\/strong>l\u00e0 m\u1ed9t trong b\u1ed1n th\u01b0\u01a1ng hi\u1ec7u m\u1ea1nh t\u1ea1i th\u1ecb tr\u01b0\u1eddng <a href=\"https:\/\/vi.wikipedia.org\/wiki\/Qu%E1%BA%A3ng_Nam\">Qu\u1ea3ng Nam<\/a><\/span><\/p>\n<figure id=\"attachment_7711\" aria-describedby=\"caption-attachment-7711\" style=\"width: 300px\" class=\"wp-caption aligncenter\"><img loading=\"lazy\" decoding=\"async\" class=\"size-full wp-image-7711\" src=\"https:\/\/tranthi.vn\/quangnam\/wp-content\/uploads\/2021\/04\/bon-cau-toto-tai-tam-ky-hoi-an-quang-nam-2.png\" alt=\"b\u1ed3n c\u1ea7u toto t\u1ea1i tam k\u1ef3- h\u1ed9i an- qu\u1ea3ng nam \" width=\"300\" height=\"300\" srcset=\"https:\/\/tranthi.vn\/quangnam\/wp-content\/uploads\/2021\/04\/bon-cau-toto-tai-tam-ky-hoi-an-quang-nam-2.png 300w, https:\/\/tranthi.vn\/quangnam\/wp-content\/uploads\/2021\/04\/bon-cau-toto-tai-tam-ky-hoi-an-quang-nam-2-100x100.png 100w\" sizes=\"auto, (max-width: 300px) 100vw, 300px\" \/><figcaption id=\"caption-attachment-7711\" class=\"wp-caption-text\">b\u1ed3n c\u1ea7u toto t\u1ea1i tam k\u1ef3- h\u1ed9i an- qu\u1ea3ng nam<\/figcaption><\/figure>\n<p><span style=\"color: #000000; font-family: times new roman, times, serif;\"><span style=\"font-size: 18.72px;\">V\u1edbi nhu c\u1ea7u c\u1ea1nh tranh v\u1ec1 gi\u00e1 v\u00e0 m\u1eabu m\u00e3, nhi\u1ec1u ngu\u1ed3n h\u00e0ng gi\u1ea3 h\u00e0ng nh\u00e1i \u0111\u01b0\u1ee3c tung ra th\u1ecb tr\u01b0\u1eddng. Nh\u1eefng lo\u1ea1i h\u00e0ng gi\u1ea3 h\u00e0ng nh\u00e1i nh\u01b0ng m\u1eabu m\u00e3 c\u0169ng r\u1ea5t b\u1eaft m\u1eaft \u0111\u1eb7c bi\u1ec7t <a href=\"https:\/\/vi.wikipedia.org\/wiki\/Gi%C3%A1_c%E1%BA%A3#:~:text=Gi%C3%A1%20c%E1%BA%A3%20l%C3%A0%20bi%E1%BB%83u%20hi%E1%BB%87n,m%E1%BB%99t%20t%C3%A0i%20s%E1%BA%A3n%20n%C3%A0o%20%C4%91%C3%B3.\">gi\u00e1<\/a> th\u00e0nh th\u1ea5p \u0111\u00e1nh v\u00e0 t\u00e2m l\u00fd r\u1ebb c\u1ee7a ng\u01b0\u1eddi ti\u00eau d\u00f9ng n\u00ean n\u00f3 \u0111\u01b0\u1ee3c ti\u00eau th\u1ee5 r\u1ea5t m\u1ea1nh<\/span><\/span><\/p>\n<p style=\"text-align: center;\"><iframe loading=\"lazy\" src=\"\/\/www.youtube.com\/embed\/Uhd6RCefZt0\" width=\"560\" height=\"314\" allowfullscreen=\"allowfullscreen\"><\/iframe><\/p>\n<p>&nbsp;<\/p>\n<p><span style=\"font-family: 'times new roman', times, serif; font-size: 130%; color: #000000;\">Danh m\u1ee5c s\u1ea3n ph\u1ea9m c\u1ee7a ToTo<\/span><\/p>\n<p><span style=\"font-family: 'times new roman', times, serif; font-size: 130%; color: #000000;\">&#8211; B\u00e0n c\u1ea7u ( b\u1ed3n c\u1ea7u)<\/span><\/p>\n<p><span style=\"font-family: 'times new roman', times, serif; font-size: 130%; color: #000000;\">&#8211; Ch\u1eadu r\u1eeda<\/span><\/p>\n<p><span style=\"font-family: 'times new roman', times, serif; font-size: 130%; color: #000000;\">&#8211; Sen v\u00f2i<\/span><\/p>\n<p><span style=\"font-family: 'times new roman', times, serif; font-size: 130%; color: #000000;\">&#8211; B\u1ed3n t\u1eafm<\/span><\/p>\n<h2><strong><span style=\"font-family: 'times new roman', times, serif; font-size: 130%; color: #ff0000;\">1. Thi\u1ebft b\u1ecb v\u1ec7 sinh Toto c\u00f3 t\u1ed1t kh\u00f4ng?<\/span><\/strong><\/h2>\n<h3><span style=\"font-family: 'times new roman', times, serif; font-size: 130%; color: #000000;\">a) Xu\u1ea5t x\u1ee9<\/span><\/h3>\n<p><span style=\"font-family: 'times new roman', times, serif; font-size: 130%; color: #000000;\"><em><strong>Thi\u1ebft b\u1ecb v\u1ec7 sinh Toto<\/strong><\/em> c\u00f3 t\u1ed1t kh\u00f4ng? B\u1ea1n c\u1ea7n t\u00ecm hi\u1ec3u m\u1ed9t ch\u00fat v\u1ec1 ngu\u1ed3n g\u1ed1c c\u1ee7a th\u01b0\u01a1ng hi\u1ec7u. Toto ch\u00ednh l\u00e0 th\u01b0\u01a1ng hi\u1ec7u c\u1ee7a Nh\u1eadt B\u1ea3n, c\u00f3 ngu\u1ed3n g\u1ed1c, xu\u1ea5t x\u1ee9 t\u1eeb x\u1ee9 s\u1edf hoa anh \u0111\u00e0o.<\/span><\/p>\n<p><span style=\"font-family: 'times new roman', times, serif; font-size: 130%; color: #000000;\">Thi\u1ebft b\u1ecb v\u1ec7 sinh c\u1ee7a th\u01b0\u01a1ng hi\u1ec7u n\u00e0y \u0111\u00e3 s\u1edbm n\u1ed5i ti\u1ebfng tr\u00ean to\u00e0n th\u1ebf gi\u1edbi. V\u00e0 t\u1eeb n\u0103m 2004, th\u01b0\u01a1ng hi\u1ec7u thi\u1ebft b\u1ecb v\u1ec7 sinh Toto \u0111\u00e3 c\u00f3 nh\u00e0 m\u00e1y s\u1ea3n xu\u1ea5t t\u1ea1i Vi\u1ec7t Nam. \u0110\u00e1p \u1ee9ng t\u1ed1t nhu c\u1ea7u ti\u00eau d\u00f9ng c\u1ee7a m\u1ecdi gia \u0111\u00ecnh Vi\u1ec7t.<br \/>\n<\/span><\/p>\n<figure id=\"attachment_7712\" aria-describedby=\"caption-attachment-7712\" style=\"width: 300px\" class=\"wp-caption aligncenter\"><img loading=\"lazy\" decoding=\"async\" class=\"wp-image-7712 size-full\" src=\"https:\/\/tranthi.vn\/quangnam\/wp-content\/uploads\/2021\/04\/bon-cau-toto-tai-tam-ky-hoi-an-quang-nam.png\" alt=\"b\u1ed3n c\u1ea7u toto t\u1ea1i tam k\u1ef3- h\u1ed9i an- qu\u1ea3ng nam \" width=\"300\" height=\"300\" srcset=\"https:\/\/tranthi.vn\/quangnam\/wp-content\/uploads\/2021\/04\/bon-cau-toto-tai-tam-ky-hoi-an-quang-nam.png 300w, https:\/\/tranthi.vn\/quangnam\/wp-content\/uploads\/2021\/04\/bon-cau-toto-tai-tam-ky-hoi-an-quang-nam-100x100.png 100w\" sizes=\"auto, (max-width: 300px) 100vw, 300px\" \/><figcaption id=\"caption-attachment-7712\" class=\"wp-caption-text\">b\u1ed3n c\u1ea7u toto t\u1ea1i tam k\u1ef3- h\u1ed9i an- qu\u1ea3ng nam<\/figcaption><\/figure>\n<p><span style=\"font-family: 'times new roman', times, serif; font-size: 130%; color: #000000;\">\u00a0<\/span><\/p>\n<h3><span style=\"font-family: 'times new roman', times, serif; font-size: 130%; color: #000000;\">b) Ch\u1ea5t l\u01b0\u1ee3ng s\u1ea3n ph\u1ea9m<\/span><\/h3>\n<p><span style=\"font-family: 'times new roman', times, serif; font-size: 130%; color: #000000;\">C\u00f3 th\u1ec3 kh\u1eb3ng \u0111\u1ecbnh ngay, t\u1ea1i th\u1ecb tr\u01b0\u1eddng trong n\u01b0\u1edbc kh\u00f4ng m\u1ed9t th\u01b0\u01a1ng hi\u1ec7u<em> thi\u1ebft b\u1ecb v\u1ec7 sinh<\/em> cao c\u1ea5p n\u00e0o c\u00f3 ch\u1ea5t l\u01b0\u1ee3ng \u201cv\u01b0\u1ee3t m\u1eb7t\u201d \u0111\u01b0\u1ee3c Toto. B\u1edfi kh\u00f4ng ch\u1ec9 c\u00f3 ti\u1ebfng t\u0103m t\u1ea1i n\u1ed9i \u0111\u1ecba m\u00e0 ngay c\u1ea3 tr\u00ean th\u1ebf gi\u1edbi Toto c\u0169ng \u0111\u00e3 kh\u1eb3ng \u0111\u1ecbnh \u0111\u01b0\u1ee3c v\u1ecb th\u1ebf c\u1ee7a m\u00ecnh t\u1eeb l\u00e2u.<\/span><\/p>\n<p><span style=\"font-family: 'times new roman', times, serif; font-size: 130%; color: #000000;\">Kh\u00f4ng ph\u1ea3i ng\u1eabu nhi\u00ean <strong><em>Toto<\/em><\/strong> \u0111\u01b0\u1ee3c ng\u01b0\u1eddi d\u00e2n th\u1ebf gi\u1edbi tin t\u01b0\u1edfng nh\u01b0 v\u1eady. B\u00ean c\u1ea1nh ki\u1ec3u d\u00e1ng sang tr\u1ecdng, tinh t\u1ebf tr\u00ean t\u1eebng \u0111\u01b0\u1eddng n\u00e9t th\u00ec ch\u1ea5t l\u01b0\u1ee3ng, \u0111\u1ed9 b\u1ec1n ch\u00ednh l\u00e0 \u0111i\u1ec3m c\u1ed9ng tuy\u1ec7t \u0111\u1ed1i cho c\u00e1c thi\u1ebft b\u1ecb v\u1ec7 sinh Toto<\/span><\/p>\n<p><img loading=\"lazy\" decoding=\"async\" class=\"alignnone size-full wp-image-3080 aligncenter\" src=\"https:\/\/tranthi.vn\/quangnam\/wp-content\/uploads\/2021\/04\/unnamed_optimized-1.jpg\" alt=\"gia-thiet-bi-ve-sinh-toto-tai-da-nang\" width=\"512\" height=\"266\" \/><\/p>\n<p><span style=\"font-family: 'times new roman', times, serif; font-size: 130%; color: #000000;\">Lu\u00f4n lu\u00f4n \u0111\u1ea7u t\u01b0 nh\u1eefng nguy\u00ean li\u1ec7u t\u1ed1t nh\u1ea5t v\u00e0 nghi\u00ean c\u1ee9u v\u1edbi nh\u1eefng c\u00f4ng ngh\u1ec7 ti\u00ean ti\u1ebfn nh\u1ea5t. Khi s\u1ea3n xu\u1ea5t c\u00e1c thi\u1ebft b\u1ecb v\u1ec7 sinh c\u1ee7a m\u00ecnh. Toto th\u1ef1c s\u1ef1 mang \u0111\u1ebfn nh\u1eefng thi\u1ebft b\u1ecb v\u1ec7 sinh tuy\u1ec7t v\u1eddi nh\u1ea5t cho ng\u01b0\u1eddi d\u00f9ng.<\/span><\/p>\n<p><span style=\"font-family: 'times new roman', times, serif; font-size: 130%;\">Kh\u00f4ng ch\u1ec9 c\u00f3 ch\u1ea5t l\u01b0\u1ee3ng ph\u1ee5c v\u1ee5 nhu c\u1ea7u s\u1ee9c kh\u1ecfe, c\u00e1c thi\u1ebft b\u1ecb v\u1ec7 sinh TOTO \u0111\u1ec1u \u0111\u01b0\u1ee3c \u0111\u00e1nh gi\u00e1 l\u00e0 n\u1ed5i b\u1eadt v\u1ec1 s\u1ef1 \u0111a d\u1ea1ng v\u00e0 t\u00ednh th\u1ea9m m\u1ef9. \u0110\u01b0\u1ee3c thi\u1ebft k\u1ebf theo nh\u1eefng concept nh\u1ea5t \u0111\u1ecbnh, c\u00f3 th\u1ec3 k\u1ebft h\u1ee3p h\u00e0i h\u00f2a v\u1edbi m\u1ecdi kh\u00f4ng gian trong nh\u00e0.<\/span><\/p>\n<blockquote class=\"tiktok-embed\" cite=\"https:\/\/www.tiktok.com\/@kinhnghiemxaydungnhao\/video\/7430242267358579989\" data-video-id=\"7430242267358579989\" data-embed-from=\"oembed\" style=\"max-width:605px; min-width:325px;\">\n<section> <a target=\"_blank\" title=\"@kinhnghiemxaydungnhao\" href=\"https:\/\/www.tiktok.com\/@kinhnghiemxaydungnhao?refer=embed\">@kinhnghiemxaydungnhao<\/a> <\/p>\n<p>cumg c\u1ea5p thi\u1ebft b\u1ecb v\u1ec7 sinh &#8211; nh\u00e0 b\u1ebfp gi\u00e1 t\u1eadn kho  <a title=\"danang\" target=\"_blank\" href=\"https:\/\/www.tiktok.com\/tag\/danang?refer=embed\">#danang<\/a> <a title=\"boncau\" target=\"_blank\" href=\"https:\/\/www.tiktok.com\/tag\/boncau?refer=embed\">#boncau<\/a> <a title=\"chauruachen\" target=\"_blank\" href=\"https:\/\/www.tiktok.com\/tag\/chauruachen?refer=embed\">#chauruachen<\/a><\/p>\n<p> <a target=\"_blank\" title=\"\u266c nh\u1ea1c n\u1ec1n - Tranthi.vn - Tranthi.vn\" href=\"https:\/\/www.tiktok.com\/music\/nh\u1ea1c-n\u1ec1n-Tranthivn-7430242357867596560?refer=embed\">\u266c nh\u1ea1c n\u1ec1n &#8211; Tranthi.vn &#8211; Tranthi.vn<\/a> <\/section>\n<\/blockquote>\n<p> <script async src=\"https:\/\/www.tiktok.com\/embed.js\"><\/script><\/p>\n<p>&nbsp;<\/p>\n<h2><strong><span style=\"font-family: 'times new roman', times, serif; font-size: 130%; color: #ff0000;\">2. Danh s\u00e1ch chi nh\u00e1nh Toto<\/span><\/strong><\/h2>\n<p><span style=\"font-family: 'times new roman', times, serif; font-size: 130%; color: #000000;\">C\u00d4NG TY TNHH TOTO VI\u1ec6T NAM<\/span><\/p>\n<p><span style=\"font-family: 'times new roman', times, serif; font-size: 130%; color: #000000;\">L\u00f4 F1, KCN Th\u0103ng Long, \u0110\u00f4ng Anh, H\u00e0 N\u1ed9i, Vi\u1ec7t Nam<\/span><\/p>\n<p><span style=\"font-family: 'times new roman', times, serif; font-size: 130%; color: #000000;\">\u0110T: (84-24) 38811926 Ext.:101<\/span><\/p>\n<p><span style=\"font-family: 'times new roman', times, serif; font-size: 130%; color: #000000;\">Fax: (84-24) 38811928<\/span><\/p>\n<p>&nbsp;<\/p>\n<p><span style=\"font-family: 'times new roman', times, serif; font-size: 130%; color: #000000;\">NH\u00c0 M\u00c1Y S\u1ea2N XU\u1ea4T T\u1ea0I H\u01afNG Y\u00caN<\/span><\/p>\n<p><span style=\"font-family: 'times new roman', times, serif; font-size: 130%; color: #000000;\">L\u00f4 M7, M8, N3 v\u00e0 RE8, KCN Th\u0103ng Long II, Ph\u01b0\u1eddng Ph\u00f9ng Ch\u00ed Ki\u00ean, Th\u1ecb X\u00e3 M\u1ef9 H\u00e0o, H\u01b0ng Y\u00ean<\/span><\/p>\n<p><span style=\"font-family: 'times new roman', times, serif; font-size: 130%; color: #000000;\">\u0110T: (84-221) 3974683<\/span><\/p>\n<p><span style=\"font-family: 'times new roman', times, serif; font-size: 130%; color: #000000;\">Fax: (84-221) 3974684<\/span><\/p>\n<p>&nbsp;<\/p>\n<p><span style=\"font-family: 'times new roman', times, serif; font-size: 130%; color: #000000;\">CHI NH\u00c1NH GIAO D\u1ecaCH T\u1ea0I H\u00c0 N\u1ed8I<\/span><\/p>\n<p><span style=\"font-family: 'times new roman', times, serif; font-size: 130%; color: #000000;\">T\u1ea7ng 2, Th\u00e1p 2, t\u00f2a nh\u00e0 Capital Place, 29 Li\u1ec5u Giai, ph\u01b0\u1eddng Ng\u1ecdc Kh\u00e1nh, Qu\u1eadn Ba \u0110\u00ecnh, H\u00e0 N\u1ed9i<\/span><\/p>\n<p><span style=\"font-family: 'times new roman', times, serif; font-size: 130%; color: #000000;\">\u0110T: (84-24) 37714354<\/span><\/p>\n<p><span style=\"font-family: 'times new roman', times, serif; font-size: 130%; color: #000000;\">Fax: (84-24) 37714355<\/span><\/p>\n<p>&nbsp;<\/p>\n<p><span style=\"font-family: 'times new roman', times, serif; font-size: 130%; color: #000000;\">CHI NH\u00c1NH GIAO D\u1ecaCH T\u1ea0I \u0110\u00c0 N\u1eb4NG<\/span><\/p>\n<p><span style=\"font-family: 'times new roman', times, serif; font-size: 130%; color: #000000;\">T\u1ea7ng 10, T\u00f2a nh\u00e0 ACB, 218 B\u1ea1ch \u0110\u1eb1ng, Qu\u1eadn H\u1ea3i Ch\u00e2u, TP. \u0110\u00e0 N\u1eb5ng<\/span><\/p>\n<p><span style=\"font-family: 'times new roman', times, serif; font-size: 130%; color: #000000;\">\u0110T: (84-236) 3565261<\/span><\/p>\n<p><span style=\"font-family: 'times new roman', times, serif; font-size: 130%; color: #000000;\">Fax: (84-236) 3565262<\/span><\/p>\n<p>&nbsp;<\/p>\n<p><span style=\"font-family: 'times new roman', times, serif; font-size: 130%; color: #000000;\">CHI NH\u00c1NH H\u1ed2 CH\u00cd MINH &amp; SHOWROOM TOTO HCM<\/span><\/p>\n<p><span style=\"font-family: 'times new roman', times, serif; font-size: 130%; color: #000000;\">T\u00f2a nh\u00e0 1A, 1A Ph\u1ea1m Ng\u1ecdc Th\u1ea1ch, P.B\u1ebfn Ngh\u00e9, Q.1, TP. H\u1ed3 Ch\u00ed Minh<\/span><\/p>\n<p><span style=\"font-family: 'times new roman', times, serif; font-size: 130%; color: #000000;\">\u0110T: (84-28) 38229520<\/span><\/p>\n<p><span style=\"font-family: 'times new roman', times, serif; font-size: 130%; color: #000000;\">Fax: (84-28) 38229522<\/span><\/p>\n","protected":false},"excerpt":{"rendered":"<p>Thi\u1ebft b\u1ecb v\u1ec7 sinh b\u1ed3n c\u1ea7u ( b\u00e0n c\u1ea7u) toto H\u1ed9i An-Tam K\u1ef3-Qu\u1ea3ng Nam Hi\u1ec7n nay, tr\u00ean th\u1ecb tr\u01b0\u1eddng Qu\u1ea3ng Nam, thi\u1ebft b\u1ecb v\u1ec7 sinh mang th\u01b0\u01a1ng hi\u1ec7u toto l\u00e0 m\u1ed9t trong b\u1ed1n th\u01b0\u01a1ng hi\u1ec7u m\u1ea1nh t\u1ea1i th\u1ecb tr\u01b0\u1eddng Qu\u1ea3ng Nam V\u1edbi nhu c\u1ea7u c\u1ea1nh tranh v\u1ec1 gi\u00e1 v\u00e0 m\u1eabu m\u00e3, nhi\u1ec1u ngu\u1ed3n h\u00e0ng gi\u1ea3 [&#8230;]\n","protected":false},"featured_media":3081,"comment_status":"closed","ping_status":"closed","template":"","meta":[],"product_cat":[15],"product_tag":[],"class_list":{"0":"post-3073","1":"product","2":"type-product","3":"status-publish","4":"has-post-thumbnail","6":"product_cat-chua-phan-loai","8":"first","9":"instock","10":"shipping-taxable","11":"product-type-simple"},"yoast_head":"<!-- This site is optimized with the Yoast SEO Premium plugin v22.3 (Yoast SEO v22.8) - https:\/\/yoast.com\/wordpress\/plugins\/seo\/ -->\n<title>Gi\u00e1 thi\u1ebft b\u1ecb v\u1ec7 sinh toto t\u1ea1i Qu\u1ea3ng Nam-0947.335.871<\/title>\n<meta name=\"description\" content=\"Tr\u1ea7n Th\u1ecb-chuy\u00ean cung c\u1ea5p thi\u1ebft b\u1ecb v\u1ec7 sinh, b\u1ed3n c\u1ea7u toto t\u1ea1i Qu\u1ea3ng Nam, cung c\u1ea5p s\u1ea3n ph\u1ea9m ch\u00ednh h\u00e3ng, giao h\u00e0ng t\u1eadn n\u01a1i n\u1ed9i th\u00e0nh\" \/>\n<meta name=\"robots\" content=\"index, follow, max-snippet:-1, max-image-preview:large, max-video-preview:-1\" \/>\n<link rel=\"canonical\" href=\"https:\/\/tranthi.vn\/quangnam\/gia-thiet-bi-ve-sinh-toto-tai-hoi-an-tam-ky-quang-nam\/\" \/>\n<meta property=\"og:locale\" content=\"vi_VN\" \/>\n<meta property=\"og:type\" content=\"article\" \/>\n<meta property=\"og:title\" content=\"Thi\u1ebft b\u1ecb v\u1ec7 sinh b\u1ed3n c\u1ea7u ( b\u00e0n c\u1ea7u) toto Qu\u1ea3ng Nam\" \/>\n<meta property=\"og:description\" content=\"Tr\u1ea7n Th\u1ecb-chuy\u00ean cung c\u1ea5p thi\u1ebft b\u1ecb v\u1ec7 sinh, b\u1ed3n c\u1ea7u toto t\u1ea1i Qu\u1ea3ng Nam, cung c\u1ea5p s\u1ea3n ph\u1ea9m ch\u00ednh h\u00e3ng, giao h\u00e0ng t\u1eadn n\u01a1i n\u1ed9i th\u00e0nh\" \/>\n<meta property=\"og:url\" content=\"https:\/\/tranthi.vn\/quangnam\/gia-thiet-bi-ve-sinh-toto-tai-hoi-an-tam-ky-quang-nam\/\" \/>\n<meta property=\"og:site_name\" content=\"V\u1eadt Li\u1ec7u X\u00e2y D\u1ef1ng Tr\u1ea7n Th\u1ecb Chi Nh\u00e1nh Qu\u1ea3ng Nam\" \/>\n<meta property=\"article:modified_time\" content=\"2024-11-14T09:50:43+00:00\" \/>\n<meta property=\"og:image\" content=\"https:\/\/tranthi.vn\/quangnam\/wp-content\/uploads\/2021\/04\/bao-gia-tron-bo-thiet-bi-ve-sinh-cotto-1_optimized.jpg\" \/>\n\t<meta property=\"og:image:width\" content=\"400\" \/>\n\t<meta property=\"og:image:height\" content=\"200\" \/>\n\t<meta property=\"og:image:type\" content=\"image\/jpeg\" \/>\n<meta name=\"twitter:card\" content=\"summary_large_image\" \/>\n<meta name=\"twitter:label1\" content=\"Gi\u00e1\" \/>\n\t<meta name=\"twitter:data1\" content=\"\" \/>\n\t<meta name=\"twitter:label2\" content=\"Kh\u1ea3 d\u1ee5ng\" \/>\n\t<meta name=\"twitter:data2\" content=\"Trong kho\" \/>\n<script type=\"application\/ld+json\" class=\"yoast-schema-graph\">{\"@context\":\"https:\/\/schema.org\",\"@graph\":[{\"@type\":[\"WebPage\",\"ItemPage\"],\"@id\":\"https:\/\/tranthi.vn\/quangnam\/gia-thiet-bi-ve-sinh-toto-tai-hoi-an-tam-ky-quang-nam\/\",\"url\":\"https:\/\/tranthi.vn\/quangnam\/gia-thiet-bi-ve-sinh-toto-tai-hoi-an-tam-ky-quang-nam\/\",\"name\":\"Gi\u00e1 thi\u1ebft b\u1ecb v\u1ec7 sinh toto t\u1ea1i Qu\u1ea3ng Nam-0947.335.871\",\"isPartOf\":{\"@id\":\"https:\/\/tranthi.vn\/quangnam\/#website\"},\"primaryImageOfPage\":{\"@id\":\"https:\/\/tranthi.vn\/quangnam\/gia-thiet-bi-ve-sinh-toto-tai-hoi-an-tam-ky-quang-nam\/#primaryimage\"},\"image\":{\"@id\":\"https:\/\/tranthi.vn\/quangnam\/gia-thiet-bi-ve-sinh-toto-tai-hoi-an-tam-ky-quang-nam\/#primaryimage\"},\"thumbnailUrl\":\"https:\/\/tranthi.vn\/quangnam\/wp-content\/uploads\/2021\/04\/bao-gia-tron-bo-thiet-bi-ve-sinh-cotto-1_optimized.jpg\",\"datePublished\":\"2021-04-16T03:45:51+00:00\",\"dateModified\":\"2024-11-14T09:50:43+00:00\",\"description\":\"Tr\u1ea7n Th\u1ecb-chuy\u00ean cung c\u1ea5p thi\u1ebft b\u1ecb v\u1ec7 sinh, b\u1ed3n c\u1ea7u toto t\u1ea1i Qu\u1ea3ng Nam, cung c\u1ea5p s\u1ea3n ph\u1ea9m ch\u00ednh h\u00e3ng, giao h\u00e0ng t\u1eadn n\u01a1i n\u1ed9i th\u00e0nh\",\"breadcrumb\":{\"@id\":\"https:\/\/tranthi.vn\/quangnam\/gia-thiet-bi-ve-sinh-toto-tai-hoi-an-tam-ky-quang-nam\/#breadcrumb\"},\"inLanguage\":\"vi\",\"potentialAction\":[{\"@type\":\"ReadAction\",\"target\":[\"https:\/\/tranthi.vn\/quangnam\/gia-thiet-bi-ve-sinh-toto-tai-hoi-an-tam-ky-quang-nam\/\"]}]},{\"@type\":\"ImageObject\",\"inLanguage\":\"vi\",\"@id\":\"https:\/\/tranthi.vn\/quangnam\/gia-thiet-bi-ve-sinh-toto-tai-hoi-an-tam-ky-quang-nam\/#primaryimage\",\"url\":\"https:\/\/tranthi.vn\/quangnam\/wp-content\/uploads\/2021\/04\/bao-gia-tron-bo-thiet-bi-ve-sinh-cotto-1_optimized.jpg\",\"contentUrl\":\"https:\/\/tranthi.vn\/quangnam\/wp-content\/uploads\/2021\/04\/bao-gia-tron-bo-thiet-bi-ve-sinh-cotto-1_optimized.jpg\",\"width\":400,\"height\":200},{\"@type\":\"BreadcrumbList\",\"@id\":\"https:\/\/tranthi.vn\/quangnam\/gia-thiet-bi-ve-sinh-toto-tai-hoi-an-tam-ky-quang-nam\/#breadcrumb\",\"itemListElement\":[{\"@type\":\"ListItem\",\"position\":1,\"name\":\"Trang ch\u1ee7\",\"item\":\"https:\/\/tranthi.vn\/quangnam\/\"},{\"@type\":\"ListItem\",\"position\":2,\"name\":\"Shop\",\"item\":\"https:\/\/tranthi.vn\/quangnam\/shop\/\"},{\"@type\":\"ListItem\",\"position\":3,\"name\":\"Thi\u1ebft b\u1ecb v\u1ec7 sinh b\u1ed3n c\u1ea7u ( b\u00e0n c\u1ea7u) toto Qu\u1ea3ng Nam\"}]},{\"@type\":\"WebSite\",\"@id\":\"https:\/\/tranthi.vn\/quangnam\/#website\",\"url\":\"https:\/\/tranthi.vn\/quangnam\/\",\"name\":\"V\u1eadt Li\u1ec7u X\u00e2y D\u1ef1ng Tr\u1ea7n Th\u1ecb Chi Nh\u00e1nh Qu\u1ea3ng Nam\",\"description\":\"V\u1eadt Li\u1ec7u X\u00e2y D\u1ef1ng - Qu\u1ea3ng Nam\",\"potentialAction\":[{\"@type\":\"SearchAction\",\"target\":{\"@type\":\"EntryPoint\",\"urlTemplate\":\"https:\/\/tranthi.vn\/quangnam\/?s={search_term_string}\"},\"query-input\":\"required name=search_term_string\"}],\"inLanguage\":\"vi\"},{\"@type\":\"ImageObject\",\"inLanguage\":\"vi\",\"@id\":\"https:\/\/tranthi.vn\/quangnam\/gia-thiet-bi-ve-sinh-toto-tai-hoi-an-tam-ky-quang-nam\/#local-main-organization-logo\",\"url\":\"\",\"contentUrl\":\"\",\"caption\":\"V\u1eadt Li\u1ec7u X\u00e2y D\u1ef1ng Tr\u1ea7n Th\u1ecb Chi Nh\u00e1nh Qu\u1ea3ng Nam\"}]}<\/script>\n<meta property=\"product:price:amount\" content=\"0\" \/>\n<meta property=\"product:price:currency\" content=\"VND\" \/>\n<meta property=\"og:availability\" content=\"instock\" \/>\n<meta property=\"product:availability\" content=\"instock\" \/>\n<meta property=\"product:condition\" content=\"new\" \/>\n<!-- \/ Yoast SEO Premium plugin. -->","yoast_head_json":{"title":"Gi\u00e1 thi\u1ebft b\u1ecb v\u1ec7 sinh toto t\u1ea1i Qu\u1ea3ng Nam-0947.335.871","description":"Tr\u1ea7n Th\u1ecb-chuy\u00ean cung c\u1ea5p thi\u1ebft b\u1ecb v\u1ec7 sinh, b\u1ed3n c\u1ea7u toto t\u1ea1i Qu\u1ea3ng Nam, cung c\u1ea5p s\u1ea3n ph\u1ea9m ch\u00ednh h\u00e3ng, giao h\u00e0ng t\u1eadn n\u01a1i n\u1ed9i th\u00e0nh","robots":{"index":"index","follow":"follow","max-snippet":"max-snippet:-1","max-image-preview":"max-image-preview:large","max-video-preview":"max-video-preview:-1"},"canonical":"https:\/\/tranthi.vn\/quangnam\/gia-thiet-bi-ve-sinh-toto-tai-hoi-an-tam-ky-quang-nam\/","og_locale":"vi_VN","og_type":"article","og_title":"Thi\u1ebft b\u1ecb v\u1ec7 sinh b\u1ed3n c\u1ea7u ( b\u00e0n c\u1ea7u) toto Qu\u1ea3ng Nam","og_description":"Tr\u1ea7n Th\u1ecb-chuy\u00ean cung c\u1ea5p thi\u1ebft b\u1ecb v\u1ec7 sinh, b\u1ed3n c\u1ea7u toto t\u1ea1i Qu\u1ea3ng Nam, cung c\u1ea5p s\u1ea3n ph\u1ea9m ch\u00ednh h\u00e3ng, giao h\u00e0ng t\u1eadn n\u01a1i n\u1ed9i th\u00e0nh","og_url":"https:\/\/tranthi.vn\/quangnam\/gia-thiet-bi-ve-sinh-toto-tai-hoi-an-tam-ky-quang-nam\/","og_site_name":"V\u1eadt Li\u1ec7u X\u00e2y D\u1ef1ng Tr\u1ea7n Th\u1ecb Chi Nh\u00e1nh Qu\u1ea3ng Nam","article_modified_time":"2024-11-14T09:50:43+00:00","og_image":[{"width":400,"height":200,"url":"https:\/\/tranthi.vn\/quangnam\/wp-content\/uploads\/2021\/04\/bao-gia-tron-bo-thiet-bi-ve-sinh-cotto-1_optimized.jpg","type":"image\/jpeg"}],"twitter_card":"summary_large_image","twitter_misc":{"Gi\u00e1":"","Kh\u1ea3 d\u1ee5ng":"Trong kho"},"schema":{"@context":"https:\/\/schema.org","@graph":[{"@type":["WebPage","ItemPage"],"@id":"https:\/\/tranthi.vn\/quangnam\/gia-thiet-bi-ve-sinh-toto-tai-hoi-an-tam-ky-quang-nam\/","url":"https:\/\/tranthi.vn\/quangnam\/gia-thiet-bi-ve-sinh-toto-tai-hoi-an-tam-ky-quang-nam\/","name":"Gi\u00e1 thi\u1ebft b\u1ecb v\u1ec7 sinh toto t\u1ea1i Qu\u1ea3ng Nam-0947.335.871","isPartOf":{"@id":"https:\/\/tranthi.vn\/quangnam\/#website"},"primaryImageOfPage":{"@id":"https:\/\/tranthi.vn\/quangnam\/gia-thiet-bi-ve-sinh-toto-tai-hoi-an-tam-ky-quang-nam\/#primaryimage"},"image":{"@id":"https:\/\/tranthi.vn\/quangnam\/gia-thiet-bi-ve-sinh-toto-tai-hoi-an-tam-ky-quang-nam\/#primaryimage"},"thumbnailUrl":"https:\/\/tranthi.vn\/quangnam\/wp-content\/uploads\/2021\/04\/bao-gia-tron-bo-thiet-bi-ve-sinh-cotto-1_optimized.jpg","datePublished":"2021-04-16T03:45:51+00:00","dateModified":"2024-11-14T09:50:43+00:00","description":"Tr\u1ea7n Th\u1ecb-chuy\u00ean cung c\u1ea5p thi\u1ebft b\u1ecb v\u1ec7 sinh, b\u1ed3n c\u1ea7u toto t\u1ea1i Qu\u1ea3ng Nam, cung c\u1ea5p s\u1ea3n ph\u1ea9m ch\u00ednh h\u00e3ng, giao h\u00e0ng t\u1eadn n\u01a1i n\u1ed9i th\u00e0nh","breadcrumb":{"@id":"https:\/\/tranthi.vn\/quangnam\/gia-thiet-bi-ve-sinh-toto-tai-hoi-an-tam-ky-quang-nam\/#breadcrumb"},"inLanguage":"vi","potentialAction":[{"@type":"ReadAction","target":["https:\/\/tranthi.vn\/quangnam\/gia-thiet-bi-ve-sinh-toto-tai-hoi-an-tam-ky-quang-nam\/"]}]},{"@type":"ImageObject","inLanguage":"vi","@id":"https:\/\/tranthi.vn\/quangnam\/gia-thiet-bi-ve-sinh-toto-tai-hoi-an-tam-ky-quang-nam\/#primaryimage","url":"https:\/\/tranthi.vn\/quangnam\/wp-content\/uploads\/2021\/04\/bao-gia-tron-bo-thiet-bi-ve-sinh-cotto-1_optimized.jpg","contentUrl":"https:\/\/tranthi.vn\/quangnam\/wp-content\/uploads\/2021\/04\/bao-gia-tron-bo-thiet-bi-ve-sinh-cotto-1_optimized.jpg","width":400,"height":200},{"@type":"BreadcrumbList","@id":"https:\/\/tranthi.vn\/quangnam\/gia-thiet-bi-ve-sinh-toto-tai-hoi-an-tam-ky-quang-nam\/#breadcrumb","itemListElement":[{"@type":"ListItem","position":1,"name":"Trang ch\u1ee7","item":"https:\/\/tranthi.vn\/quangnam\/"},{"@type":"ListItem","position":2,"name":"Shop","item":"https:\/\/tranthi.vn\/quangnam\/shop\/"},{"@type":"ListItem","position":3,"name":"Thi\u1ebft b\u1ecb v\u1ec7 sinh b\u1ed3n c\u1ea7u ( b\u00e0n c\u1ea7u) toto Qu\u1ea3ng Nam"}]},{"@type":"WebSite","@id":"https:\/\/tranthi.vn\/quangnam\/#website","url":"https:\/\/tranthi.vn\/quangnam\/","name":"V\u1eadt Li\u1ec7u X\u00e2y D\u1ef1ng Tr\u1ea7n Th\u1ecb Chi Nh\u00e1nh Qu\u1ea3ng Nam","description":"V\u1eadt Li\u1ec7u X\u00e2y D\u1ef1ng - Qu\u1ea3ng Nam","potentialAction":[{"@type":"SearchAction","target":{"@type":"EntryPoint","urlTemplate":"https:\/\/tranthi.vn\/quangnam\/?s={search_term_string}"},"query-input":"required name=search_term_string"}],"inLanguage":"vi"},{"@type":"ImageObject","inLanguage":"vi","@id":"https:\/\/tranthi.vn\/quangnam\/gia-thiet-bi-ve-sinh-toto-tai-hoi-an-tam-ky-quang-nam\/#local-main-organization-logo","url":"","contentUrl":"","caption":"V\u1eadt Li\u1ec7u X\u00e2y D\u1ef1ng Tr\u1ea7n Th\u1ecb Chi Nh\u00e1nh Qu\u1ea3ng Nam"}]},"product_price_currency":"VND","og_availability":"instock","product_availability":"instock","product_condition":"new"},"_links":{"self":[{"href":"https:\/\/tranthi.vn\/quangnam\/wp-json\/wp\/v2\/product\/3073","targetHints":{"allow":["GET"]}}],"collection":[{"href":"https:\/\/tranthi.vn\/quangnam\/wp-json\/wp\/v2\/product"}],"about":[{"href":"https:\/\/tranthi.vn\/quangnam\/wp-json\/wp\/v2\/types\/product"}],"replies":[{"embeddable":true,"href":"https:\/\/tranthi.vn\/quangnam\/wp-json\/wp\/v2\/comments?post=3073"}],"wp:featuredmedia":[{"embeddable":true,"href":"https:\/\/tranthi.vn\/quangnam\/wp-json\/wp\/v2\/media\/3081"}],"wp:attachment":[{"href":"https:\/\/tranthi.vn\/quangnam\/wp-json\/wp\/v2\/media?parent=3073"}],"wp:term":[{"taxonomy":"product_cat","embeddable":true,"href":"https:\/\/tranthi.vn\/quangnam\/wp-json\/wp\/v2\/product_cat?post=3073"},{"taxonomy":"product_tag","embeddable":true,"href":"https:\/\/tranthi.vn\/quangnam\/wp-json\/wp\/v2\/product_tag?post=3073"}],"curies":[{"name":"wp","href":"https:\/\/api.w.org\/{rel}","templated":true}]}}