{"id":2997,"date":"2021-04-08T11:55:04","date_gmt":"2021-04-08T04:55:04","guid":{"rendered":"https:\/\/tranthi.vn\/quangnam\/?post_type=product&#038;p=2997"},"modified":"2024-11-14T15:40:39","modified_gmt":"2024-11-14T08:40:39","slug":"gia-chong-tham-bestmix-hoi-an-tam-ky-quang-nam","status":"publish","type":"product","link":"https:\/\/tranthi.vn\/quangnam\/gia-chong-tham-bestmix-hoi-an-tam-ky-quang-nam\/","title":{"rendered":"Gi\u00e1 ch\u1ed1ng th\u1ea5m Bestmix-\u0110EN"},"content":{"rendered":"<h1 style=\"text-align: center;\"><strong><span style=\"font-family: 'times new roman', times, serif; font-size: 130%; color: #ff0000;\">Gi\u00e1 ch\u1ed1ng th\u1ea5m Bestmix t\u1ea1i H\u1ed9i An-Tam K\u1ef3-Qu\u1ea3ng Nam<\/span><\/strong><\/h1>\n<h2><span style=\"font-family: 'times new roman', times, serif; color: #ff0000;\"><strong>1. B\u1ea3ng gi\u00e1 ch\u1ed1ng th\u1ea5m Bestmix Qu\u1ea3ng Nam<\/strong><\/span><\/h2>\n<ul>\n<li><span style=\"font-family: 'times new roman', times, serif; font-size: 130%; color: #000000;\">Do <em>Ch\u1ed1ng th\u1ea5m bestmix<\/em> c\u00f3 nhi\u1ec1u d\u00f2ng s\u1ea3n ph\u1ea9m, qu\u00fd kh\u00e1ch vui l\u00f2ng g\u1ecdi s\u1ed1 : 0903.595.049 \u0111\u1ec3 b\u00e1o <em><strong>gi\u00e1<\/strong><\/em> c\u1ee5 th\u1ec3<\/span><\/li>\n<li><span style=\"font-family: 'times new roman', times, serif; font-size: 130%; color: #000000;\">M\u1ed7i d\u00f2ng s\u1ea3n ph\u1ea9m s\u1ebd t\u01b0\u01a1ng \u1ee9ng v\u1edbi m\u1ed7i h\u1ea1ng m\u1ee5c thi c\u00f4ng kh\u00e1c nhau n\u00ean qu\u00fd kh\u00e1ch li\u00ean h\u1ec7 \u0111\u1ec3 \u0111\u01b0\u1ee3c t\u01b0 v\u1ea5n s\u1ea3n ph\u1ea9m ph\u00f9 h\u1ee3p nh\u1ea5t<\/span><\/li>\n<\/ul>\n<figure id=\"attachment_7697\" aria-describedby=\"caption-attachment-7697\" style=\"width: 266px\" class=\"wp-caption aligncenter\"><img loading=\"lazy\" decoding=\"async\" class=\"size-full wp-image-7697\" src=\"https:\/\/tranthi.vn\/quangnam\/wp-content\/uploads\/2021\/04\/son-bestmix-tai-tam-ky-hoi-an-quang-nam.png\" alt=\"s\u01a1n bestmix t\u1ea1i tam k\u1ef3- h\u1ed9i an- qu\u1ea3ng nam\" width=\"266\" height=\"190\" \/><figcaption id=\"caption-attachment-7697\" class=\"wp-caption-text\"><span style=\"font-family: 'times new roman', times, serif;\">s\u01a1n bestmix t\u1ea1i tam k\u1ef3- h\u1ed9i an- qu\u1ea3ng nam<\/span><\/figcaption><\/figure>\n<h2><span style=\"font-family: 'times new roman', times, serif; font-size: 130%;\"><strong><span style=\"font-size: 75%; color: #ff0000;\">2. Ph\u00e2n lo\u1ea1i danh m\u1ee5c s\u1ea3n ph\u1ea9m <a style=\"color: #ff0000;\" href=\"http:\/\/bestmix.vn\/\"><em>Bestmix<\/em><\/a><\/span><\/strong><br \/>\n<\/span><\/h2>\n<p><span style=\"font-family: 'times new roman', times, serif; font-size: 130%; color: #000000;\">&#8211; Ph\u1ee5 gia b\u00ea t\u00f4ng v\u00e0 h\u00f3a ch\u1ea5t<\/span><\/p>\n<p><span style=\"font-size: 130%; color: #000000;\">&#8211; <span style=\"font-family: 'times new roman', times, serif;\">Sa\u0309n ph\u00e2\u0309m<strong><em> ch\u00f4\u0301ng th\u00e2\u0301m<\/em><\/strong><\/span><\/span><\/p>\n<p><span style=\"font-family: 'times new roman', times, serif; font-size: 130%; color: #000000;\">&#8211; Sa\u0309n ph\u00e2\u0309m s\u01a1n Epoxy<\/span><\/p>\n<p><span style=\"font-family: 'times new roman', times, serif; font-size: 130%; color: #000000;\">&#8211; S\u1ea3n ph\u1ea9m N\u1ec1n s\u00e0n<\/span><\/p>\n<p><span style=\"font-family: 'times new roman', times, serif; font-size: 130%; color: #000000;\">&#8211; Ch\u00e2\u0301t k\u00ea\u0301t n\u00f4\u0301i, V\u01b0\u0303a ro\u0301t, V\u01b0\u0303a s\u01b0\u0309a ch\u01b0\u0303a<\/span><\/p>\n<p><span style=\"font-family: 'times new roman', times, serif; font-size: 130%; color: #000000;\">&#8211; Sa\u0309n ph\u00e2\u0309m x\u1eed l\u00fd s\u01b0\u0309a ch\u01b0\u0303a, b\u1ea3o v\u1ec7 b\u1ec1 m\u1eb7t.<\/span><\/p>\n<p><img loading=\"lazy\" decoding=\"async\" class=\"size-full wp-image-2999 aligncenter\" src=\"https:\/\/tranthi.vn\/quangnam\/wp-content\/uploads\/2021\/04\/11.jpg\" alt=\"GI\u00c1 CH\u1ed0NG TH\u1ea4M BESTMIX \u0110\u00c0 N\u1eb4NG\" width=\"250\" height=\"250\" srcset=\"https:\/\/tranthi.vn\/quangnam\/wp-content\/uploads\/2021\/04\/11.jpg 250w, https:\/\/tranthi.vn\/quangnam\/wp-content\/uploads\/2021\/04\/11-100x100.jpg 100w\" sizes=\"auto, (max-width: 250px) 100vw, 250px\" \/><\/p>\n<h2><span style=\"font-size: 95%;\"><strong><span style=\"font-family: 'times new roman', times, serif; color: #ff0000;\">3. Danh m\u1ee5c s\u1ea3n ph\u1ea9m\u00a0<\/span><\/strong><\/span><\/h2>\n<p><span style=\"font-family: 'times new roman', times, serif; font-size: 130%; color: #000000;\"><strong>&#8211;\u00a0<\/strong>Ch\u1ed1ng th\u1ea5m\u00a0BestLatex R114<\/span><\/p>\n<p><span style=\"font-family: 'times new roman', times, serif; font-size: 130%; color: #000000;\">&#8211;\u00a0Ch\u1ed1ng th\u1ea5m BestLatex R126<\/span><\/p>\n<figure id=\"attachment_7698\" aria-describedby=\"caption-attachment-7698\" style=\"width: 250px\" class=\"wp-caption aligncenter\"><img loading=\"lazy\" decoding=\"async\" class=\"size-full wp-image-7698\" src=\"https:\/\/tranthi.vn\/quangnam\/wp-content\/uploads\/2021\/04\/chong-tham-bestmix-tai-tam-ky-hoi-an-quang-nam.jpg\" alt=\"ch\u1ed1ng th\u1ea5m bestmix t\u1ea1i tam k\u1ef3- h\u1ed9i an - qu\u1ea3ng nam\" width=\"250\" height=\"250\" srcset=\"https:\/\/tranthi.vn\/quangnam\/wp-content\/uploads\/2021\/04\/chong-tham-bestmix-tai-tam-ky-hoi-an-quang-nam.jpg 250w, https:\/\/tranthi.vn\/quangnam\/wp-content\/uploads\/2021\/04\/chong-tham-bestmix-tai-tam-ky-hoi-an-quang-nam-100x100.jpg 100w\" sizes=\"auto, (max-width: 250px) 100vw, 250px\" \/><figcaption id=\"caption-attachment-7698\" class=\"wp-caption-text\">ch\u1ed1ng th\u1ea5m bestmix t\u1ea1i tam k\u1ef3- h\u1ed9i an &#8211; qu\u1ea3ng nam<\/figcaption><\/figure>\n<p><span style=\"font-family: 'times new roman', times, serif; font-size: 130%; color: #000000;\">&#8211; Ch\u1ed1ng th\u1ea5m BestSeal PS010<\/span><\/p>\n<p><span style=\"font-family: 'times new roman', times, serif; font-size: 130%; color: #000000;\">&#8211;\u00a0 <em>Ch\u1ed1ng th\u1ea5m<\/em> BestSeal AC400<\/span><\/p>\n<p><img loading=\"lazy\" decoding=\"async\" class=\"alignnone size-full wp-image-3001 aligncenter\" src=\"https:\/\/tranthi.vn\/quangnam\/wp-content\/uploads\/2021\/04\/33.jpg\" alt=\"\" width=\"250\" height=\"250\" srcset=\"https:\/\/tranthi.vn\/quangnam\/wp-content\/uploads\/2021\/04\/33.jpg 250w, https:\/\/tranthi.vn\/quangnam\/wp-content\/uploads\/2021\/04\/33-100x100.jpg 100w\" sizes=\"auto, (max-width: 250px) 100vw, 250px\" \/><\/p>\n<p><span style=\"font-family: 'times new roman', times, serif; font-size: 130%; color: #000000;\">&#8211;\u00a0 Ch\u1ed1ng th\u1ea5m BestSeal AC400 M<\/span><\/p>\n<p><span style=\"font-family: 'times new roman', times, serif; font-size: 130%; color: #000000;\">&#8211; Ch\u1ed1ng th\u1ea5m BestSeal AC402<\/span><\/p>\n<p><span style=\"font-family: 'times new roman', times, serif; font-size: 130%; color: #000000;\">&#8211;\u00a0Ch\u1ed1ng th\u1ea5m BestSeal AC407<\/span><\/p>\n<p><span style=\"font-family: 'times new roman', times, serif; font-size: 130%; color: #000000;\">&#8211;\u00a0Ch\u1ed1ng th\u1ea5m BestSeal AC404<\/span><\/p>\n<h2><span style=\"font-size: 100%;\"><strong><span style=\"font-family: 'times new roman', times, serif; color: #ff0000;\">4. C\u00e1ch s\u1eed d\u1ee5ng <em>ch\u1ed1ng th\u1ea5m Bestmix<\/em> \u1edf m\u1ed9t s\u1ed1 h\u1ea1ng m\u1ee5c quan tr\u1ecdng<\/span><\/strong><\/span><\/h2>\n<ul>\n<li>\n<h3><strong><span style=\"font-family: 'times new roman', times, serif; font-size: 100%; color: #000000;\">Ch\u1ed1ng th\u1ea5m t\u01b0\u1eddng<\/span><\/strong><\/h3>\n<\/li>\n<\/ul>\n<p><span style=\"font-family: 'times new roman', times, serif; font-size: 130%; color: #000000;\">B\u01b0\u1edbc 1: L\u00e0m s\u1ea1ch b\u1ec1 m\u1eb7t t\u01b0\u1eddng. Lo\u1ea1i b\u1ecf b\u1ee5i b\u1ea9n, n\u1ea5m m\u1ed1c, rong r\u00eau\u2026Gi\u1eef s\u1ea1ch s\u1ebd v\u00e0 kh\u00f4 r\u00e1o<\/span><\/p>\n<p><span style=\"font-family: 'times new roman', times, serif; font-size: 130%; color: #000000;\">B\u01b0\u1edbc 2: Qu\u00e9t <em>ch\u1ed1ng th\u1ea5m<\/em> chuy\u00ean d\u1ee5ng c\u1ee7a <strong>Bestmix<\/strong> ( nh\u01b0 BestSeal AC400 ho\u1eb7c BestSeal AC408). B\u1eb1ng c\u00e1c d\u1ee5ng c\u1ee5 nh\u01b0 c\u1ecd qu\u00e9t, ru-l\u00f4 ho\u1eb7c v\u00f2i phun<\/span><\/p>\n<p><span style=\"font-family: 'times new roman', times, serif; font-size: 130%; color: #000000;\">B\u01b0\u1edbc 3: Ch\u1edd 8 \u2013 12 gi\u1edd cho l\u1edbp <em><strong>ch\u1ed1ng th\u1ea5m<\/strong><\/em> th\u1ee9 nh\u1ea5t kh\u00f4. Ti\u1ebfn h\u00e0nh ph\u1ee7 l\u1edbp th\u1ee9 2 (BestSeal AC400)\u00a0 theo chi\u1ec1u vu\u00f4ng g\u00f3c v\u1edbi l\u1edbp \u0111\u1ea7u ti\u00ean. Sau 12 \u2013 14 gi\u1edd th\u00ec c\u00f3 th\u1ec3 \u0111\u01b0a v\u00e0o s\u1eed d\u1ee5ng nh\u01b0 b\u00ecnh th\u01b0\u1eddng<\/span><\/p>\n<p style=\"text-align: center;\"><iframe loading=\"lazy\" src=\"\/\/www.youtube.com\/embed\/H0blYkJ6jhQ\" width=\"560\" height=\"314\" allowfullscreen=\"allowfullscreen\"><\/iframe><\/p>\n<ul>\n<li>\n<h3><strong><span style=\"font-family: 'times new roman', times, serif; font-size: 100%; color: #000000;\">Ch\u1ed1ng th\u1ea5m s\u00e0n m\u00e1i, s\u00e2n th\u01b0\u1ee3ng<\/span><\/strong><\/h3>\n<\/li>\n<\/ul>\n<p><span style=\"font-family: 'times new roman', times, serif; font-size: 130%; color: #000000;\">B\u01b0\u1edbc 1: X\u1eed l\u00fd b\u1ec1 m\u1eb7t b\u00ea t\u00f4ng v\u00e0 cung c\u1ea5p m\u1ed9t \u0111\u1ed9 \u1ea9m nh\u1ea5t \u0111\u1ecbnh tr\u01b0\u1edbc khi <strong>ch\u1ed1ng th\u1ea5m<\/strong><\/span><\/p>\n<p><span style=\"font-family: 'times new roman', times, serif; font-size: 130%; color: #000000;\">B\u01b0\u1edbc 2: Tr\u1ed9n \u0111\u1ec1u c\u00e1c s\u1ea3n ph\u1ea9m s\u01a1n ch\u1ed1ng th\u1ea5m Bestmix d\u00f9ng trong thi c\u00f4ng. \u0110\u1ea3m b\u1ea3o c\u00e1c th\u00e0nh ph\u1ea7n \u0111\u01b0\u1ee3c t\u00e1c d\u1ee5ng v\u1edbi nhau. Mang l\u1ea1i ch\u1ea5t l\u01b0\u1ee3ng thi c\u00f4ng t\u1ed1t nh\u1ea5t.<\/span><\/p>\n<p><span style=\"font-family: 'times new roman', times, serif; font-size: 130%; color: #000000;\">B\u01b0\u1edbc 3: Ti\u1ebfn h\u00e0nh ch\u1ed1ng th\u1ea5m 2 l\u1edbp b\u1eb1ng ru-l\u00f4, v\u00f2i phun ho\u1eb7c c\u1ecd. M\u1ed7i l\u1edbp c\u00e1ch nhau 6 \u2013 8 gi\u1edd<\/span><\/p>\n<p><img loading=\"lazy\" decoding=\"async\" class=\"size-full wp-image-3002 aligncenter\" src=\"https:\/\/tranthi.vn\/quangnam\/wp-content\/uploads\/2021\/04\/55.jpg\" alt=\"\" width=\"250\" height=\"250\" srcset=\"https:\/\/tranthi.vn\/quangnam\/wp-content\/uploads\/2021\/04\/55.jpg 250w, https:\/\/tranthi.vn\/quangnam\/wp-content\/uploads\/2021\/04\/55-100x100.jpg 100w\" sizes=\"auto, (max-width: 250px) 100vw, 250px\" \/><\/p>\n<ul>\n<li>\n<h3><strong><span style=\"font-family: 'times new roman', times, serif; font-size: 100%;\">Ch\u1ed1ng th\u1ea5m s\u00e0n nh\u00e0 v\u1ec7 sinh<\/span><\/strong><\/h3>\n<\/li>\n<\/ul>\n<p><span style=\"font-family: 'times new roman', times, serif; font-size: 130%; color: #000000;\">B\u01b0\u1edbc 1: V\u1ec7 sinh b\u1ec1 m\u1eb7t nh\u00e0 v\u1ec7 sinh. Bao g\u1ed3m rong r\u00eau, \u1ea9m m\u1ed1c, b\u1ee5i b\u1ea9n\u2026<\/span><\/p>\n<p><span style=\"font-family: 'times new roman', times, serif; font-size: 130%; color: #000000;\">B\u01b0\u1edbc 2: Ph\u1ee7 l\u1edbp ch\u1ea5t <a style=\"color: #000000;\" href=\"https:\/\/vi.wikipedia.org\/wiki\/Ch%E1%BB%91ng_th%E1%BA%A5m\">ch\u1ed1ng th\u1ea5m<\/a> <em>Bestmix<\/em> chuy\u00ean d\u1ee5ng c\u00f3 \u0111\u1ed9 \u0111\u00e0n h\u1ed3i t\u0103ng d\u1ea7n (nh\u01b0 BestSeal AC402 ho\u1eb7c BestSeal AC407). Thi c\u00f4ng b\u1eb1ng c\u00e1c d\u1ee5ng c\u1ee5 nh\u01b0 b\u00e0n ch\u00e0 th\u00e9p, v\u00f2i phun \u00e1p l\u1ef1c\u2026.<\/span><\/p>\n<p><span style=\"font-family: 'times new roman', times, serif; font-size: 130%; color: #000000;\">B\u01b0\u1edbc 3: Sau 12 \u2013 24 gi\u1edd, khi l\u1edbp<em> ch\u1ed1ng th\u1ea5m<\/em> th\u1ee9 nh\u1ea5t \u0111\u00f3ng r\u1eafn. Ti\u1ebfp t\u1ee5c ph\u1ee7 l\u1edbp th\u1ee9 2, gi\u1eef nguy\u00ean ch\u1ea5t s\u01a1n nh\u01b0 ban \u0111\u1ea7u. Ho\u00e0n thi\u1ec7n thi c\u00f4ng sau 48 gi\u1edd<\/span><\/p>\n<p><span style=\"font-family: 'times new roman', times, serif; font-size: 130%; color: #000000;\">C\u00e1c l\u01b0u \u00fd<\/span><br \/>\n<span style=\"font-family: 'times new roman', times, serif; font-size: 130%; color: #000000;\">&#8211; Giao h\u00e0ng trong n\u1ed9i th\u00e0nh H\u1ed9i An-Tam K\u1ef3-<a href=\"https:\/\/vi.wikipedia.org\/wiki\/Qu%E1%BA%A3ng_Nam\">Qu\u1ea3ng Nam<\/a><\/span><br \/>\n<span style=\"font-family: 'times new roman', times, serif; font-size: 130%; color: #000000;\">&#8211; S\u1ebd gi\u1ea3m <a style=\"color: #000000;\" href=\"https:\/\/vi.wikipedia.org\/wiki\/Gi%C3%A1\">gi\u00e1<\/a> n\u1ebfu mua s\u1ed1 l\u01b0\u1ee3ng l\u1edbn<\/span><br \/>\n<span style=\"font-family: 'times new roman', times, serif; font-size: 130%; color: #000000;\">&#8211; Giao h\u00e0ng ra ngo\u1ea1i th\u00e0nh <a href=\"https:\/\/vi.wikipedia.org\/wiki\/Qu%E1%BA%A3ng_Nam\">Qu\u1ea3ng Nam<\/a>\u00a0s\u1ebd t\u00ednh th\u00eam chi ph\u00ed\u00a0<\/span><br \/>\n<span style=\"font-family: 'times new roman', times, serif; font-size: 130%; color: #000000;\">&#8211; Giao h\u00e0ng trong v\u00f2ng 4-6 ti\u1ebfng<\/span><\/p>\n","protected":false},"excerpt":{"rendered":"<p>Gi\u00e1 ch\u1ed1ng th\u1ea5m Bestmix t\u1ea1i H\u1ed9i An-Tam K\u1ef3-Qu\u1ea3ng Nam 1. B\u1ea3ng gi\u00e1 ch\u1ed1ng th\u1ea5m Bestmix Qu\u1ea3ng Nam Do Ch\u1ed1ng th\u1ea5m bestmix c\u00f3 nhi\u1ec1u d\u00f2ng s\u1ea3n ph\u1ea9m, qu\u00fd kh\u00e1ch vui l\u00f2ng g\u1ecdi s\u1ed1 : 0903.595.049 \u0111\u1ec3 b\u00e1o gi\u00e1 c\u1ee5 th\u1ec3 M\u1ed7i d\u00f2ng s\u1ea3n ph\u1ea9m s\u1ebd t\u01b0\u01a1ng \u1ee9ng v\u1edbi m\u1ed7i h\u1ea1ng m\u1ee5c thi c\u00f4ng kh\u00e1c nhau n\u00ean [&#8230;]\n","protected":false},"featured_media":2999,"comment_status":"closed","ping_status":"closed","template":"","meta":[],"product_cat":[278],"product_tag":[],"class_list":{"0":"post-2997","1":"product","2":"type-product","3":"status-publish","4":"has-post-thumbnail","6":"product_cat-chong-tham-bestmix-da-nang","8":"first","9":"instock","10":"sale","11":"shipping-taxable","12":"purchasable","13":"product-type-simple"},"yoast_head":"<!-- This site is optimized with the Yoast SEO Premium plugin v22.3 (Yoast SEO v22.8) - https:\/\/yoast.com\/wordpress\/plugins\/seo\/ -->\n<title>Gi\u00e1 ch\u1ed1ng th\u1ea5m bestmix r\u1ebb Qu\u00e3ng Nam-0947.335.871<\/title>\n<meta name=\"description\" content=\"Tr\u1ea7n Th\u1ecb l\u00e0 \u0111\u1ea1i l\u00fd b\u00e1n ch\u1ed1ng th\u1ea5m bestmix gi\u00e1 r\u1ebb t\u1ea1i Qu\u1ea3ng Nam. Bao g\u1ed3m nhi\u1ec1u s\u1ea3n ph\u1ea9m ph\u1ee5c v\u1ee5 cho tolet, s\u00e2n th\u01b0\u1ee3ng , seno....vvv\" \/>\n<meta name=\"robots\" content=\"index, follow, max-snippet:-1, max-image-preview:large, max-video-preview:-1\" \/>\n<link rel=\"canonical\" href=\"https:\/\/tranthi.vn\/quangnam\/gia-chong-tham-bestmix-hoi-an-tam-ky-quang-nam\/\" \/>\n<meta property=\"og:locale\" content=\"vi_VN\" \/>\n<meta property=\"og:type\" content=\"article\" \/>\n<meta property=\"og:title\" content=\"Gi\u00e1 ch\u1ed1ng th\u1ea5m Bestmix-\u0110EN\" \/>\n<meta property=\"og:description\" content=\"Tr\u1ea7n Th\u1ecb l\u00e0 \u0111\u1ea1i l\u00fd b\u00e1n ch\u1ed1ng th\u1ea5m bestmix gi\u00e1 r\u1ebb t\u1ea1i Qu\u1ea3ng Nam. Bao g\u1ed3m nhi\u1ec1u s\u1ea3n ph\u1ea9m ph\u1ee5c v\u1ee5 cho tolet, s\u00e2n th\u01b0\u1ee3ng , seno....vvv\" \/>\n<meta property=\"og:url\" content=\"https:\/\/tranthi.vn\/quangnam\/gia-chong-tham-bestmix-hoi-an-tam-ky-quang-nam\/\" \/>\n<meta property=\"og:site_name\" content=\"V\u1eadt Li\u1ec7u X\u00e2y D\u1ef1ng Tr\u1ea7n Th\u1ecb Chi Nh\u00e1nh Qu\u1ea3ng Nam\" \/>\n<meta property=\"article:modified_time\" content=\"2024-11-14T08:40:39+00:00\" \/>\n<meta property=\"og:image\" content=\"https:\/\/tranthi.vn\/quangnam\/wp-content\/uploads\/2021\/04\/11.jpg\" \/>\n\t<meta property=\"og:image:width\" content=\"250\" \/>\n\t<meta property=\"og:image:height\" content=\"250\" \/>\n\t<meta property=\"og:image:type\" content=\"image\/jpeg\" \/>\n<meta name=\"twitter:card\" content=\"summary_large_image\" \/>\n<meta name=\"twitter:label1\" content=\"Gi\u00e1\" \/>\n\t<meta name=\"twitter:data1\" content=\"950,000&nbsp;&#8363;\" \/>\n\t<meta name=\"twitter:label2\" content=\"Kh\u1ea3 d\u1ee5ng\" \/>\n\t<meta name=\"twitter:data2\" content=\"Trong kho\" \/>\n<script type=\"application\/ld+json\" class=\"yoast-schema-graph\">{\"@context\":\"https:\/\/schema.org\",\"@graph\":[{\"@type\":[\"WebPage\",\"ItemPage\"],\"@id\":\"https:\/\/tranthi.vn\/quangnam\/gia-chong-tham-bestmix-hoi-an-tam-ky-quang-nam\/\",\"url\":\"https:\/\/tranthi.vn\/quangnam\/gia-chong-tham-bestmix-hoi-an-tam-ky-quang-nam\/\",\"name\":\"Gi\u00e1 ch\u1ed1ng th\u1ea5m bestmix r\u1ebb Qu\u00e3ng Nam-0947.335.871\",\"isPartOf\":{\"@id\":\"https:\/\/tranthi.vn\/quangnam\/#website\"},\"primaryImageOfPage\":{\"@id\":\"https:\/\/tranthi.vn\/quangnam\/gia-chong-tham-bestmix-hoi-an-tam-ky-quang-nam\/#primaryimage\"},\"image\":{\"@id\":\"https:\/\/tranthi.vn\/quangnam\/gia-chong-tham-bestmix-hoi-an-tam-ky-quang-nam\/#primaryimage\"},\"thumbnailUrl\":\"https:\/\/tranthi.vn\/quangnam\/wp-content\/uploads\/2021\/04\/11.jpg\",\"datePublished\":\"2021-04-08T04:55:04+00:00\",\"dateModified\":\"2024-11-14T08:40:39+00:00\",\"description\":\"Tr\u1ea7n Th\u1ecb l\u00e0 \u0111\u1ea1i l\u00fd b\u00e1n ch\u1ed1ng th\u1ea5m bestmix gi\u00e1 r\u1ebb t\u1ea1i Qu\u1ea3ng Nam. Bao g\u1ed3m nhi\u1ec1u s\u1ea3n ph\u1ea9m ph\u1ee5c v\u1ee5 cho tolet, s\u00e2n th\u01b0\u1ee3ng , seno....vvv\",\"breadcrumb\":{\"@id\":\"https:\/\/tranthi.vn\/quangnam\/gia-chong-tham-bestmix-hoi-an-tam-ky-quang-nam\/#breadcrumb\"},\"inLanguage\":\"vi\",\"potentialAction\":[{\"@type\":\"ReadAction\",\"target\":[\"https:\/\/tranthi.vn\/quangnam\/gia-chong-tham-bestmix-hoi-an-tam-ky-quang-nam\/\"]}]},{\"@type\":\"ImageObject\",\"inLanguage\":\"vi\",\"@id\":\"https:\/\/tranthi.vn\/quangnam\/gia-chong-tham-bestmix-hoi-an-tam-ky-quang-nam\/#primaryimage\",\"url\":\"https:\/\/tranthi.vn\/quangnam\/wp-content\/uploads\/2021\/04\/11.jpg\",\"contentUrl\":\"https:\/\/tranthi.vn\/quangnam\/wp-content\/uploads\/2021\/04\/11.jpg\",\"width\":250,\"height\":250,\"caption\":\"GI\u00c1 CH\u1ed0NG TH\u1ea4M BESTMIX \u0110\u00c0 N\u1eb4NG\"},{\"@type\":\"BreadcrumbList\",\"@id\":\"https:\/\/tranthi.vn\/quangnam\/gia-chong-tham-bestmix-hoi-an-tam-ky-quang-nam\/#breadcrumb\",\"itemListElement\":[{\"@type\":\"ListItem\",\"position\":1,\"name\":\"Trang ch\u1ee7\",\"item\":\"https:\/\/tranthi.vn\/quangnam\/\"},{\"@type\":\"ListItem\",\"position\":2,\"name\":\"Shop\",\"item\":\"https:\/\/tranthi.vn\/quangnam\/shop\/\"},{\"@type\":\"ListItem\",\"position\":3,\"name\":\"Gi\u00e1 ch\u1ed1ng th\u1ea5m Bestmix-\u0110EN\"}]},{\"@type\":\"WebSite\",\"@id\":\"https:\/\/tranthi.vn\/quangnam\/#website\",\"url\":\"https:\/\/tranthi.vn\/quangnam\/\",\"name\":\"V\u1eadt Li\u1ec7u X\u00e2y D\u1ef1ng Tr\u1ea7n Th\u1ecb Chi Nh\u00e1nh Qu\u1ea3ng Nam\",\"description\":\"V\u1eadt Li\u1ec7u X\u00e2y D\u1ef1ng - Qu\u1ea3ng Nam\",\"potentialAction\":[{\"@type\":\"SearchAction\",\"target\":{\"@type\":\"EntryPoint\",\"urlTemplate\":\"https:\/\/tranthi.vn\/quangnam\/?s={search_term_string}\"},\"query-input\":\"required name=search_term_string\"}],\"inLanguage\":\"vi\"},{\"@type\":\"ImageObject\",\"inLanguage\":\"vi\",\"@id\":\"https:\/\/tranthi.vn\/quangnam\/gia-chong-tham-bestmix-hoi-an-tam-ky-quang-nam\/#local-main-organization-logo\",\"url\":\"\",\"contentUrl\":\"\",\"caption\":\"V\u1eadt Li\u1ec7u X\u00e2y D\u1ef1ng Tr\u1ea7n Th\u1ecb Chi Nh\u00e1nh Qu\u1ea3ng Nam\"}]}<\/script>\n<meta property=\"product:price:amount\" content=\"950000\" \/>\n<meta property=\"product:price:currency\" content=\"VND\" \/>\n<meta property=\"og:availability\" content=\"instock\" \/>\n<meta property=\"product:availability\" content=\"instock\" \/>\n<meta property=\"product:condition\" content=\"new\" \/>\n<!-- \/ Yoast SEO Premium plugin. -->","yoast_head_json":{"title":"Gi\u00e1 ch\u1ed1ng th\u1ea5m bestmix r\u1ebb Qu\u00e3ng Nam-0947.335.871","description":"Tr\u1ea7n Th\u1ecb l\u00e0 \u0111\u1ea1i l\u00fd b\u00e1n ch\u1ed1ng th\u1ea5m bestmix gi\u00e1 r\u1ebb t\u1ea1i Qu\u1ea3ng Nam. Bao g\u1ed3m nhi\u1ec1u s\u1ea3n ph\u1ea9m ph\u1ee5c v\u1ee5 cho tolet, s\u00e2n th\u01b0\u1ee3ng , seno....vvv","robots":{"index":"index","follow":"follow","max-snippet":"max-snippet:-1","max-image-preview":"max-image-preview:large","max-video-preview":"max-video-preview:-1"},"canonical":"https:\/\/tranthi.vn\/quangnam\/gia-chong-tham-bestmix-hoi-an-tam-ky-quang-nam\/","og_locale":"vi_VN","og_type":"article","og_title":"Gi\u00e1 ch\u1ed1ng th\u1ea5m Bestmix-\u0110EN","og_description":"Tr\u1ea7n Th\u1ecb l\u00e0 \u0111\u1ea1i l\u00fd b\u00e1n ch\u1ed1ng th\u1ea5m bestmix gi\u00e1 r\u1ebb t\u1ea1i Qu\u1ea3ng Nam. Bao g\u1ed3m nhi\u1ec1u s\u1ea3n ph\u1ea9m ph\u1ee5c v\u1ee5 cho tolet, s\u00e2n th\u01b0\u1ee3ng , seno....vvv","og_url":"https:\/\/tranthi.vn\/quangnam\/gia-chong-tham-bestmix-hoi-an-tam-ky-quang-nam\/","og_site_name":"V\u1eadt Li\u1ec7u X\u00e2y D\u1ef1ng Tr\u1ea7n Th\u1ecb Chi Nh\u00e1nh Qu\u1ea3ng Nam","article_modified_time":"2024-11-14T08:40:39+00:00","og_image":[{"width":250,"height":250,"url":"https:\/\/tranthi.vn\/quangnam\/wp-content\/uploads\/2021\/04\/11.jpg","type":"image\/jpeg"}],"twitter_card":"summary_large_image","twitter_misc":{"Gi\u00e1":"950,000&nbsp;&#8363;","Kh\u1ea3 d\u1ee5ng":"Trong kho"},"schema":{"@context":"https:\/\/schema.org","@graph":[{"@type":["WebPage","ItemPage"],"@id":"https:\/\/tranthi.vn\/quangnam\/gia-chong-tham-bestmix-hoi-an-tam-ky-quang-nam\/","url":"https:\/\/tranthi.vn\/quangnam\/gia-chong-tham-bestmix-hoi-an-tam-ky-quang-nam\/","name":"Gi\u00e1 ch\u1ed1ng th\u1ea5m bestmix r\u1ebb Qu\u00e3ng Nam-0947.335.871","isPartOf":{"@id":"https:\/\/tranthi.vn\/quangnam\/#website"},"primaryImageOfPage":{"@id":"https:\/\/tranthi.vn\/quangnam\/gia-chong-tham-bestmix-hoi-an-tam-ky-quang-nam\/#primaryimage"},"image":{"@id":"https:\/\/tranthi.vn\/quangnam\/gia-chong-tham-bestmix-hoi-an-tam-ky-quang-nam\/#primaryimage"},"thumbnailUrl":"https:\/\/tranthi.vn\/quangnam\/wp-content\/uploads\/2021\/04\/11.jpg","datePublished":"2021-04-08T04:55:04+00:00","dateModified":"2024-11-14T08:40:39+00:00","description":"Tr\u1ea7n Th\u1ecb l\u00e0 \u0111\u1ea1i l\u00fd b\u00e1n ch\u1ed1ng th\u1ea5m bestmix gi\u00e1 r\u1ebb t\u1ea1i Qu\u1ea3ng Nam. Bao g\u1ed3m nhi\u1ec1u s\u1ea3n ph\u1ea9m ph\u1ee5c v\u1ee5 cho tolet, s\u00e2n th\u01b0\u1ee3ng , seno....vvv","breadcrumb":{"@id":"https:\/\/tranthi.vn\/quangnam\/gia-chong-tham-bestmix-hoi-an-tam-ky-quang-nam\/#breadcrumb"},"inLanguage":"vi","potentialAction":[{"@type":"ReadAction","target":["https:\/\/tranthi.vn\/quangnam\/gia-chong-tham-bestmix-hoi-an-tam-ky-quang-nam\/"]}]},{"@type":"ImageObject","inLanguage":"vi","@id":"https:\/\/tranthi.vn\/quangnam\/gia-chong-tham-bestmix-hoi-an-tam-ky-quang-nam\/#primaryimage","url":"https:\/\/tranthi.vn\/quangnam\/wp-content\/uploads\/2021\/04\/11.jpg","contentUrl":"https:\/\/tranthi.vn\/quangnam\/wp-content\/uploads\/2021\/04\/11.jpg","width":250,"height":250,"caption":"GI\u00c1 CH\u1ed0NG TH\u1ea4M BESTMIX \u0110\u00c0 N\u1eb4NG"},{"@type":"BreadcrumbList","@id":"https:\/\/tranthi.vn\/quangnam\/gia-chong-tham-bestmix-hoi-an-tam-ky-quang-nam\/#breadcrumb","itemListElement":[{"@type":"ListItem","position":1,"name":"Trang ch\u1ee7","item":"https:\/\/tranthi.vn\/quangnam\/"},{"@type":"ListItem","position":2,"name":"Shop","item":"https:\/\/tranthi.vn\/quangnam\/shop\/"},{"@type":"ListItem","position":3,"name":"Gi\u00e1 ch\u1ed1ng th\u1ea5m Bestmix-\u0110EN"}]},{"@type":"WebSite","@id":"https:\/\/tranthi.vn\/quangnam\/#website","url":"https:\/\/tranthi.vn\/quangnam\/","name":"V\u1eadt Li\u1ec7u X\u00e2y D\u1ef1ng Tr\u1ea7n Th\u1ecb Chi Nh\u00e1nh Qu\u1ea3ng Nam","description":"V\u1eadt Li\u1ec7u X\u00e2y D\u1ef1ng - Qu\u1ea3ng Nam","potentialAction":[{"@type":"SearchAction","target":{"@type":"EntryPoint","urlTemplate":"https:\/\/tranthi.vn\/quangnam\/?s={search_term_string}"},"query-input":"required name=search_term_string"}],"inLanguage":"vi"},{"@type":"ImageObject","inLanguage":"vi","@id":"https:\/\/tranthi.vn\/quangnam\/gia-chong-tham-bestmix-hoi-an-tam-ky-quang-nam\/#local-main-organization-logo","url":"","contentUrl":"","caption":"V\u1eadt Li\u1ec7u X\u00e2y D\u1ef1ng Tr\u1ea7n Th\u1ecb Chi Nh\u00e1nh Qu\u1ea3ng Nam"}]},"product_price_amount":"950000","product_price_currency":"VND","og_availability":"instock","product_availability":"instock","product_condition":"new"},"_links":{"self":[{"href":"https:\/\/tranthi.vn\/quangnam\/wp-json\/wp\/v2\/product\/2997","targetHints":{"allow":["GET"]}}],"collection":[{"href":"https:\/\/tranthi.vn\/quangnam\/wp-json\/wp\/v2\/product"}],"about":[{"href":"https:\/\/tranthi.vn\/quangnam\/wp-json\/wp\/v2\/types\/product"}],"replies":[{"embeddable":true,"href":"https:\/\/tranthi.vn\/quangnam\/wp-json\/wp\/v2\/comments?post=2997"}],"wp:featuredmedia":[{"embeddable":true,"href":"https:\/\/tranthi.vn\/quangnam\/wp-json\/wp\/v2\/media\/2999"}],"wp:attachment":[{"href":"https:\/\/tranthi.vn\/quangnam\/wp-json\/wp\/v2\/media?parent=2997"}],"wp:term":[{"taxonomy":"product_cat","embeddable":true,"href":"https:\/\/tranthi.vn\/quangnam\/wp-json\/wp\/v2\/product_cat?post=2997"},{"taxonomy":"product_tag","embeddable":true,"href":"https:\/\/tranthi.vn\/quangnam\/wp-json\/wp\/v2\/product_tag?post=2997"}],"curies":[{"name":"wp","href":"https:\/\/api.w.org\/{rel}","templated":true}]}}