{"id":2985,"date":"2021-04-03T11:57:35","date_gmt":"2021-04-03T04:57:35","guid":{"rendered":"https:\/\/tranthi.vn\/quangnam\/?post_type=product&#038;p=2985"},"modified":"2024-11-14T09:47:06","modified_gmt":"2024-11-14T02:47:06","slug":"gia-sat-thep-hoa-phat-quang-nam","status":"publish","type":"product","link":"https:\/\/tranthi.vn\/quangnam\/gia-sat-thep-hoa-phat-quang-nam\/","title":{"rendered":"S\u1eaft th\u00e9p H\u00f2a Ph\u00e1t"},"content":{"rendered":"<h1 style=\"text-align: center;\"><span style=\"color: #ff0000;\"><strong><span style=\"font-family: 'times new roman', times, serif; font-size: 170%;\">Gi\u00e1 s\u1eaft th\u00e9p h\u00f2a ph\u00e1t t\u1ea1i Qu\u1ea3ng Nam\u00a0<\/span><\/strong><\/span><\/h1>\n<h2><strong><span style=\"font-family: 'times new roman', times, serif; color: #ff0000;\">1. B\u1ea3ng gi\u00e1 s\u1eaft th\u00e9p H\u00f2a Ph\u00e1t t\u1ea1i Qu\u1ea3ng Nam<\/span><\/strong><\/h2>\n<figure id=\"attachment_7646\" aria-describedby=\"caption-attachment-7646\" style=\"width: 413px\" class=\"wp-caption aligncenter\"><img loading=\"lazy\" decoding=\"async\" class=\" wp-image-7646\" src=\"https:\/\/tranthi.vn\/quangnam\/wp-content\/uploads\/2021\/04\/thep-hoa-phat-2-tam-ky-hoi-an-quang-nam.png\" alt=\"th\u00e9p ho\u00e0 ph\u00e1t tam k\u1ef3- h\u1ed9i an- qu\u1ea3ng nam\" width=\"413\" height=\"295\" \/><figcaption id=\"caption-attachment-7646\" class=\"wp-caption-text\"><span style=\"font-family: 'times new roman', times, serif;\">\u00a0 \u00a0 \u00a0 \u00a0 \u00a0 \u00a0 \u00a0th\u00e9p ho\u00e0 ph\u00e1t tam k\u1ef3- h\u1ed9i an- qu\u1ea3ng nam<\/span><\/figcaption><\/figure>\n<ul>\n<li><span style=\"font-family: 'times new roman', times, serif; font-size: 130%;\"><em><strong>Gi\u00e1<\/strong><\/em> s\u1eaft th\u00e9p <strong>H\u00f2a Ph\u00e1t<\/strong> t\u1ea1i <a href=\"https:\/\/vi.wikipedia.org\/wiki\/Qu%E1%BA%A3ng_Nam\">Qu\u1ea3ng Nam<\/a>\u00a0lu\u00f4n l\u00e0 m\u1ed1i quan t\u00e2m l\u1edbn nh\u1ea5t c\u1ee7a kh\u00e1ch h\u00e0ng khi ngh\u0129 \u0111\u1ebfn S\u1eaft th\u00e9p x\u00e2y d\u1ef1ng gi\u00e1 t\u1ed1t.\u00a0<\/span><\/li>\n<li><iframe loading=\"lazy\" src=\"\/\/www.youtube.com\/embed\/P-ziwWkfYGc\" width=\"560\" height=\"314\" allowfullscreen=\"allowfullscreen\"><\/iframe><\/li>\n<\/ul>\n<h2><span style=\"color: #ff0000;\"><strong><span style=\"font-family: 'times new roman', times, serif; font-size: 130%;\">2. C\u00e1c l\u01b0u \u00fd<\/span><\/strong><\/span><\/h2>\n<ul>\n<li><span style=\"font-family: 'times new roman', times, serif; font-size: 130%;\">\u0110\u01a1n gi\u00e1 \u0111\u00e3 bao g\u1ed3m to\u00e0n b\u1ed9 chi ph\u00ed v\u1eadn chuy\u1ec3n v\u1ec1 t\u1eadn c\u00f4ng tr\u00ecnh qu\u00fd kh\u00e1ch \u0111\u00e0 n\u1eb5ng, ch\u01b0a bao g\u1ed3m thu\u1ebf VAT.\u00a0<\/span><\/li>\n<li><span style=\"font-family: 'times new roman', times, serif; font-size: 130%;\">\u0110\u01a1n gi\u00e1 c\u00f3 th\u1ec3 gi\u1ea3m theo t\u1eebng \u0111\u01a1n v\u1ecb kh\u1ed1i l\u01b0\u1ee3ng khi qu\u00fd kh\u00e1ch \u0111\u1eb7t h\u00e0ng.\u00a0<\/span><\/li>\n<li><span style=\"font-family: 'times new roman', times, serif; font-size: 130%;\">Ph\u01b0\u01a1ng th\u1ee9c thanh to\u00e1n : thanh to\u00e1n b\u1eb1ng ti\u1ec1n m\u1eb7t ho\u1eb7c chuy\u1ec3n kho\u1ea3n.\u00a0<\/span><\/li>\n<li><span style=\"font-family: 'times new roman', times, serif; font-size: 130%;\">H\u00e0ng \u0111\u01b0\u1ee3c giao nh\u1eadn th\u1ef1c t\u1ebf t\u1ea1i c\u00f4ng tr\u00ecnh, s\u1eaft cu\u1ed9n giao qua c\u00e2n, s\u1eaft c\u00e2y \u0111\u01b0\u1ee3c giao qua c\u00e1ch \u0111\u1ebfm c\u00e2y th\u1ef1c t\u1ebf.<\/span><\/li>\n<\/ul>\n<ul>\n<li><span style=\"font-family: 'times new roman', times, serif; font-size: 130%;\">N\u1ebfu trong n\u1ed9i th\u00e0nh <a href=\"https:\/\/vi.wikipedia.org\/wiki\/Qu%E1%BA%A3ng_Nam\">Qu\u1ea3ng Nam<\/a>, ki\u1ec7t h\u1ebbm th\u00ec qu\u00fd kh\u00e1ch h\u00e0ng b\u00e1o tr\u01b0\u1edbc \u0111\u1ec3 ch\u00fang th\u00f4i c\u00f3 ph\u01b0\u01a1ng \u00e1n s\u1eafp x\u1ebfp xe<\/span><\/li>\n<\/ul>\n<p>&nbsp;<\/p>\n<p style=\"text-align: center;\"><span style=\"font-family: 'times new roman', times, serif; font-size: 130%;\"><iframe loading=\"lazy\" src=\"\/\/www.youtube.com\/embed\/kXLVsEKDT9U\" width=\"560\" height=\"314\" allowfullscreen=\"allowfullscreen\"><\/iframe><\/span><\/p>\n<h3><strong><span style=\"font-family: 'times new roman', times, serif; font-size: 130%; color: #ff0000;\">3. C\u00e1ch ph\u00e2n bi\u1ec7t th\u00e9p gi\u1ea3 v\u1edbi th\u00e9p th\u1eadt h\u00f2a ph\u00e1t<\/span><\/strong><\/h3>\n<p><span style=\"font-family: 'times new roman', times, serif; font-size: 130%;\">* T\u1ed5n th\u1ea5t l\u00e0 kh\u00f3 tr\u00e1nh kh\u1ecfi n\u1ebfu b\u1ea1n s\u1eed d\u1ee5ng th\u00e9p gi\u1ea3 cho c\u00f4ng tr\u00ecnh c\u1ee7a m\u00ecnh, v\u00ec v\u1eady <em><strong>s\u1eaft th\u00e9p<\/strong> <\/em>x\u00e2y d\u1ef1ng <em><strong>H\u00f2a Ph\u00e1t<\/strong><\/em> g\u1ee3i \u00fd cho b\u1ea1n m\u1ed9t s\u1ed1 d\u1ea5u hi\u1ec7u \u0111\u1ec3 ph\u00e2n bi\u1ec7t th\u00e9p gi\u1ea3 v\u1edbi th\u00e9p th\u1eadt \u0111\u1ec3 t\u1ec9nh t\u00e1o l\u1ef1a ch\u1ecdn \u0111\u01b0\u1ee3c s\u1ea3n ph\u1ea9m \u0111\u00fang chu\u1ea9n v\u00e0 ch\u00ednh h\u00e3ng:<\/span><\/p>\n<p><span style=\"font-family: 'times new roman', times, serif; font-size: 130%;\">\u00a0 \u00a0&#8211;\u00a0 \u00a0 Qua m\u00e0u s\u1eafc: Ph\u00e2n bi\u1ec7t h\u00e0ng gi\u1ea3, h\u00e0ng th\u1eadt th\u00f4ng qua m\u00e0u s\u1eafc b\u1ea1n c\u1ea7n bi\u1ebft th\u00e9p th\u1eadt th\u01b0\u1eddng c\u00f3 m\u00e0u xanh \u0111en r\u1ea5t \u0111\u1eb7c tr\u01b0ng, c\u00f2n s\u1eaft th\u00e9p gi\u1ea3 th\u01b0\u1eddng c\u00f3 m\u00e0u xanh \u0111\u1eadm d\u1ec5 nh\u1eadn bi\u1ebft.<\/span><\/p>\n<figure id=\"attachment_7647\" aria-describedby=\"caption-attachment-7647\" style=\"width: 379px\" class=\"wp-caption aligncenter\"><img loading=\"lazy\" decoding=\"async\" class=\"wp-image-7647 \" src=\"https:\/\/tranthi.vn\/quangnam\/wp-content\/uploads\/2021\/04\/thep-hoa-phat-tam-ky-hoi-an-quang-nam.png\" alt=\"th\u00e9p ho\u00e0 ph\u00e1t tam k\u1ef3- h\u1ed9i an- qu\u1ea3ng nam\" width=\"379\" height=\"271\" \/><figcaption id=\"caption-attachment-7647\" class=\"wp-caption-text\"><span style=\"font-family: 'times new roman', times, serif;\">th\u00e9p ho\u00e0 ph\u00e1t tam k\u1ef3- h\u1ed9i an- qu\u1ea3ng nam<\/span><\/figcaption><\/figure>\n<p><span style=\"font-family: 'times new roman', times, serif; font-size: 130%;\">\u00a0 \u00a0&#8211; Th\u1ee9 hai, th\u00f4ng qua \u0111\u01b0\u1eddng xo\u1eafn tr\u00ean th\u00e2n th\u00e9p: thanh th\u00e9p th\u1eadt th\u01b0\u1eddng c\u00f3 \u0111\u01b0\u1eddng xo\u1eafn \u0111\u1ec1u v\u00e0 n\u1ed5i r\u00f5 l\u00ean, hai \u0111\u01b0\u1eddng d\u1ecdc theo th\u00e2n c\u00f3 k\u00edch th\u01b0\u1edbc b\u1eb1ng \u0111\u01b0\u1eddng xo\u1eafn v\u00e0 tr\u00f2n. C\u00f2n th\u00e9p gi\u1ea3 th\u01b0\u1eddng c\u00f3 \u0111\u01b0\u1ee3c s\u1eafp x\u1ebfp kh\u00f4ng \u0111\u1ec1u nhau, thanh th\u00e9p th\u00f4 v\u00e0 d\u1eb9p kh\u00f4ng n\u1ed5i r\u00f5 g\u00e2n nh\u01b0 h\u00e0ng th\u1eadt<br \/>\n<\/span><span style=\"font-family: 'times new roman', times, serif; font-size: 130%;\"><br \/>\n&#8211; Th\u1ee9 ba, ph\u00e2n bi\u1ec7t qua b\u1ec1 m\u1eb7t c\u1ee7a thanh th\u00e9p: h\u00e0ng th\u00e9p Pomina th\u1eadt th\u01b0\u1eddng c\u00f3 b\u1ec1 m\u1eb7t nh\u1eb5n, ph\u1eb3ng khi ch\u1ea1m v\u00e0o c\u00f3 c\u1ea3m gi\u00e1c tr\u01a1n b\u00f3ng. V\u1edbi th\u00e9p gi\u1ea3 khi s\u1edd v\u00e0o th\u01b0\u1eddng c\u00f3 c\u1ea3m gi\u00e1c s\u1ea7n s\u00f9i th\u00f4 r\u00e1p.<\/span><\/p>\n<p><span style=\"font-family: 'times new roman', times, serif; font-size: 130%;\">&#8211; Th\u1ee9 t\u01b0, th\u00f4ng qua n\u1ebfp g\u1ea5p tr\u00ean th\u00e2n: \u0111\u00e2y th\u01b0\u1eddng l\u00e0 d\u1ea5u hi\u1ec7u th\u01b0\u1eddng b\u1ecf qua nh\u1ea5t, nh\u1eadn bi\u1ebft th\u00e9p gi\u1ea3 qua d\u1ea5u hi\u1ec7u n\u00e0y c\u00f3 th\u1ec3 th\u1ea5y r\u00f5 h\u00e0ng th\u00e9p gi\u1ea3 th\u01b0\u1eddng xu\u1ea5t hi\u1ec7n hi\u1ec7n t\u01b0\u1ee3ng m\u1ea5t m\u00e0u, n\u1ee9t m\u00e0u r\u00f5 r\u1ec7t. Th\u00e9p th\u1eadt th\u00ec th\u01b0\u1eddng \u00edt khi b\u1ecb m\u1ea5t m\u00e0u \u1edf c\u00e1c n\u1ebfp g\u1ea5p.<\/span><\/p>\n<p style=\"text-align: center;\"><iframe loading=\"lazy\" src=\"\/\/www.youtube.com\/embed\/1dcCbHCmYq8\" width=\"560\" height=\"314\" allowfullscreen=\"allowfullscreen\"><\/iframe><\/p>\n<h4><span style=\"color: #ff0000;\"><strong><span style=\"font-family: 'times new roman', times, serif; font-size: 130%;\">4. Nguy\u00ean t\u1eafc b\u1ea3o qu\u1ea3n s\u1eaft th\u00e9p khi l\u00e0m nh\u00e0<\/span><\/strong><\/span><\/h4>\n<ul>\n<li><span style=\"font-family: 'times new roman', times, serif; font-size: 130%;\">L\u00e0m t\u1edbi \u0111\u00e2u g\u1ecdi s\u1eaft th\u00e9p t\u1edbi \u0111\u00f3: trong qu\u00e1 tr\u00ecnh l\u00e0m ch\u00fang ta ph\u00e2n ra nhi\u1ec1u giai \u0111o\u1ea1n c\u1ea7n <em><strong>s\u1eaft th\u00e9p<\/strong><\/em> nhi\u1ec1u \u00edt kh\u00e1c nhau: giai \u0111o\u1ea1n m\u00f3ng c\u1ea7n nhi\u1ec1u nh\u1ea5t, ti\u1ebfp theo l\u00e0 s\u00e0n m\u00e1i, sau \u0111\u00f3 l\u00e0 tr\u1ee5 v\u00ec th\u1ebf c\u1ea7n tham kh\u1ea3o v\u1edbi th\u1ea7u x\u00e2y d\u1ef1ng v\u1ec1 s\u1ed1 l\u01b0\u1ee3ng \u0111\u1ec3 tr\u00e1nh b\u1ecb d\u01b0<br \/>\n<\/span><\/li>\n<li><span style=\"font-family: 'times new roman', times, serif; font-size: 130%;\">Kh\u00f4ng \u0111\u1ec3 s\u1eaft th\u00e9p ph\u01a1i ngo\u00e0i m\u01b0a: c\u00f3 m\u1ed9t s\u1ed1 ng\u00f4i nh\u00e0 l\u00e0m trong h\u1ebbm v\u00ec kh\u00f4ng gian h\u1ea1n h\u1eb9p n\u00ean th\u01b0\u1eddng \u0111\u1ec3 <em><strong>s\u1eaft<\/strong><\/em> ngo\u00e0i tr\u1eddi, b\u1ecb r\u1ebb r\u00e9t \u1ea3nh h\u01b0\u1edfng \u0111\u1ebfn ch\u1ea5t l\u01b0\u1ee3ng c\u00f4ng tr\u00ecnh v\u00ec th\u1ebf ch\u00fang ta c\u1ea7n c\u00f3 ph\u01b0\u01a1ng \u00e1n b\u1ea3o v\u1ec7\u00a0<\/span><\/li>\n<li><\/li>\n<li><iframe loading=\"lazy\" src=\"\/\/www.youtube.com\/embed\/HYdSdGclqww\" width=\"560\" height=\"314\" allowfullscreen=\"allowfullscreen\"><\/iframe><\/li>\n<\/ul>\n","protected":false},"excerpt":{"rendered":"<ul>\n<li>T\u00f9y theo kh\u1ed1i l\u01b0\u1ee3ng, \u0111\u1ecba \u0111i\u1ec3m giao h\u00e0ng s\u1ebd t\u00ednh th\u00eam chi ph\u00ed v\u1eadn chuy\u1ec3n<\/li>\n<li>Giao h\u00e0ng t\u1ea1i Qu\u1ea3ng Nam<\/li>\n<li>Kh\u00f4ng nh\u1eadn giao h\u00e0ng trong ki\u1ec7t ng\u00f5 h\u1ebbm<\/li>\n<li>Li\u00ean h\u1ec7 \u0111i\u1ec7n tho\u1ea1i\/zalo \u0111\u1ec3 nh\u1eadn b\u00e1o gi\u00e1<\/li>\n<\/ul>\n","protected":false},"featured_media":2988,"comment_status":"closed","ping_status":"closed","template":"","meta":[],"product_cat":[254],"product_tag":[],"class_list":{"0":"post-2985","1":"product","2":"type-product","3":"status-publish","4":"has-post-thumbnail","6":"product_cat-thep-hoa-phat","8":"first","9":"instock","10":"shipping-taxable","11":"product-type-simple"},"yoast_head":"<!-- This site is optimized with the Yoast SEO Premium plugin v22.3 (Yoast SEO v22.8) - https:\/\/yoast.com\/wordpress\/plugins\/seo\/ -->\n<title>Gi\u00e1 s\u1eaft th\u00e9p x\u00e2y d\u1ef1ng H\u00f2a Ph\u00e1t t\u1ea1i Qu\u1ea3ng Nam-0947.335.871<\/title>\n<meta name=\"description\" content=\"Gi\u00e1 s\u1eaft th\u00e9p H\u00f2a Ph\u00e1t t\u1ea1i Qu\u1ea3ng Nam lu\u00f4n l\u00e0 m\u1ed1i quan t\u00e2m l\u1edbn nh\u1ea5t c\u1ee7a kh\u00e1ch h\u00e0ng khi ngh\u0129 \u0111\u1ebfn S\u1eaft th\u00e9p x\u00e2y d\u1ef1ng gi\u00e1 t\u1ed1t, uy t\u00edn ch\u1ea5t l\u01b0\u1ee3ng\" \/>\n<meta name=\"robots\" content=\"index, follow, max-snippet:-1, max-image-preview:large, max-video-preview:-1\" \/>\n<link rel=\"canonical\" href=\"https:\/\/tranthi.vn\/quangnam\/gia-sat-thep-hoa-phat-quang-nam\/\" \/>\n<meta property=\"og:locale\" content=\"vi_VN\" \/>\n<meta property=\"og:type\" content=\"article\" \/>\n<meta property=\"og:title\" content=\"S\u1eaft th\u00e9p H\u00f2a Ph\u00e1t\" \/>\n<meta property=\"og:description\" content=\"Gi\u00e1 s\u1eaft th\u00e9p H\u00f2a Ph\u00e1t t\u1ea1i Qu\u1ea3ng Nam lu\u00f4n l\u00e0 m\u1ed1i quan t\u00e2m l\u1edbn nh\u1ea5t c\u1ee7a kh\u00e1ch h\u00e0ng khi ngh\u0129 \u0111\u1ebfn S\u1eaft th\u00e9p x\u00e2y d\u1ef1ng gi\u00e1 t\u1ed1t, uy t\u00edn ch\u1ea5t l\u01b0\u1ee3ng\" \/>\n<meta property=\"og:url\" content=\"https:\/\/tranthi.vn\/quangnam\/gia-sat-thep-hoa-phat-quang-nam\/\" \/>\n<meta property=\"og:site_name\" content=\"V\u1eadt Li\u1ec7u X\u00e2y D\u1ef1ng Tr\u1ea7n Th\u1ecb Chi Nh\u00e1nh Qu\u1ea3ng Nam\" \/>\n<meta property=\"article:modified_time\" content=\"2024-11-14T02:47:06+00:00\" \/>\n<meta property=\"og:image\" content=\"https:\/\/tranthi.vn\/quangnam\/wp-content\/uploads\/2021\/04\/gia-sat-thep-hoa-phat-tai-da-nang_optimized.jpg\" \/>\n\t<meta property=\"og:image:width\" content=\"250\" \/>\n\t<meta property=\"og:image:height\" content=\"250\" \/>\n\t<meta property=\"og:image:type\" content=\"image\/jpeg\" \/>\n<meta name=\"twitter:card\" content=\"summary_large_image\" \/>\n<meta name=\"twitter:label1\" content=\"Gi\u00e1\" \/>\n\t<meta name=\"twitter:data1\" content=\"\" \/>\n\t<meta name=\"twitter:label2\" content=\"Kh\u1ea3 d\u1ee5ng\" \/>\n\t<meta name=\"twitter:data2\" content=\"Trong kho\" \/>\n<script type=\"application\/ld+json\" class=\"yoast-schema-graph\">{\"@context\":\"https:\/\/schema.org\",\"@graph\":[{\"@type\":[\"WebPage\",\"ItemPage\"],\"@id\":\"https:\/\/tranthi.vn\/quangnam\/gia-sat-thep-hoa-phat-quang-nam\/\",\"url\":\"https:\/\/tranthi.vn\/quangnam\/gia-sat-thep-hoa-phat-quang-nam\/\",\"name\":\"Gi\u00e1 s\u1eaft th\u00e9p x\u00e2y d\u1ef1ng H\u00f2a Ph\u00e1t t\u1ea1i Qu\u1ea3ng Nam-0947.335.871\",\"isPartOf\":{\"@id\":\"https:\/\/tranthi.vn\/quangnam\/#website\"},\"primaryImageOfPage\":{\"@id\":\"https:\/\/tranthi.vn\/quangnam\/gia-sat-thep-hoa-phat-quang-nam\/#primaryimage\"},\"image\":{\"@id\":\"https:\/\/tranthi.vn\/quangnam\/gia-sat-thep-hoa-phat-quang-nam\/#primaryimage\"},\"thumbnailUrl\":\"https:\/\/tranthi.vn\/quangnam\/wp-content\/uploads\/2021\/04\/gia-sat-thep-hoa-phat-tai-da-nang_optimized.jpg\",\"datePublished\":\"2021-04-03T04:57:35+00:00\",\"dateModified\":\"2024-11-14T02:47:06+00:00\",\"description\":\"Gi\u00e1 s\u1eaft th\u00e9p H\u00f2a Ph\u00e1t t\u1ea1i Qu\u1ea3ng Nam lu\u00f4n l\u00e0 m\u1ed1i quan t\u00e2m l\u1edbn nh\u1ea5t c\u1ee7a kh\u00e1ch h\u00e0ng khi ngh\u0129 \u0111\u1ebfn S\u1eaft th\u00e9p x\u00e2y d\u1ef1ng gi\u00e1 t\u1ed1t, uy t\u00edn ch\u1ea5t l\u01b0\u1ee3ng\",\"breadcrumb\":{\"@id\":\"https:\/\/tranthi.vn\/quangnam\/gia-sat-thep-hoa-phat-quang-nam\/#breadcrumb\"},\"inLanguage\":\"vi\",\"potentialAction\":[{\"@type\":\"ReadAction\",\"target\":[\"https:\/\/tranthi.vn\/quangnam\/gia-sat-thep-hoa-phat-quang-nam\/\"]}]},{\"@type\":\"ImageObject\",\"inLanguage\":\"vi\",\"@id\":\"https:\/\/tranthi.vn\/quangnam\/gia-sat-thep-hoa-phat-quang-nam\/#primaryimage\",\"url\":\"https:\/\/tranthi.vn\/quangnam\/wp-content\/uploads\/2021\/04\/gia-sat-thep-hoa-phat-tai-da-nang_optimized.jpg\",\"contentUrl\":\"https:\/\/tranthi.vn\/quangnam\/wp-content\/uploads\/2021\/04\/gia-sat-thep-hoa-phat-tai-da-nang_optimized.jpg\",\"width\":250,\"height\":250,\"caption\":\"gia-s\u1eaft-th\u1ebfp-h\u00f2a-ph\u00e1t-t\u1ea1i-\u0111\u00e0-n\u1eb5ng\"},{\"@type\":\"BreadcrumbList\",\"@id\":\"https:\/\/tranthi.vn\/quangnam\/gia-sat-thep-hoa-phat-quang-nam\/#breadcrumb\",\"itemListElement\":[{\"@type\":\"ListItem\",\"position\":1,\"name\":\"Trang ch\u1ee7\",\"item\":\"https:\/\/tranthi.vn\/quangnam\/\"},{\"@type\":\"ListItem\",\"position\":2,\"name\":\"Shop\",\"item\":\"https:\/\/tranthi.vn\/quangnam\/shop\/\"},{\"@type\":\"ListItem\",\"position\":3,\"name\":\"S\u1eaft th\u00e9p H\u00f2a Ph\u00e1t\"}]},{\"@type\":\"WebSite\",\"@id\":\"https:\/\/tranthi.vn\/quangnam\/#website\",\"url\":\"https:\/\/tranthi.vn\/quangnam\/\",\"name\":\"V\u1eadt Li\u1ec7u X\u00e2y D\u1ef1ng Tr\u1ea7n Th\u1ecb Chi Nh\u00e1nh Qu\u1ea3ng Nam\",\"description\":\"V\u1eadt Li\u1ec7u X\u00e2y D\u1ef1ng - Qu\u1ea3ng Nam\",\"potentialAction\":[{\"@type\":\"SearchAction\",\"target\":{\"@type\":\"EntryPoint\",\"urlTemplate\":\"https:\/\/tranthi.vn\/quangnam\/?s={search_term_string}\"},\"query-input\":\"required name=search_term_string\"}],\"inLanguage\":\"vi\"},{\"@type\":\"ImageObject\",\"inLanguage\":\"vi\",\"@id\":\"https:\/\/tranthi.vn\/quangnam\/gia-sat-thep-hoa-phat-quang-nam\/#local-main-organization-logo\",\"url\":\"\",\"contentUrl\":\"\",\"caption\":\"V\u1eadt Li\u1ec7u X\u00e2y D\u1ef1ng Tr\u1ea7n Th\u1ecb Chi Nh\u00e1nh Qu\u1ea3ng Nam\"}]}<\/script>\n<meta property=\"product:price:amount\" content=\"0\" \/>\n<meta property=\"product:price:currency\" content=\"VND\" \/>\n<meta property=\"og:availability\" content=\"instock\" \/>\n<meta property=\"product:availability\" content=\"instock\" \/>\n<meta property=\"product:condition\" content=\"new\" \/>\n<!-- \/ Yoast SEO Premium plugin. -->","yoast_head_json":{"title":"Gi\u00e1 s\u1eaft th\u00e9p x\u00e2y d\u1ef1ng H\u00f2a Ph\u00e1t t\u1ea1i Qu\u1ea3ng Nam-0947.335.871","description":"Gi\u00e1 s\u1eaft th\u00e9p H\u00f2a Ph\u00e1t t\u1ea1i Qu\u1ea3ng Nam lu\u00f4n l\u00e0 m\u1ed1i quan t\u00e2m l\u1edbn nh\u1ea5t c\u1ee7a kh\u00e1ch h\u00e0ng khi ngh\u0129 \u0111\u1ebfn S\u1eaft th\u00e9p x\u00e2y d\u1ef1ng gi\u00e1 t\u1ed1t, uy t\u00edn ch\u1ea5t l\u01b0\u1ee3ng","robots":{"index":"index","follow":"follow","max-snippet":"max-snippet:-1","max-image-preview":"max-image-preview:large","max-video-preview":"max-video-preview:-1"},"canonical":"https:\/\/tranthi.vn\/quangnam\/gia-sat-thep-hoa-phat-quang-nam\/","og_locale":"vi_VN","og_type":"article","og_title":"S\u1eaft th\u00e9p H\u00f2a Ph\u00e1t","og_description":"Gi\u00e1 s\u1eaft th\u00e9p H\u00f2a Ph\u00e1t t\u1ea1i Qu\u1ea3ng Nam lu\u00f4n l\u00e0 m\u1ed1i quan t\u00e2m l\u1edbn nh\u1ea5t c\u1ee7a kh\u00e1ch h\u00e0ng khi ngh\u0129 \u0111\u1ebfn S\u1eaft th\u00e9p x\u00e2y d\u1ef1ng gi\u00e1 t\u1ed1t, uy t\u00edn ch\u1ea5t l\u01b0\u1ee3ng","og_url":"https:\/\/tranthi.vn\/quangnam\/gia-sat-thep-hoa-phat-quang-nam\/","og_site_name":"V\u1eadt Li\u1ec7u X\u00e2y D\u1ef1ng Tr\u1ea7n Th\u1ecb Chi Nh\u00e1nh Qu\u1ea3ng Nam","article_modified_time":"2024-11-14T02:47:06+00:00","og_image":[{"width":250,"height":250,"url":"https:\/\/tranthi.vn\/quangnam\/wp-content\/uploads\/2021\/04\/gia-sat-thep-hoa-phat-tai-da-nang_optimized.jpg","type":"image\/jpeg"}],"twitter_card":"summary_large_image","twitter_misc":{"Gi\u00e1":"","Kh\u1ea3 d\u1ee5ng":"Trong kho"},"schema":{"@context":"https:\/\/schema.org","@graph":[{"@type":["WebPage","ItemPage"],"@id":"https:\/\/tranthi.vn\/quangnam\/gia-sat-thep-hoa-phat-quang-nam\/","url":"https:\/\/tranthi.vn\/quangnam\/gia-sat-thep-hoa-phat-quang-nam\/","name":"Gi\u00e1 s\u1eaft th\u00e9p x\u00e2y d\u1ef1ng H\u00f2a Ph\u00e1t t\u1ea1i Qu\u1ea3ng Nam-0947.335.871","isPartOf":{"@id":"https:\/\/tranthi.vn\/quangnam\/#website"},"primaryImageOfPage":{"@id":"https:\/\/tranthi.vn\/quangnam\/gia-sat-thep-hoa-phat-quang-nam\/#primaryimage"},"image":{"@id":"https:\/\/tranthi.vn\/quangnam\/gia-sat-thep-hoa-phat-quang-nam\/#primaryimage"},"thumbnailUrl":"https:\/\/tranthi.vn\/quangnam\/wp-content\/uploads\/2021\/04\/gia-sat-thep-hoa-phat-tai-da-nang_optimized.jpg","datePublished":"2021-04-03T04:57:35+00:00","dateModified":"2024-11-14T02:47:06+00:00","description":"Gi\u00e1 s\u1eaft th\u00e9p H\u00f2a Ph\u00e1t t\u1ea1i Qu\u1ea3ng Nam lu\u00f4n l\u00e0 m\u1ed1i quan t\u00e2m l\u1edbn nh\u1ea5t c\u1ee7a kh\u00e1ch h\u00e0ng khi ngh\u0129 \u0111\u1ebfn S\u1eaft th\u00e9p x\u00e2y d\u1ef1ng gi\u00e1 t\u1ed1t, uy t\u00edn ch\u1ea5t l\u01b0\u1ee3ng","breadcrumb":{"@id":"https:\/\/tranthi.vn\/quangnam\/gia-sat-thep-hoa-phat-quang-nam\/#breadcrumb"},"inLanguage":"vi","potentialAction":[{"@type":"ReadAction","target":["https:\/\/tranthi.vn\/quangnam\/gia-sat-thep-hoa-phat-quang-nam\/"]}]},{"@type":"ImageObject","inLanguage":"vi","@id":"https:\/\/tranthi.vn\/quangnam\/gia-sat-thep-hoa-phat-quang-nam\/#primaryimage","url":"https:\/\/tranthi.vn\/quangnam\/wp-content\/uploads\/2021\/04\/gia-sat-thep-hoa-phat-tai-da-nang_optimized.jpg","contentUrl":"https:\/\/tranthi.vn\/quangnam\/wp-content\/uploads\/2021\/04\/gia-sat-thep-hoa-phat-tai-da-nang_optimized.jpg","width":250,"height":250,"caption":"gia-s\u1eaft-th\u1ebfp-h\u00f2a-ph\u00e1t-t\u1ea1i-\u0111\u00e0-n\u1eb5ng"},{"@type":"BreadcrumbList","@id":"https:\/\/tranthi.vn\/quangnam\/gia-sat-thep-hoa-phat-quang-nam\/#breadcrumb","itemListElement":[{"@type":"ListItem","position":1,"name":"Trang ch\u1ee7","item":"https:\/\/tranthi.vn\/quangnam\/"},{"@type":"ListItem","position":2,"name":"Shop","item":"https:\/\/tranthi.vn\/quangnam\/shop\/"},{"@type":"ListItem","position":3,"name":"S\u1eaft th\u00e9p H\u00f2a Ph\u00e1t"}]},{"@type":"WebSite","@id":"https:\/\/tranthi.vn\/quangnam\/#website","url":"https:\/\/tranthi.vn\/quangnam\/","name":"V\u1eadt Li\u1ec7u X\u00e2y D\u1ef1ng Tr\u1ea7n Th\u1ecb Chi Nh\u00e1nh Qu\u1ea3ng Nam","description":"V\u1eadt Li\u1ec7u X\u00e2y D\u1ef1ng - Qu\u1ea3ng Nam","potentialAction":[{"@type":"SearchAction","target":{"@type":"EntryPoint","urlTemplate":"https:\/\/tranthi.vn\/quangnam\/?s={search_term_string}"},"query-input":"required name=search_term_string"}],"inLanguage":"vi"},{"@type":"ImageObject","inLanguage":"vi","@id":"https:\/\/tranthi.vn\/quangnam\/gia-sat-thep-hoa-phat-quang-nam\/#local-main-organization-logo","url":"","contentUrl":"","caption":"V\u1eadt Li\u1ec7u X\u00e2y D\u1ef1ng Tr\u1ea7n Th\u1ecb Chi Nh\u00e1nh Qu\u1ea3ng Nam"}]},"product_price_currency":"VND","og_availability":"instock","product_availability":"instock","product_condition":"new"},"_links":{"self":[{"href":"https:\/\/tranthi.vn\/quangnam\/wp-json\/wp\/v2\/product\/2985","targetHints":{"allow":["GET"]}}],"collection":[{"href":"https:\/\/tranthi.vn\/quangnam\/wp-json\/wp\/v2\/product"}],"about":[{"href":"https:\/\/tranthi.vn\/quangnam\/wp-json\/wp\/v2\/types\/product"}],"replies":[{"embeddable":true,"href":"https:\/\/tranthi.vn\/quangnam\/wp-json\/wp\/v2\/comments?post=2985"}],"wp:featuredmedia":[{"embeddable":true,"href":"https:\/\/tranthi.vn\/quangnam\/wp-json\/wp\/v2\/media\/2988"}],"wp:attachment":[{"href":"https:\/\/tranthi.vn\/quangnam\/wp-json\/wp\/v2\/media?parent=2985"}],"wp:term":[{"taxonomy":"product_cat","embeddable":true,"href":"https:\/\/tranthi.vn\/quangnam\/wp-json\/wp\/v2\/product_cat?post=2985"},{"taxonomy":"product_tag","embeddable":true,"href":"https:\/\/tranthi.vn\/quangnam\/wp-json\/wp\/v2\/product_tag?post=2985"}],"curies":[{"name":"wp","href":"https:\/\/api.w.org\/{rel}","templated":true}]}}