{"id":1528,"date":"2021-02-17T17:44:12","date_gmt":"2021-02-17T10:44:12","guid":{"rendered":"http:\/\/new-tranthi.test\/san-pham\/son-phu-ngoai-that-jotun-jotashield-chong-phai-mau-thung-17-lit\/"},"modified":"2024-06-13T09:30:37","modified_gmt":"2024-06-13T02:30:37","slug":"son-phu-ngoai-that-jotun-jotashield-chong-phai-mau-da-nang","status":"publish","type":"product","link":"https:\/\/tranthi.vn\/quangnam\/son-phu-ngoai-that-jotun-jotashield-chong-phai-mau-da-nang\/","title":{"rendered":"Jotun Jotashield Ch\u1ed1ng Phai M\u00e0u- 15L T"},"content":{"rendered":"<h1 class=\"sc-htpNat krAhEz sc-dTLGrV cwvnPu\">Jotashield Ch\u1ed1ng Phai M\u00e0u<\/h1>\n<div class=\"sc-dnqmqq bDsesi sc-ivVeuv lmZdeh\">Jotashield Ch\u1ed1ng Phai M\u00e0u l\u00e0 d\u00f2ng s\u1ea3n ph\u1ea9m s\u01a1n ngo\u1ea1i th\u1ea5t cao c\u1ea5p mang l\u1ea1i s\u1ef1 l\u1ef1a ch\u1ecdn \u0111a d\u1ea1ng v\u1ec1 m\u00e0u s\u1eafc cho ngo\u1ea1i th\u1ea5t ng\u00f4i nh\u00e0. S\u1ea3n ph\u1ea9m \u0111\u00e3 \u0111\u01b0\u1ee3c nhi\u1ec1u c\u01a1 s\u1edf ki\u1ec3m nghi\u1ec7m \u0111\u1ed9c l\u1eadp ch\u1ee9ng nh\u1eadn, Jotashield Ch\u1ed1ng Phai M\u00e0u c\u00f3 kh\u1ea3 n\u0103ng b\u1ea3o v\u1ec7 ng\u00f4i nh\u00e0 b\u1ea1n tr\u01b0\u1edbc s\u1ef1 t\u00e0n ph\u00e1 kh\u1eafc nghi\u1ec7t c\u1ee7a thi\u00ean nhi\u00ean, th\u1eddi ti\u1ebft.<\/div>\n<div>Ch\u1ed1ng s\u1ef1 h\u1ea5p th\u1ee5 v\u00e0 ph\u1ea3n x\u1ea1 tia t\u1eed ngo\u1ea1i m\u1eb7t tr\u1eddi, tr\u00e1nh l\u00e0m m\u00e0ng s\u01a1n b\u1ecb phai m\u00e0u v\u00e0 b\u1ec1n \u0111\u1eb9p theo th\u1eddi gian.<\/div>\n<div>\u0110\u1ed3ng th\u1eddi ng\u0103n ch\u1eb7n v\u1ec7t n\u01b0\u1edbc gi\u00fap ng\u00f4i nh\u00e0 c\u1ee7a b\u1ea1n lu\u00f4n s\u1ea1ch nh\u01b0 m\u1edbi trong m\u1ed9t th\u1eddi gian d\u00e0i.<\/div>\n<div><\/div>\n<p class=\"sc-cmIlrE gnsobE\">\n","protected":false},"excerpt":{"rendered":"<p><span style=\"font-family: 'times new roman', times, serif; font-size: 130%;\"><strong>\u01afu \u0111i\u1ec3m<\/strong><\/span><\/p>\n<ul style=\"list-style-type: circle;\">\n<li><span style=\"font-family: 'times new roman', times, serif; font-size: 130%;\"><strong>B\u1ea3o v\u1ec7 v\u01b0\u1ee3t tr\u1ed9i v\u1edbi m\u00e0u s\u1eafc b\u1ec1n l\u00e2u<\/strong><\/span><\/li>\n<li><span style=\"font-family: 'times new roman', times, serif; font-size: 130%;\"><strong>Tr\u00e1nh l\u00e0m m\u00e0ng s\u01a1n b\u1ecb phai m\u00e0u<\/strong><\/span><\/li>\n<li><span style=\"font-family: 'times new roman', times, serif; font-size: 130%;\"><strong>Ch\u1ed1ng th\u1ea5m<\/strong><\/span><\/li>\n<li><span style=\"font-family: 'times new roman', times, serif; font-size: 130%;\"><strong>Gi\u1ea3m nhi\u1ec7t<\/strong><\/span><\/li>\n<li><span style=\"font-family: 'times new roman', times, serif; font-size: 130%;\"><strong>Ng\u0103n ng\u1eeba v\u1ec7t n\u01b0\u1edbc<\/strong><\/span><\/li>\n<li><span style=\"font-family: 'times new roman', times, serif; font-size: 130%;\"><strong>8 n\u0103m b\u1ea3o v\u1ec7<\/strong><\/span><\/li>\n<\/ul>\n<p><span style=\"font-family: 'times new roman', times, serif; font-size: 130%; color: #000000;\">\ud83d\ude1b Giao h\u00e0ng trong \u0111\u1ecba b\u00e0n\u00a0<strong><a style=\"color: #000000;\" href=\"https:\/\/fr.wikipedia.org\/wiki\/Da_Nang\">\u0110\u00e0 N\u1eb5ng<\/a><\/strong><\/span><\/p>\n<p><span style=\"font-family: 'times new roman', times, serif; font-size: 130%; color: #000000;\">\ud83d\ude1b \u0110\u01a1n v\u1ecb t\u00ednh: th\u00f9ng<\/span><\/p>\n<p><span style=\"font-family: 'times new roman', times, serif; font-size: 130%; color: #000000;\">\ud83d\ude1b \u0110\u01a1n gi\u00e1 <em><span style=\"color: #008000;\"><a style=\"color: #008000;\" href=\"https:\/\/tranthi.vn\/quangnam\/son-phu-ngoai-that-jotun-jotashield-chong-phai-mau-thung-17-lit\/\"><strong>s\u01a1n ngo\u1ea1i th\u1ea5t Jotun Jotashield ch\u1ed1ng phai m\u00e0u<\/strong><\/a><\/span><\/em><\/span><\/p>\n<ul>\n<li><span style=\"font-family: 'times new roman', times, serif; font-size: 130%;\"><strong><span style=\"color: #ed1c24;\">270.000\u0111\/1L (m\u00e0u tr\u1eafng)<\/span><\/strong><\/span><\/li>\n<li><span style=\"font-family: 'times new roman', times, serif; font-size: 130%;\"><strong><span style=\"color: #ed1c24;\">1.062.000\u0111\/5L\u00a0 (m\u00e0u tr\u1eafng)<\/span><\/strong><\/span><\/li>\n<li><span style=\"font-family: 'times new roman', times, serif; font-size: 130%;\"><strong><span style=\"color: #ed1c24;\">3.040.000\u0111\/15L\u00a0 (m\u00e0u tr\u1eafng)<\/span><\/strong><\/span><\/li>\n<\/ul>\n<p><span style=\"font-family: 'times new roman', times, serif; font-size: 130%;\"><span style=\"color: #000000;\">\ud83d\ude1b<\/span><strong><em>\u0110\u01a1n gi\u00e1 \u00e1p d\u1ee5ng khi mua t\u1eeb 5 s\u1ea3n ph\u1ea9m, d\u01b0\u1edbi 5 s\u1ea3n ph\u1ea9m qu\u00fd kh\u00e1ch vui l\u00f2ng ch\u1ecbu ph\u00ed v\u1eadn chuy\u1ec3n<\/em><\/strong><\/span><\/p>\n<p><span style=\"font-family: 'times new roman', times, serif; font-size: 130%;\"><em><span style=\"color: #3366ff;\">(Gi\u00e1 s\u01a1n m\u00e0u pha vui l\u00f2ng li\u00ean h\u1ec7 \u0111\u1ec3 bi\u1ebft chi ti\u1ebft)<\/span><\/em><\/span><\/p>\n<p>&nbsp;<\/p>\n<p>&nbsp;<\/p>\n","protected":false},"featured_media":1527,"comment_status":"open","ping_status":"closed","template":"","meta":[],"product_cat":[139,153,156],"product_tag":[],"class_list":{"0":"post-1528","1":"product","2":"type-product","3":"status-publish","4":"has-post-thumbnail","6":"product_cat-son","7":"product_cat-son-jotun-tai-da-nang","8":"product_cat-son-phu-ngoai-that-jotun","10":"first","11":"instock","12":"sale","13":"shipping-taxable","14":"purchasable","15":"product-type-simple"},"yoast_head":"<!-- This site is optimized with the Yoast SEO Premium plugin v22.3 (Yoast SEO v22.8) - https:\/\/yoast.com\/wordpress\/plugins\/seo\/ -->\n<title>Gi\u00e1 s\u01a1n ngo\u1ea1i th\u1ea5t Jotun Jotashield t\u1ea1i \u0110\u00e0 N\u1eb5ng - 0903.595.049<\/title>\n<meta name=\"description\" content=\"Tr\u1ea7n Th\u1ecb l\u00e0 \u0111\u1ea1i l\u00fd S\u01a1n ngo\u1ea1i th\u1ea5t Jotun Jotashield ch\u1ed1ng phai m\u00e0u t\u1ea1i \u0111\u00e0 n\u1eb5ng, ph\u1ee5c v\u1ee5 t\u1eadn ch\u00e2n c\u00f4ng tr\u00ecnh v\u1edbi gi\u00e1 r\u1ebb nh\u1ea5t th\u1ecb tr\u01b0\u1eddng \u0110\u00e0 N\u1eb5ng.\" \/>\n<meta name=\"robots\" content=\"index, follow, max-snippet:-1, max-image-preview:large, max-video-preview:-1\" \/>\n<link rel=\"canonical\" href=\"https:\/\/tranthi.vn\/quangnam\/son-phu-ngoai-that-jotun-jotashield-chong-phai-mau-da-nang\/\" \/>\n<meta property=\"og:locale\" content=\"vi_VN\" \/>\n<meta property=\"og:type\" content=\"article\" \/>\n<meta property=\"og:title\" content=\"Jotun Jotashield Ch\u1ed1ng Phai M\u00e0u- 15L T\" \/>\n<meta property=\"og:description\" content=\"Tr\u1ea7n Th\u1ecb l\u00e0 \u0111\u1ea1i l\u00fd S\u01a1n ngo\u1ea1i th\u1ea5t Jotun Jotashield ch\u1ed1ng phai m\u00e0u t\u1ea1i \u0111\u00e0 n\u1eb5ng, ph\u1ee5c v\u1ee5 t\u1eadn ch\u00e2n c\u00f4ng tr\u00ecnh v\u1edbi gi\u00e1 r\u1ebb nh\u1ea5t th\u1ecb tr\u01b0\u1eddng \u0110\u00e0 N\u1eb5ng.\" \/>\n<meta property=\"og:url\" content=\"https:\/\/tranthi.vn\/quangnam\/son-phu-ngoai-that-jotun-jotashield-chong-phai-mau-da-nang\/\" \/>\n<meta property=\"og:site_name\" content=\"V\u1eadt Li\u1ec7u X\u00e2y D\u1ef1ng Tr\u1ea7n Th\u1ecb Chi Nh\u00e1nh Qu\u1ea3ng Nam\" \/>\n<meta property=\"article:modified_time\" content=\"2024-06-13T02:30:37+00:00\" \/>\n<meta property=\"og:image\" content=\"https:\/\/tranthi.vn\/quangnam\/wp-content\/uploads\/2021\/02\/son-phu-ngoai-that-jotun-jotashield-chong-phai-mau-1-300x300_optimized.jpg\" \/>\n\t<meta property=\"og:image:width\" content=\"300\" \/>\n\t<meta property=\"og:image:height\" content=\"300\" \/>\n\t<meta property=\"og:image:type\" content=\"image\/jpeg\" \/>\n<meta name=\"twitter:card\" content=\"summary_large_image\" \/>\n<meta name=\"twitter:label1\" content=\"Gi\u00e1\" \/>\n\t<meta name=\"twitter:data1\" content=\"3,040,000&nbsp;&#8363;\" \/>\n\t<meta name=\"twitter:label2\" content=\"Kh\u1ea3 d\u1ee5ng\" \/>\n\t<meta name=\"twitter:data2\" content=\"Trong kho\" \/>\n<script type=\"application\/ld+json\" class=\"yoast-schema-graph\">{\"@context\":\"https:\/\/schema.org\",\"@graph\":[{\"@type\":[\"WebPage\",\"ItemPage\"],\"@id\":\"https:\/\/tranthi.vn\/quangnam\/son-phu-ngoai-that-jotun-jotashield-chong-phai-mau-da-nang\/\",\"url\":\"https:\/\/tranthi.vn\/quangnam\/son-phu-ngoai-that-jotun-jotashield-chong-phai-mau-da-nang\/\",\"name\":\"Gi\u00e1 s\u01a1n ngo\u1ea1i th\u1ea5t Jotun Jotashield t\u1ea1i \u0110\u00e0 N\u1eb5ng - 0903.595.049\",\"isPartOf\":{\"@id\":\"https:\/\/tranthi.vn\/quangnam\/#website\"},\"primaryImageOfPage\":{\"@id\":\"https:\/\/tranthi.vn\/quangnam\/son-phu-ngoai-that-jotun-jotashield-chong-phai-mau-da-nang\/#primaryimage\"},\"image\":{\"@id\":\"https:\/\/tranthi.vn\/quangnam\/son-phu-ngoai-that-jotun-jotashield-chong-phai-mau-da-nang\/#primaryimage\"},\"thumbnailUrl\":\"https:\/\/tranthi.vn\/quangnam\/wp-content\/uploads\/2021\/02\/son-phu-ngoai-that-jotun-jotashield-chong-phai-mau-1-300x300_optimized.jpg\",\"datePublished\":\"2021-02-17T10:44:12+00:00\",\"dateModified\":\"2024-06-13T02:30:37+00:00\",\"description\":\"Tr\u1ea7n Th\u1ecb l\u00e0 \u0111\u1ea1i l\u00fd S\u01a1n ngo\u1ea1i th\u1ea5t Jotun Jotashield ch\u1ed1ng phai m\u00e0u t\u1ea1i \u0111\u00e0 n\u1eb5ng, ph\u1ee5c v\u1ee5 t\u1eadn ch\u00e2n c\u00f4ng tr\u00ecnh v\u1edbi gi\u00e1 r\u1ebb nh\u1ea5t th\u1ecb tr\u01b0\u1eddng \u0110\u00e0 N\u1eb5ng.\",\"breadcrumb\":{\"@id\":\"https:\/\/tranthi.vn\/quangnam\/son-phu-ngoai-that-jotun-jotashield-chong-phai-mau-da-nang\/#breadcrumb\"},\"inLanguage\":\"vi\",\"potentialAction\":[{\"@type\":\"ReadAction\",\"target\":[\"https:\/\/tranthi.vn\/quangnam\/son-phu-ngoai-that-jotun-jotashield-chong-phai-mau-da-nang\/\"]}]},{\"@type\":\"ImageObject\",\"inLanguage\":\"vi\",\"@id\":\"https:\/\/tranthi.vn\/quangnam\/son-phu-ngoai-that-jotun-jotashield-chong-phai-mau-da-nang\/#primaryimage\",\"url\":\"https:\/\/tranthi.vn\/quangnam\/wp-content\/uploads\/2021\/02\/son-phu-ngoai-that-jotun-jotashield-chong-phai-mau-1-300x300_optimized.jpg\",\"contentUrl\":\"https:\/\/tranthi.vn\/quangnam\/wp-content\/uploads\/2021\/02\/son-phu-ngoai-that-jotun-jotashield-chong-phai-mau-1-300x300_optimized.jpg\",\"width\":300,\"height\":300},{\"@type\":\"BreadcrumbList\",\"@id\":\"https:\/\/tranthi.vn\/quangnam\/son-phu-ngoai-that-jotun-jotashield-chong-phai-mau-da-nang\/#breadcrumb\",\"itemListElement\":[{\"@type\":\"ListItem\",\"position\":1,\"name\":\"Trang ch\u1ee7\",\"item\":\"https:\/\/tranthi.vn\/quangnam\/\"},{\"@type\":\"ListItem\",\"position\":2,\"name\":\"Shop\",\"item\":\"https:\/\/tranthi.vn\/quangnam\/shop\/\"},{\"@type\":\"ListItem\",\"position\":3,\"name\":\"Jotun Jotashield Ch\u1ed1ng Phai M\u00e0u- 15L T\"}]},{\"@type\":\"WebSite\",\"@id\":\"https:\/\/tranthi.vn\/quangnam\/#website\",\"url\":\"https:\/\/tranthi.vn\/quangnam\/\",\"name\":\"V\u1eadt Li\u1ec7u X\u00e2y D\u1ef1ng Tr\u1ea7n Th\u1ecb Chi Nh\u00e1nh Qu\u1ea3ng Nam\",\"description\":\"V\u1eadt Li\u1ec7u X\u00e2y D\u1ef1ng - Qu\u1ea3ng Nam\",\"potentialAction\":[{\"@type\":\"SearchAction\",\"target\":{\"@type\":\"EntryPoint\",\"urlTemplate\":\"https:\/\/tranthi.vn\/quangnam\/?s={search_term_string}\"},\"query-input\":\"required name=search_term_string\"}],\"inLanguage\":\"vi\"},{\"@type\":\"ImageObject\",\"inLanguage\":\"vi\",\"@id\":\"https:\/\/tranthi.vn\/quangnam\/son-phu-ngoai-that-jotun-jotashield-chong-phai-mau-da-nang\/#local-main-organization-logo\",\"url\":\"\",\"contentUrl\":\"\",\"caption\":\"V\u1eadt Li\u1ec7u X\u00e2y D\u1ef1ng Tr\u1ea7n Th\u1ecb Chi Nh\u00e1nh Qu\u1ea3ng Nam\"}]}<\/script>\n<meta property=\"product:price:amount\" content=\"3040000\" \/>\n<meta property=\"product:price:currency\" content=\"VND\" \/>\n<meta property=\"og:availability\" content=\"instock\" \/>\n<meta property=\"product:availability\" content=\"instock\" \/>\n<meta property=\"product:condition\" content=\"new\" \/>\n<!-- \/ Yoast SEO Premium plugin. -->","yoast_head_json":{"title":"Gi\u00e1 s\u01a1n ngo\u1ea1i th\u1ea5t Jotun Jotashield t\u1ea1i \u0110\u00e0 N\u1eb5ng - 0903.595.049","description":"Tr\u1ea7n Th\u1ecb l\u00e0 \u0111\u1ea1i l\u00fd S\u01a1n ngo\u1ea1i th\u1ea5t Jotun Jotashield ch\u1ed1ng phai m\u00e0u t\u1ea1i \u0111\u00e0 n\u1eb5ng, ph\u1ee5c v\u1ee5 t\u1eadn ch\u00e2n c\u00f4ng tr\u00ecnh v\u1edbi gi\u00e1 r\u1ebb nh\u1ea5t th\u1ecb tr\u01b0\u1eddng \u0110\u00e0 N\u1eb5ng.","robots":{"index":"index","follow":"follow","max-snippet":"max-snippet:-1","max-image-preview":"max-image-preview:large","max-video-preview":"max-video-preview:-1"},"canonical":"https:\/\/tranthi.vn\/quangnam\/son-phu-ngoai-that-jotun-jotashield-chong-phai-mau-da-nang\/","og_locale":"vi_VN","og_type":"article","og_title":"Jotun Jotashield Ch\u1ed1ng Phai M\u00e0u- 15L T","og_description":"Tr\u1ea7n Th\u1ecb l\u00e0 \u0111\u1ea1i l\u00fd S\u01a1n ngo\u1ea1i th\u1ea5t Jotun Jotashield ch\u1ed1ng phai m\u00e0u t\u1ea1i \u0111\u00e0 n\u1eb5ng, ph\u1ee5c v\u1ee5 t\u1eadn ch\u00e2n c\u00f4ng tr\u00ecnh v\u1edbi gi\u00e1 r\u1ebb nh\u1ea5t th\u1ecb tr\u01b0\u1eddng \u0110\u00e0 N\u1eb5ng.","og_url":"https:\/\/tranthi.vn\/quangnam\/son-phu-ngoai-that-jotun-jotashield-chong-phai-mau-da-nang\/","og_site_name":"V\u1eadt Li\u1ec7u X\u00e2y D\u1ef1ng Tr\u1ea7n Th\u1ecb Chi Nh\u00e1nh Qu\u1ea3ng Nam","article_modified_time":"2024-06-13T02:30:37+00:00","og_image":[{"width":300,"height":300,"url":"https:\/\/tranthi.vn\/quangnam\/wp-content\/uploads\/2021\/02\/son-phu-ngoai-that-jotun-jotashield-chong-phai-mau-1-300x300_optimized.jpg","type":"image\/jpeg"}],"twitter_card":"summary_large_image","twitter_misc":{"Gi\u00e1":"3,040,000&nbsp;&#8363;","Kh\u1ea3 d\u1ee5ng":"Trong kho"},"schema":{"@context":"https:\/\/schema.org","@graph":[{"@type":["WebPage","ItemPage"],"@id":"https:\/\/tranthi.vn\/quangnam\/son-phu-ngoai-that-jotun-jotashield-chong-phai-mau-da-nang\/","url":"https:\/\/tranthi.vn\/quangnam\/son-phu-ngoai-that-jotun-jotashield-chong-phai-mau-da-nang\/","name":"Gi\u00e1 s\u01a1n ngo\u1ea1i th\u1ea5t Jotun Jotashield t\u1ea1i \u0110\u00e0 N\u1eb5ng - 0903.595.049","isPartOf":{"@id":"https:\/\/tranthi.vn\/quangnam\/#website"},"primaryImageOfPage":{"@id":"https:\/\/tranthi.vn\/quangnam\/son-phu-ngoai-that-jotun-jotashield-chong-phai-mau-da-nang\/#primaryimage"},"image":{"@id":"https:\/\/tranthi.vn\/quangnam\/son-phu-ngoai-that-jotun-jotashield-chong-phai-mau-da-nang\/#primaryimage"},"thumbnailUrl":"https:\/\/tranthi.vn\/quangnam\/wp-content\/uploads\/2021\/02\/son-phu-ngoai-that-jotun-jotashield-chong-phai-mau-1-300x300_optimized.jpg","datePublished":"2021-02-17T10:44:12+00:00","dateModified":"2024-06-13T02:30:37+00:00","description":"Tr\u1ea7n Th\u1ecb l\u00e0 \u0111\u1ea1i l\u00fd S\u01a1n ngo\u1ea1i th\u1ea5t Jotun Jotashield ch\u1ed1ng phai m\u00e0u t\u1ea1i \u0111\u00e0 n\u1eb5ng, ph\u1ee5c v\u1ee5 t\u1eadn ch\u00e2n c\u00f4ng tr\u00ecnh v\u1edbi gi\u00e1 r\u1ebb nh\u1ea5t th\u1ecb tr\u01b0\u1eddng \u0110\u00e0 N\u1eb5ng.","breadcrumb":{"@id":"https:\/\/tranthi.vn\/quangnam\/son-phu-ngoai-that-jotun-jotashield-chong-phai-mau-da-nang\/#breadcrumb"},"inLanguage":"vi","potentialAction":[{"@type":"ReadAction","target":["https:\/\/tranthi.vn\/quangnam\/son-phu-ngoai-that-jotun-jotashield-chong-phai-mau-da-nang\/"]}]},{"@type":"ImageObject","inLanguage":"vi","@id":"https:\/\/tranthi.vn\/quangnam\/son-phu-ngoai-that-jotun-jotashield-chong-phai-mau-da-nang\/#primaryimage","url":"https:\/\/tranthi.vn\/quangnam\/wp-content\/uploads\/2021\/02\/son-phu-ngoai-that-jotun-jotashield-chong-phai-mau-1-300x300_optimized.jpg","contentUrl":"https:\/\/tranthi.vn\/quangnam\/wp-content\/uploads\/2021\/02\/son-phu-ngoai-that-jotun-jotashield-chong-phai-mau-1-300x300_optimized.jpg","width":300,"height":300},{"@type":"BreadcrumbList","@id":"https:\/\/tranthi.vn\/quangnam\/son-phu-ngoai-that-jotun-jotashield-chong-phai-mau-da-nang\/#breadcrumb","itemListElement":[{"@type":"ListItem","position":1,"name":"Trang ch\u1ee7","item":"https:\/\/tranthi.vn\/quangnam\/"},{"@type":"ListItem","position":2,"name":"Shop","item":"https:\/\/tranthi.vn\/quangnam\/shop\/"},{"@type":"ListItem","position":3,"name":"Jotun Jotashield Ch\u1ed1ng Phai M\u00e0u- 15L T"}]},{"@type":"WebSite","@id":"https:\/\/tranthi.vn\/quangnam\/#website","url":"https:\/\/tranthi.vn\/quangnam\/","name":"V\u1eadt Li\u1ec7u X\u00e2y D\u1ef1ng Tr\u1ea7n Th\u1ecb Chi Nh\u00e1nh Qu\u1ea3ng Nam","description":"V\u1eadt Li\u1ec7u X\u00e2y D\u1ef1ng - Qu\u1ea3ng Nam","potentialAction":[{"@type":"SearchAction","target":{"@type":"EntryPoint","urlTemplate":"https:\/\/tranthi.vn\/quangnam\/?s={search_term_string}"},"query-input":"required name=search_term_string"}],"inLanguage":"vi"},{"@type":"ImageObject","inLanguage":"vi","@id":"https:\/\/tranthi.vn\/quangnam\/son-phu-ngoai-that-jotun-jotashield-chong-phai-mau-da-nang\/#local-main-organization-logo","url":"","contentUrl":"","caption":"V\u1eadt Li\u1ec7u X\u00e2y D\u1ef1ng Tr\u1ea7n Th\u1ecb Chi Nh\u00e1nh Qu\u1ea3ng Nam"}]},"product_price_amount":"3040000","product_price_currency":"VND","og_availability":"instock","product_availability":"instock","product_condition":"new"},"_links":{"self":[{"href":"https:\/\/tranthi.vn\/quangnam\/wp-json\/wp\/v2\/product\/1528","targetHints":{"allow":["GET"]}}],"collection":[{"href":"https:\/\/tranthi.vn\/quangnam\/wp-json\/wp\/v2\/product"}],"about":[{"href":"https:\/\/tranthi.vn\/quangnam\/wp-json\/wp\/v2\/types\/product"}],"replies":[{"embeddable":true,"href":"https:\/\/tranthi.vn\/quangnam\/wp-json\/wp\/v2\/comments?post=1528"}],"wp:featuredmedia":[{"embeddable":true,"href":"https:\/\/tranthi.vn\/quangnam\/wp-json\/wp\/v2\/media\/1527"}],"wp:attachment":[{"href":"https:\/\/tranthi.vn\/quangnam\/wp-json\/wp\/v2\/media?parent=1528"}],"wp:term":[{"taxonomy":"product_cat","embeddable":true,"href":"https:\/\/tranthi.vn\/quangnam\/wp-json\/wp\/v2\/product_cat?post=1528"},{"taxonomy":"product_tag","embeddable":true,"href":"https:\/\/tranthi.vn\/quangnam\/wp-json\/wp\/v2\/product_tag?post=1528"}],"curies":[{"name":"wp","href":"https:\/\/api.w.org\/{rel}","templated":true}]}}