{"id":793,"date":"2021-02-16T15:21:55","date_gmt":"2021-02-16T08:21:55","guid":{"rendered":"http:\/\/new-tranthi.test\/san-pham\/bot-ngoai-troi-nippon\/"},"modified":"2024-07-27T13:37:39","modified_gmt":"2024-07-27T06:37:39","slug":"gia-bot-ngoai-troi-nippon-quang-tri","status":"publish","type":"product","link":"https:\/\/tranthi.vn\/quang-tri\/gia-bot-ngoai-troi-nippon-quang-tri\/","title":{"rendered":"B\u1ed9t Tr\u00e9t Ngo\u00e0i Tr\u1eddi Nippon"},"content":{"rendered":"<h1 style=\"text-align: center;\"><span style=\"font-size: 24pt; color: #008000;\"><strong><span style=\"font-family: 'times new roman', times, serif;\"><a style=\"color: #008000;\" href=\"https:\/\/tranthi.vn\/quang-tri\/gia-bot-ngoai-troi-nippon-da-nang\">B\u1ed9t ngo\u00e0i tr\u1eddi Nippon<\/a><\/span><\/strong><\/span><\/h1>\n<p><span style=\"font-family: 'times new roman', times, serif; font-size: 14pt;\">&#8220;<strong><em><span style=\"color: #008000;\">Gi\u00e1 b\u1ed9t ngo\u00e0i tr\u1eddi Nippon t\u1ea1i Qu\u1ea3ng Tr\u1ecb<\/span><\/em><\/strong>&#8220;. Gi\u00fap l\u00e0m \u0111\u1ea7y nh\u1eefng v\u1ebft n\u1ee9t nh\u1ecf c\u0169ng nh\u01b0 che l\u1ea5p v\u00e0 l\u00e0m nh\u1eb5n c\u00e1c b\u1ec1 m\u1eb7t h\u1ed3 v\u1eefa. v\u1edbi nhu c\u1ea7u th\u1ea9m m\u1ef9 x\u00e2y d\u1ef1ng ng\u00e0y c\u00e0ng cao nh\u01b0 hi\u1ec7n nay. Tranthi.vn s\u1ebd \u0111\u01b0a \u0111\u1ebfn cho b\u1ea1n \u0111\u1ecdc m\u1ed9t gi\u1ea3i ph\u00e1p hi\u1ec7u qu\u1ea3 v\u00e0 ti\u1ebft ki\u1ec7m chi ph\u00ed nh\u1ea5t cho ng\u00f4i nh\u00e0 c\u1ee7a m\u00ecnh.<\/span><\/p>\n<h2><span style=\"font-family: 'times new roman', times, serif; font-size: 14pt; color: #008000;\"><strong>1. C\u00d4NG D\u1ee4NG B\u1ed8T NIPPON NGO\u00c0I TR\u1edcI.<\/strong><\/span><\/h2>\n<p><span style=\"font-family: 'times new roman', times, serif; font-size: 14pt;\">S\u01a1n Nippon lu\u00f4n \u0111\u01b0\u1ee3c l\u00f2ng kh\u00e1ch h\u00e0ng v\u00e0 <strong><em><span style=\"color: #008000;\">Gi\u00e1 b\u1ed9t ngo\u00e0i tr\u1eddi Nippon t\u1ea1i <a href=\"https:\/\/vi.wikipedia.org\/wiki\/Qu%E1%BA%A3ng_Tr%E1%BB%8B\">Qu\u1ea3ng Tr\u1ecb <\/a><\/span><\/em><\/strong>kh\u00e1 c\u1ea1nh tranh<\/span><\/p>\n<p><span style=\"font-family: 'times new roman', times, serif; font-size: 14pt;\"> \u0110\u01b0\u1ee3c s\u1eed d\u1ee5ng nh\u01b0 l\u00e0 ch\u1ea5t tr\u00e9t cho c\u00e1c b\u1ec1 m\u1eb7t n\u1ed9i th\u1ea5t nh\u01b0:<\/span><\/p>\n<ul>\n<li><span style=\"font-family: 'times new roman', times, serif; font-size: 14pt;\">T\u01b0\u1eddng tr\u00e1t v\u1eefa<\/span><\/li>\n<li><span style=\"font-family: 'times new roman', times, serif; font-size: 14pt;\">T\u01b0\u1eddng g\u1ea1ch<\/span><\/li>\n<li><span style=\"font-family: 'times new roman', times, serif; font-size: 14pt;\">B\u00ea t\u00f4ng<\/span><\/li>\n<li><span style=\"font-family: 'times new roman', times, serif; font-size: 14pt;\">G\u1ed7 (\u0111\u00e3 \u0111\u01b0\u1ee3c s\u01a1n l\u00f3t)<\/span><\/li>\n<\/ul>\n<p><img loading=\"lazy\" decoding=\"async\" class=\"size-medium wp-image-799 aligncenter\" src=\"https:\/\/tranthi.vn\/quang-tri\/wp-content\/uploads\/2021\/02\/ba3-369x400.jpg\" alt=\"\" width=\"369\" height=\"400\" srcset=\"https:\/\/tranthi.vn\/quang-tri\/wp-content\/uploads\/2021\/02\/ba3-369x400.jpg 369w, https:\/\/tranthi.vn\/quang-tri\/wp-content\/uploads\/2021\/02\/ba3.jpg 373w\" sizes=\"auto, (max-width: 369px) 100vw, 369px\" \/><\/p>\n<p style=\"text-align: center;\"><em><span style=\"font-family: 'times new roman', times, serif; font-size: 14pt; color: #008000;\">X\u1eed l\u00fd b\u1ec1 m\u1eb7t tr\u01b0\u1edbc khi thi c\u00f4ng<\/span><\/em><\/p>\n<p><span style=\"font-family: 'times new roman', times, serif; font-size: 14pt;\">B\u1ec1 m\u1eb7t c\u1ee7a s\u1ea3n ph\u1ea9m sau khi ho\u00e0n thi\u1ec7n s\u1ebd m\u1edd c\u00f3 m\u00e0u tr\u1eafng v\u00e0 kh\u00f4ng b\u1ecb l\u1ed9 g\u00e2y m\u1ea5t th\u1ea9m m\u1ef9.<\/span><\/p>\n<h3><span style=\"font-size: 14pt; color: #008000; font-family: 'times new roman', times, serif;\"><strong>2. \u0110\u1eb6C \u0110I\u1ec2M B\u1ed8T NIPPON NGO\u00c0I TR\u1edcI:<\/strong><\/span><\/h3>\n<p><span style=\"font-family: 'times new roman', times, serif; font-size: 14pt;\"><strong><span style=\"color: #ff0000;\">L\u01b0u \u00fd:<\/span><\/strong> Khi s\u1eed d\u1ee5ng <em><strong>b\u1ed9t ngo\u00e0i tr\u1eddi Nippon<\/strong><\/em> ph\u1ea3i \u0111\u1ea3m b\u1ea3o b\u1ec1 m\u1eb7t lu\u00f4n s\u1ea1ch s\u1ebd v\u00e0 \u1ed5n \u0111\u1ecbnh. Trong tr\u01b0\u1eddng h\u1ee3p t\u01b0\u1eddng qu\u00e1 kh\u00f4 ho\u1eb7c h\u00fat\u00a0 n\u01b0\u1edbc n\u00ean l\u00e0m \u1ea9m b\u1eb1ng n\u01b0\u1edbc s\u1ea1ch tr\u01b0\u1edbc khi ti\u1ebfn h\u00e0nh tr\u00e9t b\u1ed9t.<\/span><\/p>\n<ul>\n<li><span style=\"font-family: 'times new roman', times, serif; font-size: 14pt;\">D\u1ec5 s\u1eed d\u1ee5ng<\/span><\/li>\n<li><span style=\"font-family: 'times new roman', times, serif; font-size: 14pt;\">\u0110\u1ed9 b\u00e1m d\u00ednh r\u1ea5t t\u1ed1t tr\u00ean c\u00e1c b\u1ec1 m\u1eb7t kh\u00f4ng qu\u00e1 kh\u00f4, \u0111\u00e3 \u0111\u01b0\u1ee3c l\u00e0m s\u1ea1ch&#8230;<\/span><\/li>\n<li><span style=\"font-family: 'times new roman', times, serif; font-size: 14pt;\">R\u1ea5t ti\u1ebft ki\u1ec7m chi ph\u00ed khi s\u1eed d\u1ee5ng<\/span><\/li>\n<li><span style=\"font-family: 'times new roman', times, serif; font-size: 14pt;\">Kh\u00f4ng b\u1ecb n\u1ee9t g\u00e3y \u1edf \u0111i\u1ec1u ki\u1ec7n thi c\u00f4ng b\u00ecnh th\u01b0\u1eddng<\/span><\/li>\n<\/ul>\n<h4><span style=\"color: #008000; font-family: 'times new roman', times, serif; font-size: 14pt;\"><strong>3. T\u00d3M T\u1eaeT PH\u01af\u01a0NG PH\u00c1P THI C\u00d4NG<\/strong><\/span><\/h4>\n<ul>\n<li><span style=\"font-family: 'times new roman', times, serif; font-size: 14pt;\">S\u1eed d\u1ee5ng dao tr\u00e9t \u0111\u1ec3 tr\u00e9t m\u1ed9t l\u1edbp nippon l\u00ean b\u1ec1 m\u1eb7t<\/span><\/li>\n<li><span style=\"font-family: 'times new roman', times, serif; font-size: 14pt;\">\u0110\u1ec3 l\u1edbp th\u1ee9 nh\u1ea5t kh\u00f4 kho\u1ea3ng <span style=\"color: #ff6600;\"><strong>16<\/strong><\/span> gi\u1edd ho\u1eb7c khi b\u1ec1 m\u1eb7t h\u01a1i se l\u1ea1i th\u00ec tr\u00e9t l\u1edbp th\u1ee9 hai v\u1edbi \u0111\u1ed9 d\u00e0y t\u01b0\u01a1ng t\u1ef1<\/span><\/li>\n<li><span style=\"font-family: 'times new roman', times, serif; font-size: 14pt;\">Ti\u1ebfn h\u00e0nh ch\u00e0 l\u00e1ng sau khi l\u1edbp th\u1ee9 hai kh\u00f4 b\u1ec1 m\u1eb7t s\u1ebd r\u1ea5t ph\u1eb3ng m\u1ecbn<\/span><\/li>\n<\/ul>\n<h5><span style=\"color: #008000; font-family: 'times new roman', times, serif; font-size: 14pt;\"><strong>4. L\u01afU \u00dd:<\/strong><\/span><\/h5>\n<ul>\n<li><span style=\"font-family: 'times new roman', times, serif; font-size: 14pt;\">B\u1ed9t Nippon n\u00f3i ri\u00eang v\u00e0 c\u00e1c lo\u1ea1i b\u1ed9t tr\u1ebb n\u00f3i chung, r\u1ea5t d\u1ec5 h\u00fat \u1ea9m. N\u00ean khi s\u1eed d\u1ee5ng xong c\u1ea7n c\u1ed9t ch\u1eb7t mi\u1ec7ng bao, c\u1ea5t gi\u1eef n\u01a1i tho\u00e1ng m\u00e1t, nhi\u1ec7t \u0111\u1ed9 t\u1eeb <span style=\"color: #ff6600;\"><strong>5\u00b0C<\/strong><\/span> \u2013 <strong><span style=\"color: #ff6600;\">40\u00b0C<\/span><\/strong>,<\/span><\/li>\n<li><span style=\"font-family: 'times new roman', times, serif; font-size: 14pt;\">Th\u1eddi ti\u1ebft <em><a href=\"https:\/\/vi.wikipedia.org\/wiki\/Qu%E1%BA%A3ng_Tr%E1%BB%8B\">Qu\u1ea3ng Tr\u1ecb<\/a>\u00a0<\/em>th\u01b0\u1eddng m\u01b0a v\u00e0 h\u01a1i \u1ea9m v\u00e0o th\u00e1ng <span style=\"color: #ff6600;\"><strong>9<\/strong><\/span> th\u00e1ng <strong><span style=\"color: #ff6600;\">10<\/span><\/strong> \u00e2m l\u1ecbch, v\u00ec v\u1eady c\u00e1c b\u1ea1n c\u1ea7n che ch\u1eafn k\u1ef9 l\u01b0\u1ee1ng \u0111\u1ec3 tr\u00e1nh b\u1ecb v\u00f3n c\u1ee5c, kh\u00f4ng thi c\u00f4ng \u0111\u01b0\u1ee3c<\/span><\/li>\n<li><span style=\"font-family: 'times new roman', times, serif; font-size: 14pt;\">Kh\u00f4ng tr\u00e9t <strong><span style=\"color: #008000;\">b\u1ed9t <\/span><span style=\"font-family: 'times new roman', times, serif; font-size: 14pt; color: #008000;\">nippon ngo\u00e0i tr\u1eddi\u00a0<\/span><\/strong>\u00a0tr\u00ean c\u00e1c b\u1ec1 m\u1eb7t t\u01b0\u1eddng \u0111\u00e3 s\u01a1n, tr\u00e1t v\u1eefa c\u00f3 th\u1ec3 tan trong n\u01b0\u1edbc v\u00e0 tr\u00ean c\u00e1c n\u1ec1n s\u00e0n \u0111\u00e3 \u0111\u01b0\u1ee3c l\u00e0m l\u00e1ng<\/span><\/li>\n<li><span style=\"font-family: 'times new roman', times, serif; font-size: 14pt;\">Kh\u00f4ng thi c\u00f4ng b\u1ed9t nippon khi nhi\u1ec7t \u0111\u1ed9 th\u1ea5p h\u01a1n <span style=\"color: #ff6600;\"><strong>10\u00b0C<\/strong><\/span> v\u00e0 \u0111\u1ed9 \u1ea9m l\u1edbn h\u01a1n <strong><span style=\"color: #ff6600;\">85%<\/span><\/strong><\/span><\/li>\n<\/ul>\n<p><strong><span style=\"font-family: 'times new roman', times, serif; font-size: 14pt; color: #ff0000;\">C\u00e1c s\u1ea3n ph\u1ea9m s\u01a1n Nippon Tr\u1ea7n Th\u1ecb \u0111ang cung c\u1ea5p<\/span><\/strong><\/p>\n<p><span style=\"font-family: 'times new roman', times, serif; font-size: 14pt;\">\u1ede khu v\u1ef1c c\u00e1c t\u1ec9nh mi\u1ec1n trung nh\u01b0<b>:<\/b>\u00a0<em><strong>\u0110\u00e0 N\u1eb5ng,\u00a0<\/strong><\/em> <strong><a href=\"https:\/\/vi.wikipedia.org\/wiki\/%C4%90%C3%B4ng_H%C3%A0\">\u0110\u00f4ng H\u00e0 Qu\u1ea3ng tr\u1ecb<\/a><\/strong>, <strong><a href=\"https:\/\/vi.wikipedia.org\/wiki\/H%E1%BB%99i_An\">H\u1ed9i An<\/a><\/strong>, <strong><a href=\"https:\/\/vi.wikipedia.org\/wiki\/Tam_K%E1%BB%B3\">Tam k\u1ef3 Qu\u1ea3ng Nam<\/a><\/strong>,<strong><a href=\"https:\/\/vi.wikipedia.org\/wiki\/Hu%E1%BA%BF\"> Hu\u1ebf<\/a><\/strong> , <strong><a href=\"https:\/\/vi.wikipedia.org\/wiki\/Qu%E1%BA%A3ng_Ng%C3%A3i\">Qu\u1ea3ng Ng\u00e3i\u00a0<\/a> . <\/strong>Th\u1eddi ti\u1ebft th\u01b0\u1eddng xu\u1ea5t hi\u1ec7n m\u01b0a gi\u00f4ng v\u00e0o c\u00e1c th\u00e1ng 7,8,9 n\u00ean c\u1ea7n theo d\u00f5i th\u1eddi ti\u1ebft tr\u01b0\u1edbc khi thi c\u00f4ng nh\u00e9\u00a0 \u00a0 \u00a0 \u00a0 \u00a0 \u00a0<\/span><\/p>\n<p><span style=\"font-family: 'times new roman', times, serif; font-size: 14pt;\">V\u1edbi b\u00e0i vi\u1ebft &#8221; B\u1ed9t ngo\u00e0i tr\u1eddi Nippon&#8221; tranthi.vn hi v\u1ecdng \u0111em \u0111\u1ebfn cho b\u1ea1n \u0111\u1ecdc nh\u1eefng th\u00f4ng tin b\u1ed5 \u00edch. \u0110\u1ebfn v\u1edbi tranthi.vn m\u1ecdi ng\u01b0\u1eddi lu\u00f4n \u0111\u01b0\u1ee3c s\u1eed d\u1ee5ng nh\u1eefng s\u1ea3n ph\u1ea9m ch\u1ea5t l\u01b0\u1ee3ng v\u00e0 gi\u00e1 c\u1ea3 lu\u00f4n lu\u00f4n h\u1ee3p l\u00ed<\/span><\/p>\n","protected":false},"excerpt":{"rendered":"<p><span style=\"font-family: 'times new roman', times, serif; font-size: 130%;\"><strong><a href=\"https:\/\/nipponpaint.com.vn\/vi\/dai-ly?keyword=&amp;f%5B%5D=subdivision%3ATh%C3%A0nh+ph%E1%BB%91+%C4%90%C3%A0+N%E1%BA%B5ng\"><span style=\"font-size: 150%; color: #ff6600;\">\u2666<\/span><\/a><\/strong> Giao h\u00e0ng trong \u0111\u1ecba b\u00e0n Qu\u1ea3ng Tr\u1ecb<\/span><\/p>\n<p><span style=\"font-family: 'times new roman', times, serif; font-size: 130%;\"><strong><a href=\"https:\/\/nipponpaint.com.vn\/vi\/dai-ly?keyword=&amp;f%5B%5D=subdivision%3ATh%C3%A0nh+ph%E1%BB%91+%C4%90%C3%A0+N%E1%BA%B5ng\"><span style=\"font-size: 150%; color: #ff6600;\">\u2666<\/span><\/a><\/strong> \u0110\u01a1n v\u1ecb t\u00ednh: Bao 40kg<\/span><\/p>\n<p><span style=\"font-family: 'times new roman', times, serif; font-size: 130%;\"><strong><a href=\"https:\/\/nipponpaint.com.vn\/vi\/dai-ly?keyword=&amp;f%5B%5D=subdivision%3ATh%C3%A0nh+ph%E1%BB%91+%C4%90%C3%A0+N%E1%BA%B5ng\"><span style=\"font-size: 150%; color: #ff6600;\">\u2666<\/span><\/a> <\/strong>\u0110\u01a1n gi\u00e1\u00a0\u00a0\u21d2<strong>\u00a0 <span style=\"color: #808000;\">\u00a0<span style=\"color: #008000;\">385.000\u0111\/ Bao<\/span><\/span><\/strong><\/span><\/p>\n<p><span style=\"font-family: 'times new roman', times, serif; font-size: 130%;\"><strong><a href=\"https:\/\/nipponpaint.com.vn\/vi\/dai-ly?keyword=&amp;f%5B%5D=subdivision%3ATh%C3%A0nh+ph%E1%BB%91+%C4%90%C3%A0+N%E1%BA%B5ng\"><span style=\"font-size: 150%; color: #ff6600;\">\u2666<\/span><\/a><\/strong> Khi mua s\u1ed1 lu\u1ee3ng l\u1edbn s\u1ebd nh\u1eadn \u0111\u01b0\u1ee3c v\u1edbi gi\u00e1 \u01b0u \u0111\u00e3i<\/span><\/p>\n<p><span style=\"font-family: 'times new roman', times, serif; font-size: 130%;\"><strong><a href=\"https:\/\/nipponpaint.com.vn\/vi\/dai-ly?keyword=&amp;f%5B%5D=subdivision%3ATh%C3%A0nh+ph%E1%BB%91+%C4%90%C3%A0+N%E1%BA%B5ng\"><span style=\"font-size: 150%; color: #ff6600;\">\u2666<\/span><\/a><\/strong> B\u1ed9t tr\u00e9t ngo\u1ea1i th\u1ea5t cao c\u1ea5p \u0111\u01b0\u1ee3c pha ch\u1ebf \u0111\u1eb7c bi\u1ec7t \u0111\u00e1p \u1ee9ng nhu c\u1ea7u th\u1ea9m m\u1ef9 v\u1ec1 s\u1ef1 v\u00e1 \u0111\u1ea7y c\u00e1c v\u1ebft n\u1ee9t nh\u1ecf c\u0169ng nh\u01b0 l\u00e1ng m\u1ecbn h\u01a1n cho c\u00e1c b\u1ec1 m\u1eb7t ph\u1ea7n n\u1ec1.<\/span><\/p>\n","protected":false},"featured_media":4901,"comment_status":"open","ping_status":"closed","template":"","meta":[],"product_cat":[159,139,158],"product_tag":[224,903,667],"class_list":{"0":"post-793","1":"product","2":"type-product","3":"status-publish","4":"has-post-thumbnail","6":"product_cat-bot-tret-nippon","7":"product_cat-son","8":"product_cat-son-nippon-gia-re-tai-da-nang","9":"product_tag-bot-nippon-ngoai-troi-gia-re","10":"product_tag-bot-tret-nippon-ngoai-that-cao-cap-tai-hue","11":"product_tag-gia-bot-nippon-tret-tuong-ngoai-that-tai-hue","13":"first","14":"instock","15":"sale","16":"shipping-taxable","17":"purchasable","18":"product-type-simple"},"yoast_head":"<!-- This site is optimized with the Yoast SEO Premium plugin v22.3 (Yoast SEO v24.0) - https:\/\/yoast.com\/wordpress\/plugins\/seo\/ -->\n<title>Gi\u00e1 b\u1ed9t ngo\u00e0i tr\u1eddi Nippon t\u1ea1i Qu\u1ea3ng Tr\u1ecb-0947.335.871<\/title>\n<meta name=\"description\" content=\"Tr\u1ea7n Th\u1ecb - Chuy\u00ean cung c\u1ea5p b\u1ed9t Nippon ngo\u00e0i tr\u1eddi ch\u00ednh h\u00e3ng gi\u00e1 r\u1ebb t\u1ea1i Qu\u1ea3ng Tr\u1ecb, v\u1eadn chuy\u1ec3n t\u1eadn ch\u00e2n c\u00f4ng tr\u00ecnh, uy t\u00edn ch\u1ea5t l\u01b0\u1ee3ng\" \/>\n<meta name=\"robots\" content=\"index, follow, max-snippet:-1, max-image-preview:large, max-video-preview:-1\" \/>\n<link rel=\"canonical\" href=\"https:\/\/tranthi.vn\/quang-tri\/gia-bot-ngoai-troi-nippon-quang-tri\/\" \/>\n<meta property=\"og:locale\" content=\"vi_VN\" \/>\n<meta property=\"og:type\" content=\"article\" \/>\n<meta property=\"og:title\" content=\"B\u1ed9t Tr\u00e9t Ngo\u00e0i Tr\u1eddi Nippon\" \/>\n<meta property=\"og:description\" content=\"Tr\u1ea7n Th\u1ecb - Chuy\u00ean cung c\u1ea5p b\u1ed9t Nippon ngo\u00e0i tr\u1eddi ch\u00ednh h\u00e3ng gi\u00e1 r\u1ebb t\u1ea1i Qu\u1ea3ng Tr\u1ecb, v\u1eadn chuy\u1ec3n t\u1eadn ch\u00e2n c\u00f4ng tr\u00ecnh, uy t\u00edn ch\u1ea5t l\u01b0\u1ee3ng\" \/>\n<meta property=\"og:url\" content=\"https:\/\/tranthi.vn\/quang-tri\/gia-bot-ngoai-troi-nippon-quang-tri\/\" \/>\n<meta property=\"og:site_name\" content=\"V\u1eadt Li\u1ec7u X\u00e2y D\u1ef1ng Tr\u1ea7n Th\u1ecb Chi Nh\u00e1nh Qu\u1ea3ng Tr\u1ecb\" \/>\n<meta property=\"article:modified_time\" content=\"2024-07-27T06:37:39+00:00\" \/>\n<meta property=\"og:image\" content=\"https:\/\/tranthi.vn\/quang-tri\/wp-content\/uploads\/2021\/02\/bot-tret-nippon-ngoai-that-cao-cap-tai-Hue.jpg\" \/>\n\t<meta property=\"og:image:width\" content=\"250\" \/>\n\t<meta property=\"og:image:height\" content=\"250\" \/>\n\t<meta property=\"og:image:type\" content=\"image\/jpeg\" \/>\n<meta name=\"twitter:card\" content=\"summary_large_image\" \/>\n<meta name=\"twitter:label1\" content=\"Gi\u00e1\" \/>\n\t<meta name=\"twitter:data1\" content=\"385,000&nbsp;&#8363;\" \/>\n\t<meta name=\"twitter:label2\" content=\"Kh\u1ea3 d\u1ee5ng\" \/>\n\t<meta name=\"twitter:data2\" content=\"Trong kho\" \/>\n<script type=\"application\/ld+json\" class=\"yoast-schema-graph\">{\"@context\":\"https:\/\/schema.org\",\"@graph\":[{\"@type\":\"WebPage\",\"@id\":\"https:\/\/tranthi.vn\/quang-tri\/gia-bot-ngoai-troi-nippon-quang-tri\/\",\"url\":\"https:\/\/tranthi.vn\/quang-tri\/gia-bot-ngoai-troi-nippon-quang-tri\/\",\"name\":\"Gi\u00e1 b\u1ed9t ngo\u00e0i tr\u1eddi Nippon t\u1ea1i Qu\u1ea3ng Tr\u1ecb-0947.335.871\",\"isPartOf\":{\"@id\":\"https:\/\/tranthi.vn\/quang-tri\/#website\"},\"primaryImageOfPage\":{\"@id\":\"https:\/\/tranthi.vn\/quang-tri\/gia-bot-ngoai-troi-nippon-quang-tri\/#primaryimage\"},\"image\":{\"@id\":\"https:\/\/tranthi.vn\/quang-tri\/gia-bot-ngoai-troi-nippon-quang-tri\/#primaryimage\"},\"thumbnailUrl\":\"https:\/\/tranthi.vn\/quang-tri\/wp-content\/uploads\/2021\/02\/bot-tret-nippon-ngoai-that-cao-cap-tai-Hue.jpg\",\"datePublished\":\"2021-02-16T08:21:55+00:00\",\"dateModified\":\"2024-07-27T06:37:39+00:00\",\"description\":\"Tr\u1ea7n Th\u1ecb - Chuy\u00ean cung c\u1ea5p b\u1ed9t Nippon ngo\u00e0i tr\u1eddi ch\u00ednh h\u00e3ng gi\u00e1 r\u1ebb t\u1ea1i Qu\u1ea3ng Tr\u1ecb, v\u1eadn chuy\u1ec3n t\u1eadn ch\u00e2n c\u00f4ng tr\u00ecnh, uy t\u00edn ch\u1ea5t l\u01b0\u1ee3ng\",\"breadcrumb\":{\"@id\":\"https:\/\/tranthi.vn\/quang-tri\/gia-bot-ngoai-troi-nippon-quang-tri\/#breadcrumb\"},\"inLanguage\":\"vi\",\"potentialAction\":[{\"@type\":\"ReadAction\",\"target\":[\"https:\/\/tranthi.vn\/quang-tri\/gia-bot-ngoai-troi-nippon-quang-tri\/\"]}]},{\"@type\":\"ImageObject\",\"inLanguage\":\"vi\",\"@id\":\"https:\/\/tranthi.vn\/quang-tri\/gia-bot-ngoai-troi-nippon-quang-tri\/#primaryimage\",\"url\":\"https:\/\/tranthi.vn\/quang-tri\/wp-content\/uploads\/2021\/02\/bot-tret-nippon-ngoai-that-cao-cap-tai-Hue.jpg\",\"contentUrl\":\"https:\/\/tranthi.vn\/quang-tri\/wp-content\/uploads\/2021\/02\/bot-tret-nippon-ngoai-that-cao-cap-tai-Hue.jpg\",\"width\":250,\"height\":250,\"caption\":\"b\u1ed9t tr\u00e9t nippon ngo\u1ea1i th\u1ea5t cao c\u1ea5p t\u1ea1i Hu\u1ebf\"},{\"@type\":\"BreadcrumbList\",\"@id\":\"https:\/\/tranthi.vn\/quang-tri\/gia-bot-ngoai-troi-nippon-quang-tri\/#breadcrumb\",\"itemListElement\":[{\"@type\":\"ListItem\",\"position\":1,\"name\":\"Trang Ch\u1ee7\",\"item\":\"https:\/\/tranthi.vn\/quang-tri\/\"},{\"@type\":\"ListItem\",\"position\":2,\"name\":\"Shop\",\"item\":\"https:\/\/tranthi.vn\/quang-tri\/shop\/\"},{\"@type\":\"ListItem\",\"position\":3,\"name\":\"B\u1ed9t Tr\u00e9t Ngo\u00e0i Tr\u1eddi Nippon\"}]},{\"@type\":\"WebSite\",\"@id\":\"https:\/\/tranthi.vn\/quang-tri\/#website\",\"url\":\"https:\/\/tranthi.vn\/quang-tri\/\",\"name\":\"VLXD Tr\u1ea7n Th\u1ecb\",\"description\":\"V\u1eadt Li\u1ec7u X\u00e2y D\u1ef1ng - Qu\u1ea3ng Tr\u1ecb\",\"publisher\":{\"@id\":\"https:\/\/tranthi.vn\/quang-tri\/#organization\"},\"potentialAction\":[{\"@type\":\"SearchAction\",\"target\":{\"@type\":\"EntryPoint\",\"urlTemplate\":\"https:\/\/tranthi.vn\/quang-tri\/?s={search_term_string}\"},\"query-input\":{\"@type\":\"PropertyValueSpecification\",\"valueRequired\":true,\"valueName\":\"search_term_string\"}}],\"inLanguage\":\"vi\"},{\"@type\":[\"Organization\",\"Place\"],\"@id\":\"https:\/\/tranthi.vn\/quang-tri\/#organization\",\"name\":\"VLXD Tr\u1ea7n Th\u1ecb\",\"url\":\"https:\/\/tranthi.vn\/quang-tri\/\",\"logo\":{\"@id\":\"https:\/\/tranthi.vn\/quang-tri\/gia-bot-ngoai-troi-nippon-quang-tri\/#local-main-organization-logo\"},\"image\":{\"@id\":\"https:\/\/tranthi.vn\/quang-tri\/gia-bot-ngoai-troi-nippon-quang-tri\/#local-main-organization-logo\"},\"telephone\":[],\"openingHoursSpecification\":[{\"@type\":\"OpeningHoursSpecification\",\"dayOfWeek\":[\"Monday\",\"Tuesday\",\"Wednesday\",\"Thursday\",\"Friday\",\"Saturday\",\"Sunday\"],\"opens\":\"09:00\",\"closes\":\"17:00\"}]},{\"@type\":\"ImageObject\",\"inLanguage\":\"vi\",\"@id\":\"https:\/\/tranthi.vn\/quang-tri\/gia-bot-ngoai-troi-nippon-quang-tri\/#local-main-organization-logo\",\"url\":\"https:\/\/tranthi.vn\/quang-tri\/wp-content\/uploads\/2021\/02\/logo-tranthi1.jpg\",\"contentUrl\":\"https:\/\/tranthi.vn\/quang-tri\/wp-content\/uploads\/2021\/02\/logo-tranthi1.jpg\",\"width\":800,\"height\":319,\"caption\":\"VLXD Tr\u1ea7n Th\u1ecb\"}]}<\/script>\n<meta property=\"product:price:amount\" content=\"385000\" \/>\n<meta property=\"product:price:currency\" content=\"VND\" \/>\n<meta property=\"og:availability\" content=\"instock\" \/>\n<meta property=\"product:availability\" content=\"instock\" \/>\n<meta property=\"product:condition\" content=\"new\" \/>\n<!-- \/ Yoast SEO Premium plugin. -->","yoast_head_json":{"title":"Gi\u00e1 b\u1ed9t ngo\u00e0i tr\u1eddi Nippon t\u1ea1i Qu\u1ea3ng Tr\u1ecb-0947.335.871","description":"Tr\u1ea7n Th\u1ecb - Chuy\u00ean cung c\u1ea5p b\u1ed9t Nippon ngo\u00e0i tr\u1eddi ch\u00ednh h\u00e3ng gi\u00e1 r\u1ebb t\u1ea1i Qu\u1ea3ng Tr\u1ecb, v\u1eadn chuy\u1ec3n t\u1eadn ch\u00e2n c\u00f4ng tr\u00ecnh, uy t\u00edn ch\u1ea5t l\u01b0\u1ee3ng","robots":{"index":"index","follow":"follow","max-snippet":"max-snippet:-1","max-image-preview":"max-image-preview:large","max-video-preview":"max-video-preview:-1"},"canonical":"https:\/\/tranthi.vn\/quang-tri\/gia-bot-ngoai-troi-nippon-quang-tri\/","og_locale":"vi_VN","og_type":"article","og_title":"B\u1ed9t Tr\u00e9t Ngo\u00e0i Tr\u1eddi Nippon","og_description":"Tr\u1ea7n Th\u1ecb - Chuy\u00ean cung c\u1ea5p b\u1ed9t Nippon ngo\u00e0i tr\u1eddi ch\u00ednh h\u00e3ng gi\u00e1 r\u1ebb t\u1ea1i Qu\u1ea3ng Tr\u1ecb, v\u1eadn chuy\u1ec3n t\u1eadn ch\u00e2n c\u00f4ng tr\u00ecnh, uy t\u00edn ch\u1ea5t l\u01b0\u1ee3ng","og_url":"https:\/\/tranthi.vn\/quang-tri\/gia-bot-ngoai-troi-nippon-quang-tri\/","og_site_name":"V\u1eadt Li\u1ec7u X\u00e2y D\u1ef1ng Tr\u1ea7n Th\u1ecb Chi Nh\u00e1nh Qu\u1ea3ng Tr\u1ecb","article_modified_time":"2024-07-27T06:37:39+00:00","og_image":[{"width":250,"height":250,"url":"https:\/\/tranthi.vn\/quang-tri\/wp-content\/uploads\/2021\/02\/bot-tret-nippon-ngoai-that-cao-cap-tai-Hue.jpg","type":"image\/jpeg"}],"twitter_card":"summary_large_image","twitter_misc":{"Gi\u00e1":"385,000&nbsp;&#8363;","Kh\u1ea3 d\u1ee5ng":"Trong kho"},"schema":{"@context":"https:\/\/schema.org","@graph":[{"@type":"WebPage","@id":"https:\/\/tranthi.vn\/quang-tri\/gia-bot-ngoai-troi-nippon-quang-tri\/","url":"https:\/\/tranthi.vn\/quang-tri\/gia-bot-ngoai-troi-nippon-quang-tri\/","name":"Gi\u00e1 b\u1ed9t ngo\u00e0i tr\u1eddi Nippon t\u1ea1i Qu\u1ea3ng Tr\u1ecb-0947.335.871","isPartOf":{"@id":"https:\/\/tranthi.vn\/quang-tri\/#website"},"primaryImageOfPage":{"@id":"https:\/\/tranthi.vn\/quang-tri\/gia-bot-ngoai-troi-nippon-quang-tri\/#primaryimage"},"image":{"@id":"https:\/\/tranthi.vn\/quang-tri\/gia-bot-ngoai-troi-nippon-quang-tri\/#primaryimage"},"thumbnailUrl":"https:\/\/tranthi.vn\/quang-tri\/wp-content\/uploads\/2021\/02\/bot-tret-nippon-ngoai-that-cao-cap-tai-Hue.jpg","datePublished":"2021-02-16T08:21:55+00:00","dateModified":"2024-07-27T06:37:39+00:00","description":"Tr\u1ea7n Th\u1ecb - Chuy\u00ean cung c\u1ea5p b\u1ed9t Nippon ngo\u00e0i tr\u1eddi ch\u00ednh h\u00e3ng gi\u00e1 r\u1ebb t\u1ea1i Qu\u1ea3ng Tr\u1ecb, v\u1eadn chuy\u1ec3n t\u1eadn ch\u00e2n c\u00f4ng tr\u00ecnh, uy t\u00edn ch\u1ea5t l\u01b0\u1ee3ng","breadcrumb":{"@id":"https:\/\/tranthi.vn\/quang-tri\/gia-bot-ngoai-troi-nippon-quang-tri\/#breadcrumb"},"inLanguage":"vi","potentialAction":[{"@type":"ReadAction","target":["https:\/\/tranthi.vn\/quang-tri\/gia-bot-ngoai-troi-nippon-quang-tri\/"]}]},{"@type":"ImageObject","inLanguage":"vi","@id":"https:\/\/tranthi.vn\/quang-tri\/gia-bot-ngoai-troi-nippon-quang-tri\/#primaryimage","url":"https:\/\/tranthi.vn\/quang-tri\/wp-content\/uploads\/2021\/02\/bot-tret-nippon-ngoai-that-cao-cap-tai-Hue.jpg","contentUrl":"https:\/\/tranthi.vn\/quang-tri\/wp-content\/uploads\/2021\/02\/bot-tret-nippon-ngoai-that-cao-cap-tai-Hue.jpg","width":250,"height":250,"caption":"b\u1ed9t tr\u00e9t nippon ngo\u1ea1i th\u1ea5t cao c\u1ea5p t\u1ea1i Hu\u1ebf"},{"@type":"BreadcrumbList","@id":"https:\/\/tranthi.vn\/quang-tri\/gia-bot-ngoai-troi-nippon-quang-tri\/#breadcrumb","itemListElement":[{"@type":"ListItem","position":1,"name":"Trang Ch\u1ee7","item":"https:\/\/tranthi.vn\/quang-tri\/"},{"@type":"ListItem","position":2,"name":"Shop","item":"https:\/\/tranthi.vn\/quang-tri\/shop\/"},{"@type":"ListItem","position":3,"name":"B\u1ed9t Tr\u00e9t Ngo\u00e0i Tr\u1eddi Nippon"}]},{"@type":"WebSite","@id":"https:\/\/tranthi.vn\/quang-tri\/#website","url":"https:\/\/tranthi.vn\/quang-tri\/","name":"VLXD Tr\u1ea7n Th\u1ecb","description":"V\u1eadt Li\u1ec7u X\u00e2y D\u1ef1ng - Qu\u1ea3ng Tr\u1ecb","publisher":{"@id":"https:\/\/tranthi.vn\/quang-tri\/#organization"},"potentialAction":[{"@type":"SearchAction","target":{"@type":"EntryPoint","urlTemplate":"https:\/\/tranthi.vn\/quang-tri\/?s={search_term_string}"},"query-input":{"@type":"PropertyValueSpecification","valueRequired":true,"valueName":"search_term_string"}}],"inLanguage":"vi"},{"@type":["Organization","Place"],"@id":"https:\/\/tranthi.vn\/quang-tri\/#organization","name":"VLXD Tr\u1ea7n Th\u1ecb","url":"https:\/\/tranthi.vn\/quang-tri\/","logo":{"@id":"https:\/\/tranthi.vn\/quang-tri\/gia-bot-ngoai-troi-nippon-quang-tri\/#local-main-organization-logo"},"image":{"@id":"https:\/\/tranthi.vn\/quang-tri\/gia-bot-ngoai-troi-nippon-quang-tri\/#local-main-organization-logo"},"telephone":[],"openingHoursSpecification":[{"@type":"OpeningHoursSpecification","dayOfWeek":["Monday","Tuesday","Wednesday","Thursday","Friday","Saturday","Sunday"],"opens":"09:00","closes":"17:00"}]},{"@type":"ImageObject","inLanguage":"vi","@id":"https:\/\/tranthi.vn\/quang-tri\/gia-bot-ngoai-troi-nippon-quang-tri\/#local-main-organization-logo","url":"https:\/\/tranthi.vn\/quang-tri\/wp-content\/uploads\/2021\/02\/logo-tranthi1.jpg","contentUrl":"https:\/\/tranthi.vn\/quang-tri\/wp-content\/uploads\/2021\/02\/logo-tranthi1.jpg","width":800,"height":319,"caption":"VLXD Tr\u1ea7n Th\u1ecb"}]},"product_price_amount":"385000","product_price_currency":"VND","og_availability":"instock","product_availability":"instock","product_condition":"new"},"_links":{"self":[{"href":"https:\/\/tranthi.vn\/quang-tri\/wp-json\/wp\/v2\/product\/793","targetHints":{"allow":["GET"]}}],"collection":[{"href":"https:\/\/tranthi.vn\/quang-tri\/wp-json\/wp\/v2\/product"}],"about":[{"href":"https:\/\/tranthi.vn\/quang-tri\/wp-json\/wp\/v2\/types\/product"}],"replies":[{"embeddable":true,"href":"https:\/\/tranthi.vn\/quang-tri\/wp-json\/wp\/v2\/comments?post=793"}],"wp:featuredmedia":[{"embeddable":true,"href":"https:\/\/tranthi.vn\/quang-tri\/wp-json\/wp\/v2\/media\/4901"}],"wp:attachment":[{"href":"https:\/\/tranthi.vn\/quang-tri\/wp-json\/wp\/v2\/media?parent=793"}],"wp:term":[{"taxonomy":"product_cat","embeddable":true,"href":"https:\/\/tranthi.vn\/quang-tri\/wp-json\/wp\/v2\/product_cat?post=793"},{"taxonomy":"product_tag","embeddable":true,"href":"https:\/\/tranthi.vn\/quang-tri\/wp-json\/wp\/v2\/product_tag?post=793"}],"curies":[{"name":"wp","href":"https:\/\/api.w.org\/{rel}","templated":true}]}}