{"id":5246,"date":"2024-07-24T16:38:58","date_gmt":"2024-07-24T09:38:58","guid":{"rendered":"https:\/\/tranthi.vn\/quang-tri\/?post_type=product&#038;p=5246"},"modified":"2024-07-24T16:38:59","modified_gmt":"2024-07-24T09:38:59","slug":"gach-op-cau-thang-quang-tri","status":"publish","type":"product","link":"https:\/\/tranthi.vn\/quang-tri\/gach-op-cau-thang-quang-tri\/","title":{"rendered":"G\u1ea1ch \u1ed0p C\u1ea7u Thang Qu\u1ea3ng Tr\u1ecb"},"content":{"rendered":"<h1 style=\"text-align: center;\"><span style=\"font-family: 'times new roman', times, serif; font-size: 160%;\">G\u1ea1ch \u1ed0p C\u1ea7u Thang <a href=\"https:\/\/vi.wikipedia.org\/wiki\/Qu%E1%BA%A3ng_Tr%E1%BB%8B\">Qu\u1ea3ng Tr\u1ecb<\/a><\/span><\/h1>\n<h1><span style=\"font-size: 120%;\"><strong><span style=\"font-family: 'times new roman', times, serif;\">1. C\u00e1c lo\u1ea1i \u0111\u00e1 c\u1ea7u thang ph\u1ed5 bi\u1ebfn<\/span><\/strong><\/span><\/h1>\n<h3><span style=\"font-family: 'times new roman', times, serif; font-size: 120%;\">C\u00f3 nhi\u1ec1u lo\u1ea1i \u0111\u00e1 \u0111\u01b0\u1ee3c s\u1eed d\u1ee5ng cho c\u1ea7u thang, m\u1ed7i lo\u1ea1i \u0111\u1ec1u c\u00f3 nh\u1eefng \u0111\u1eb7c \u0111i\u1ec3m v\u00e0 \u01b0u \u0111i\u1ec3m ri\u00eang. D\u01b0\u1edbi \u0111\u00e2y l\u00e0 m\u1ed9t s\u1ed1 lo\u1ea1i \u0111\u00e1 c\u1ea7u thang ph\u1ed5 bi\u1ebfn:<\/span><\/h3>\n<ul>\n<li>\n<h3><span style=\"font-family: 'times new roman', times, serif; font-size: 120%;\">\u0110\u00e1 granite (hoa c\u01b0\u01a1ng): \u0110\u00e2y l\u00e0 lo\u1ea1i \u0111\u00e1 t\u1ef1 nhi\u00ean c\u00f3 \u0111\u1ed9 c\u1ee9ng v\u00e0 b\u1ec1n cao, kh\u1ea3 n\u0103ng ch\u1ecbu l\u1ef1c t\u1ed1t v\u00e0 \u00edt b\u1ecb tr\u1ea7y x\u01b0\u1edbc. \u0110\u00e1 granite c\u00f3 nhi\u1ec1u m\u00e0u s\u1eafc v\u00e0 v\u00e2n \u0111\u00e1 \u0111\u1eb9p, ph\u00f9 h\u1ee3p v\u1edbi nhi\u1ec1u phong c\u00e1ch thi\u1ebft k\u1ebf.<\/span><\/h3>\n<\/li>\n<li>\n<h3><span style=\"font-family: 'times new roman', times, serif; font-size: 120%;\">\u0110\u00e1 marble (c\u1ea9m th\u1ea1ch): \u0110\u00e1 marble c\u00f3 v\u1ebb \u0111\u1eb9p sang tr\u1ecdng v\u00e0 tinh t\u1ebf v\u1edbi c\u00e1c v\u00e2n \u0111\u00e1 t\u1ef1 nhi\u00ean \u0111\u1ed9c \u0111\u00e1o. Tuy nhi\u00ean, \u0111\u00e1 marble m\u1ec1m h\u01a1n \u0111\u00e1 granite v\u00e0 d\u1ec5 b\u1ecb tr\u1ea7y x\u01b0\u1edbc, do \u0111\u00f3 c\u1ea7n \u0111\u01b0\u1ee3c b\u1ea3o d\u01b0\u1ee1ng th\u01b0\u1eddng xuy\u00ean.<\/span><\/h3>\n<\/li>\n<li>\n<h3><span style=\"font-family: 'times new roman', times, serif; font-size: 120%;\">\u0110\u00e1 travertine: \u0110\u00e2y l\u00e0 lo\u1ea1i \u0111\u00e1 t\u1ef1 nhi\u00ean c\u00f3 c\u1ea5u tr\u00fac r\u1ed7ng v\u1edbi c\u00e1c l\u1ed7 nh\u1ecf, mang \u0111\u1ebfn v\u1ebb \u0111\u1eb9p c\u1ed5 \u0111i\u1ec3n v\u00e0 \u1ea5m \u00e1p cho kh\u00f4ng gian n\u1ed9i th\u1ea5t. \u0110\u00e1 travertine c\u00f3 \u0111\u1ed9 b\u1ec1n t\u01b0\u01a1ng \u0111\u1ed1i v\u00e0 kh\u1ea3 n\u0103ng ch\u1ed1ng tr\u01b0\u1ee3t t\u1ed1t.<\/span><\/h3>\n<\/li>\n<li>\n<h3><span style=\"font-family: 'times new roman', times, serif; font-size: 120%;\">\u0110\u00e1 nh\u00e2n t\u1ea1o: \u0110\u00e1 nh\u00e2n t\u1ea1o \u0111\u01b0\u1ee3c s\u1ea3n xu\u1ea5t t\u1eeb h\u1ed7n h\u1ee3p c\u00e1c kho\u00e1ng ch\u1ea5t v\u00e0 ch\u1ea5t k\u1ebft d\u00ednh, c\u00f3 \u0111\u1ed9 b\u1ec1n cao v\u00e0 d\u1ec5 d\u00e0ng b\u1ea3o d\u01b0\u1ee1ng. \u0110\u00e1 nh\u00e2n t\u1ea1o c\u00f3 th\u1ec3 \u0111\u01b0\u1ee3c thi\u1ebft k\u1ebf v\u1edbi nhi\u1ec1u m\u00e0u s\u1eafc v\u00e0 hoa v\u0103n \u0111a d\u1ea1ng.<\/span><\/h3>\n<\/li>\n<li><iframe loading=\"lazy\" src=\"\/\/www.youtube.com\/embed\/LrHcTFeIdZA\" width=\"560\" height=\"314\" allowfullscreen=\"allowfullscreen\" data-mce-fragment=\"1\"><\/iframe><\/li>\n<\/ul>\n<h1><span style=\"font-size: 120%;\"><strong><span style=\"font-family: 'times new roman', times, serif;\">2. \u01afu \u0111i\u1ec3m c\u1ee7a vi\u1ec7c s\u1eed d\u1ee5ng \u0111\u00e1 c\u1ea7u thang<\/span><\/strong><\/span><\/h1>\n<h3><span style=\"font-family: 'times new roman', times, serif; font-size: 120%;\">Vi\u1ec7c s\u1eed d\u1ee5ng \u0111\u00e1 c\u1ea7u thang mang l\u1ea1i nhi\u1ec1u l\u1ee3i \u00edch v\u01b0\u1ee3t tr\u1ed9i:<\/span><\/h3>\n<ul>\n<li>\n<h3><span style=\"font-family: 'times new roman', times, serif; font-size: 120%;\">T\u00ednh th\u1ea9m m\u1ef9 cao: \u0110\u00e1 c\u1ea7u thang v\u1edbi c\u00e1c v\u00e2n \u0111\u00e1 t\u1ef1 nhi\u00ean v\u00e0 m\u00e0u s\u1eafc \u0111a d\u1ea1ng t\u1ea1o n\u00ean v\u1ebb \u0111\u1eb9p sang tr\u1ecdng v\u00e0 \u0111\u1eb3ng c\u1ea5p cho kh\u00f4ng gian n\u1ed9i th\u1ea5t. M\u1ed7i t\u1ea5m \u0111\u00e1 \u0111\u1ec1u l\u00e0 duy nh\u1ea5t, mang \u0111\u1ebfn s\u1ef1 \u0111\u1ed9c \u0111\u00e1o v\u00e0 phong c\u00e1ch ri\u00eang cho ng\u00f4i nh\u00e0.<\/span><\/h3>\n<\/li>\n<li>\n<h3><span style=\"font-family: 'times new roman', times, serif; font-size: 120%;\">\u0110\u1ed9 b\u1ec1n cao: \u0110\u00e1 t\u1ef1 nhi\u00ean c\u00f3 \u0111\u1ed9 c\u1ee9ng v\u00e0 b\u1ec1n cao, ch\u1ecbu \u0111\u01b0\u1ee3c l\u1ef1c t\u00e1c \u0111\u1ed9ng m\u1ea1nh v\u00e0 \u00edt b\u1ecb m\u00e0i m\u00f2n. \u0110i\u1ec1u n\u00e0y gi\u00fap c\u1ea7u thang \u0111\u00e1 lu\u00f4n gi\u1eef \u0111\u01b0\u1ee3c v\u1ebb \u0111\u1eb9p v\u00e0 ch\u1ee9c n\u0103ng sau nhi\u1ec1u n\u0103m s\u1eed d\u1ee5ng.<\/span><\/h3>\n<\/li>\n<li>\n<h3><span style=\"font-family: 'times new roman', times, serif; font-size: 120%;\">D\u1ec5 d\u00e0ng b\u1ea3o d\u01b0\u1ee1ng: B\u1ec1 m\u1eb7t \u0111\u00e1 c\u1ea7u thang b\u00f3ng m\u1ecbn, kh\u00f4ng th\u1ea5m n\u01b0\u1edbc v\u00e0 b\u1ee5i b\u1ea9n, gi\u00fap vi\u1ec7c v\u1ec7 sinh v\u00e0 b\u1ea3o d\u01b0\u1ee1ng tr\u1edf n\u00ean d\u1ec5 d\u00e0ng h\u01a1n. Ch\u1ec9 c\u1ea7n lau ch\u00f9i nh\u1eb9 nh\u00e0ng, c\u1ea7u thang s\u1ebd lu\u00f4n s\u00e1ng b\u00f3ng v\u00e0 s\u1ea1ch s\u1ebd.<\/span><\/h3>\n<\/li>\n<li>\n<h3><span style=\"font-family: 'times new roman', times, serif; font-size: 120%;\">An to\u00e0n v\u00e0 ch\u1ed1ng tr\u01b0\u1ee3t: M\u1ed9t s\u1ed1 lo\u1ea1i \u0111\u00e1 nh\u01b0 \u0111\u00e1 travertine c\u00f3 kh\u1ea3 n\u0103ng ch\u1ed1ng tr\u01b0\u1ee3t t\u1ed1t, gi\u00fap t\u0103ng c\u01b0\u1eddng an to\u00e0n cho ng\u01b0\u1eddi s\u1eed d\u1ee5ng, \u0111\u1eb7c bi\u1ec7t l\u00e0 trong c\u00e1c gia \u0111\u00ecnh c\u00f3 tr\u1ebb nh\u1ecf v\u00e0 ng\u01b0\u1eddi gi\u00e0.<\/span><\/h3>\n<\/li>\n<li><iframe loading=\"lazy\" src=\"\/\/www.youtube.com\/embed\/N7bLf8H3pSE\" width=\"560\" height=\"314\" allowfullscreen=\"allowfullscreen\" data-mce-fragment=\"1\"><\/iframe><\/li>\n<\/ul>\n<h1><span style=\"font-size: 120%;\"><strong><span style=\"font-family: 'times new roman', times, serif;\">3. L\u00fd do n\u00ean ch\u1ecdn \u0111\u00e1 c\u1ea7u thang\u00a0<\/span><\/strong><\/span><\/h1>\n<h3><span style=\"font-family: 'times new roman', times, serif; font-size: 120%;\"><a href=\"https:\/\/vi.wikipedia.org\/wiki\/Qu%E1%BA%A3ng_Tr%E1%BB%8B\"><em>Qu\u1ea3ng Tr\u1ecb<\/em><\/a>, v\u1edbi s\u1ef1 ph\u00e1t tri\u1ec3n nhanh ch\u00f3ng c\u1ee7a ng\u00e0nh x\u00e2y d\u1ef1ng v\u00e0 n\u1ed9i th\u1ea5t, l\u00e0 n\u01a1i l\u00fd t\u01b0\u1edfng \u0111\u1ec3 l\u1ef1a ch\u1ecdn v\u00e0 s\u1eed d\u1ee5ng \u0111\u00e1 c\u1ea7u thang. Nh\u1eefng l\u00fd do n\u00ean ch\u1ecdn \u0111\u00e1 c\u1ea7u thang \u0110\u00e0 N\u1eb5ng bao g\u1ed3m:<\/span><\/h3>\n<ul>\n<li>\n<h3><span style=\"font-family: 'times new roman', times, serif; font-size: 120%;\">Ngu\u1ed3n cung \u0111a d\u1ea1ng v\u00e0 ch\u1ea5t l\u01b0\u1ee3ng:C\u00f3 nhi\u1ec1u nh\u00e0 cung c\u1ea5p \u0111\u00e1 c\u1ea7u thang uy t\u00edn, cung c\u1ea5p \u0111a d\u1ea1ng c\u00e1c lo\u1ea1i \u0111\u00e1 v\u1edbi ch\u1ea5t l\u01b0\u1ee3ng \u0111\u1ea3m b\u1ea3o, \u0111\u00e1p \u1ee9ng nhu c\u1ea7u th\u1ea9m m\u1ef9 v\u00e0 k\u1ef9 thu\u1eadt c\u1ee7a kh\u00e1ch h\u00e0ng.<\/span><\/h3>\n<\/li>\n<li>\n<h3><span style=\"font-family: 'times new roman', times, serif; font-size: 120%;\">Gi\u00e1 c\u1ea3 c\u1ea1nh tranh: V\u1edbi s\u1ef1 c\u1ea1nh tranh gi\u1eefa c\u00e1c nh\u00e0 cung c\u1ea5p, kh\u00e1ch h\u00e0ng c\u00f3 th\u1ec3 t\u00ecm \u0111\u01b0\u1ee3c s\u1ea3n ph\u1ea9m \u0111\u00e1 c\u1ea7u thang ch\u1ea5t l\u01b0\u1ee3ng v\u1edbi gi\u00e1 c\u1ea3 h\u1ee3p l\u00fd, ph\u00f9 h\u1ee3p v\u1edbi ng\u00e2n s\u00e1ch c\u1ee7a nhi\u1ec1u gia \u0111\u00ecnh.<\/span><\/h3>\n<\/li>\n<li>\n<h3><span style=\"font-family: 'times new roman', times, serif; font-size: 120%;\">D\u1ecbch v\u1ee5 l\u1eafp \u0111\u1eb7t chuy\u00ean nghi\u1ec7p: C\u00e1c \u0111\u01a1n v\u1ecb cung c\u1ea5p \u0111\u00e1 c\u1ea7u thang \u00a0th\u01b0\u1eddng \u0111i k\u00e8m v\u1edbi d\u1ecbch v\u1ee5 l\u1eafp \u0111\u1eb7t chuy\u00ean nghi\u1ec7p, \u0111\u1ea3m b\u1ea3o c\u1ea7u thang \u0111\u01b0\u1ee3c ho\u00e0n thi\u1ec7n m\u1ed9t c\u00e1ch ch\u00ednh x\u00e1c v\u00e0 \u0111\u1eb9p m\u1eaft.<\/span><\/h3>\n<\/li>\n<\/ul>\n<h1><strong><span style=\"font-size: 120%;\"><span style=\"font-family: 'times new roman', times, serif;\">4. M\u1ed9t s\u1ed1 nh\u00e0 cung c\u1ea5p \u0111\u00e1 c\u1ea7u thang uy t\u00edn\u00a0<\/span><\/span><\/strong><\/h1>\n<h3><span style=\"font-family: 'times new roman', times, serif; font-size: 120%;\">\u0110\u1ec3 \u0111\u1ea3m b\u1ea3o ch\u1ea5t l\u01b0\u1ee3ng v\u00e0 d\u1ecbch v\u1ee5, vi\u1ec7c ch\u1ecdn nh\u00e0 cung c\u1ea5p uy t\u00edn l\u00e0 r\u1ea5t quan tr\u1ecdng. D\u01b0\u1edbi \u0111\u00e2y l\u00e0 m\u1ed9t s\u1ed1 nh\u00e0 cung c\u1ea5p \u0111\u00e1 c\u1ea7u thang uy t\u00edn t\u1ea1i<em><strong> Qu\u1ea3ng Tr\u1ecb:<\/strong><\/em><\/span><\/h3>\n<ul>\n<li>\n<h3><span style=\"font-family: times new roman,times,serif; font-size: 120%;\">C\u00f4ng Ty TNHH \u0110\u00e1 Marble Ph\u00fa Th\u1ecd<\/span><\/h3>\n<\/li>\n<li>\n<h3><span style=\"font-family: times new roman,times,serif; font-size: 120%;\">\u00a0C\u00f4ng Ty TNHH X\u00e2y D\u1ef1ng V\u00e0 Th\u01b0\u01a1ng M\u1ea1i Ng\u1ecdc Linh<\/span><\/h3>\n<\/li>\n<li>\n<h3><span style=\"font-family: times new roman,times,serif; font-size: 120%;\">C\u00f4ng Ty TNHH \u0110\u00e1 T\u1ef1 Nhi\u00ean \u0110\u1ea1i L\u1ed9c<\/span><\/h3>\n<\/li>\n<li>\n<h3><span style=\"font-family: times new roman,times,serif; font-size: 120%;\">C\u00f4ng Ty TNHH \u0110\u00e1 V\u00e0 Ng\u1ecdc H\u01b0ng<\/span><\/h3>\n<\/li>\n<li>\n<h3><span style=\"font-family: times new roman,times,serif; font-size: 120%;\">\u00a0C\u00f4ng Ty CP \u0110\u00e1 Qu\u00fd Vi\u1ec7t Nam<\/span><\/h3>\n<\/li>\n<li>\n<h3><span style=\"font-family: times new roman,times,serif; font-size: 120%;\">\u00a0C\u00f4ng Ty TNHH V\u1eadt Li\u1ec7u X\u00e2y D\u1ef1ng H\u00e0 Th\u00e0nh<\/span><\/h3>\n<\/li>\n<\/ul>\n<p>&nbsp;<\/p>\n<h3><\/h3>\n","protected":false},"excerpt":{"rendered":"<p>G\u1ea1ch \u1ed0p C\u1ea7u Thang Qu\u1ea3ng Tr\u1ecb 1. C\u00e1c lo\u1ea1i \u0111\u00e1 c\u1ea7u thang ph\u1ed5 bi\u1ebfn C\u00f3 nhi\u1ec1u lo\u1ea1i \u0111\u00e1 \u0111\u01b0\u1ee3c s\u1eed d\u1ee5ng cho c\u1ea7u thang, m\u1ed7i lo\u1ea1i \u0111\u1ec1u c\u00f3 nh\u1eefng \u0111\u1eb7c \u0111i\u1ec3m v\u00e0 \u01b0u \u0111i\u1ec3m ri\u00eang. D\u01b0\u1edbi \u0111\u00e2y l\u00e0 m\u1ed9t s\u1ed1 lo\u1ea1i \u0111\u00e1 c\u1ea7u thang ph\u1ed5 bi\u1ebfn: \u0110\u00e1 granite (hoa c\u01b0\u01a1ng): \u0110\u00e2y l\u00e0 lo\u1ea1i \u0111\u00e1 t\u1ef1&#8230;<\/p>\n","protected":false},"featured_media":0,"comment_status":"closed","ping_status":"closed","template":"","meta":[],"product_cat":[15],"product_tag":[],"class_list":{"0":"post-5246","1":"product","2":"type-product","3":"status-publish","5":"product_cat-chua-phan-loai","7":"first","8":"instock","9":"shipping-taxable","10":"product-type-simple"},"yoast_head":"<!-- This site is optimized with the Yoast SEO Premium plugin v22.3 (Yoast SEO v24.0) - https:\/\/yoast.com\/wordpress\/plugins\/seo\/ -->\n<title>Gi\u00e1 g\u1ea1ch \u1ed1p c\u1ea7u thang t\u1ea1i Qu\u1ea3ng Tr\u1ecb-0947.335.871<\/title>\n<meta name=\"description\" content=\"Gi\u00e1 g\u1ea1ch \u1ed1p c\u1ea7u thang t\u1ea1i Qu\u1ea3ng Tr\u1ecb-0947.335.871 Tr\u1ea7n th\u1ecb. Cung c\u1ea5p h\u00e0ng ho\u00e1 uy t\u00edn ch\u1ea5t l\u01b0\u1ee3ng tham kh\u1ea3o t\u1ea1i web: tranthi.vn \u0111\u1ec3 bi\u1ebft th\u00eam chi ti\u1ebft\" \/>\n<meta name=\"robots\" content=\"index, follow, max-snippet:-1, max-image-preview:large, max-video-preview:-1\" \/>\n<link rel=\"canonical\" href=\"https:\/\/tranthi.vn\/quang-tri\/gach-op-cau-thang-quang-tri\/\" \/>\n<meta property=\"og:locale\" content=\"vi_VN\" \/>\n<meta property=\"og:type\" content=\"article\" \/>\n<meta property=\"og:title\" content=\"G\u1ea1ch \u1ed0p C\u1ea7u Thang Qu\u1ea3ng Tr\u1ecb\" \/>\n<meta property=\"og:description\" content=\"Gi\u00e1 g\u1ea1ch \u1ed1p c\u1ea7u thang t\u1ea1i Qu\u1ea3ng Tr\u1ecb-0947.335.871 Tr\u1ea7n th\u1ecb. Cung c\u1ea5p h\u00e0ng ho\u00e1 uy t\u00edn ch\u1ea5t l\u01b0\u1ee3ng tham kh\u1ea3o t\u1ea1i web: tranthi.vn \u0111\u1ec3 bi\u1ebft th\u00eam chi ti\u1ebft\" \/>\n<meta property=\"og:url\" content=\"https:\/\/tranthi.vn\/quang-tri\/gach-op-cau-thang-quang-tri\/\" \/>\n<meta property=\"og:site_name\" content=\"V\u1eadt Li\u1ec7u X\u00e2y D\u1ef1ng Tr\u1ea7n Th\u1ecb Chi Nh\u00e1nh Qu\u1ea3ng Tr\u1ecb\" \/>\n<meta property=\"article:modified_time\" content=\"2024-07-24T09:38:59+00:00\" \/>\n<meta name=\"twitter:card\" content=\"summary_large_image\" \/>\n<meta name=\"twitter:label1\" content=\"Gi\u00e1\" \/>\n\t<meta name=\"twitter:data1\" content=\"\" \/>\n\t<meta name=\"twitter:label2\" content=\"Kh\u1ea3 d\u1ee5ng\" \/>\n\t<meta name=\"twitter:data2\" content=\"Trong kho\" \/>\n<script type=\"application\/ld+json\" class=\"yoast-schema-graph\">{\"@context\":\"https:\/\/schema.org\",\"@graph\":[{\"@type\":\"WebPage\",\"@id\":\"https:\/\/tranthi.vn\/quang-tri\/gach-op-cau-thang-quang-tri\/\",\"url\":\"https:\/\/tranthi.vn\/quang-tri\/gach-op-cau-thang-quang-tri\/\",\"name\":\"Gi\u00e1 g\u1ea1ch \u1ed1p c\u1ea7u thang t\u1ea1i Qu\u1ea3ng Tr\u1ecb-0947.335.871\",\"isPartOf\":{\"@id\":\"https:\/\/tranthi.vn\/quang-tri\/#website\"},\"datePublished\":\"2024-07-24T09:38:58+00:00\",\"dateModified\":\"2024-07-24T09:38:59+00:00\",\"description\":\"Gi\u00e1 g\u1ea1ch \u1ed1p c\u1ea7u thang t\u1ea1i Qu\u1ea3ng Tr\u1ecb-0947.335.871 Tr\u1ea7n th\u1ecb. Cung c\u1ea5p h\u00e0ng ho\u00e1 uy t\u00edn ch\u1ea5t l\u01b0\u1ee3ng tham kh\u1ea3o t\u1ea1i web: tranthi.vn \u0111\u1ec3 bi\u1ebft th\u00eam chi ti\u1ebft\",\"breadcrumb\":{\"@id\":\"https:\/\/tranthi.vn\/quang-tri\/gach-op-cau-thang-quang-tri\/#breadcrumb\"},\"inLanguage\":\"vi\",\"potentialAction\":[{\"@type\":\"ReadAction\",\"target\":[\"https:\/\/tranthi.vn\/quang-tri\/gach-op-cau-thang-quang-tri\/\"]}]},{\"@type\":\"BreadcrumbList\",\"@id\":\"https:\/\/tranthi.vn\/quang-tri\/gach-op-cau-thang-quang-tri\/#breadcrumb\",\"itemListElement\":[{\"@type\":\"ListItem\",\"position\":1,\"name\":\"Trang Ch\u1ee7\",\"item\":\"https:\/\/tranthi.vn\/quang-tri\/\"},{\"@type\":\"ListItem\",\"position\":2,\"name\":\"Shop\",\"item\":\"https:\/\/tranthi.vn\/quang-tri\/shop\/\"},{\"@type\":\"ListItem\",\"position\":3,\"name\":\"G\u1ea1ch \u1ed0p C\u1ea7u Thang Qu\u1ea3ng Tr\u1ecb\"}]},{\"@type\":\"WebSite\",\"@id\":\"https:\/\/tranthi.vn\/quang-tri\/#website\",\"url\":\"https:\/\/tranthi.vn\/quang-tri\/\",\"name\":\"VLXD Tr\u1ea7n Th\u1ecb\",\"description\":\"V\u1eadt Li\u1ec7u X\u00e2y D\u1ef1ng - Qu\u1ea3ng Tr\u1ecb\",\"publisher\":{\"@id\":\"https:\/\/tranthi.vn\/quang-tri\/#organization\"},\"potentialAction\":[{\"@type\":\"SearchAction\",\"target\":{\"@type\":\"EntryPoint\",\"urlTemplate\":\"https:\/\/tranthi.vn\/quang-tri\/?s={search_term_string}\"},\"query-input\":{\"@type\":\"PropertyValueSpecification\",\"valueRequired\":true,\"valueName\":\"search_term_string\"}}],\"inLanguage\":\"vi\"},{\"@type\":[\"Organization\",\"Place\"],\"@id\":\"https:\/\/tranthi.vn\/quang-tri\/#organization\",\"name\":\"VLXD Tr\u1ea7n Th\u1ecb\",\"url\":\"https:\/\/tranthi.vn\/quang-tri\/\",\"logo\":{\"@id\":\"https:\/\/tranthi.vn\/quang-tri\/gach-op-cau-thang-quang-tri\/#local-main-organization-logo\"},\"image\":{\"@id\":\"https:\/\/tranthi.vn\/quang-tri\/gach-op-cau-thang-quang-tri\/#local-main-organization-logo\"},\"telephone\":[],\"openingHoursSpecification\":[{\"@type\":\"OpeningHoursSpecification\",\"dayOfWeek\":[\"Monday\",\"Tuesday\",\"Wednesday\",\"Thursday\",\"Friday\",\"Saturday\",\"Sunday\"],\"opens\":\"09:00\",\"closes\":\"17:00\"}]},{\"@type\":\"ImageObject\",\"inLanguage\":\"vi\",\"@id\":\"https:\/\/tranthi.vn\/quang-tri\/gach-op-cau-thang-quang-tri\/#local-main-organization-logo\",\"url\":\"https:\/\/tranthi.vn\/quang-tri\/wp-content\/uploads\/2021\/02\/logo-tranthi1.jpg\",\"contentUrl\":\"https:\/\/tranthi.vn\/quang-tri\/wp-content\/uploads\/2021\/02\/logo-tranthi1.jpg\",\"width\":800,\"height\":319,\"caption\":\"VLXD Tr\u1ea7n Th\u1ecb\"}]}<\/script>\n<meta property=\"product:price:amount\" content=\"0\" \/>\n<meta property=\"product:price:currency\" content=\"VND\" \/>\n<meta property=\"og:availability\" content=\"instock\" \/>\n<meta property=\"product:availability\" content=\"instock\" \/>\n<meta property=\"product:condition\" content=\"new\" \/>\n<!-- \/ Yoast SEO Premium plugin. -->","yoast_head_json":{"title":"Gi\u00e1 g\u1ea1ch \u1ed1p c\u1ea7u thang t\u1ea1i Qu\u1ea3ng Tr\u1ecb-0947.335.871","description":"Gi\u00e1 g\u1ea1ch \u1ed1p c\u1ea7u thang t\u1ea1i Qu\u1ea3ng Tr\u1ecb-0947.335.871 Tr\u1ea7n th\u1ecb. Cung c\u1ea5p h\u00e0ng ho\u00e1 uy t\u00edn ch\u1ea5t l\u01b0\u1ee3ng tham kh\u1ea3o t\u1ea1i web: tranthi.vn \u0111\u1ec3 bi\u1ebft th\u00eam chi ti\u1ebft","robots":{"index":"index","follow":"follow","max-snippet":"max-snippet:-1","max-image-preview":"max-image-preview:large","max-video-preview":"max-video-preview:-1"},"canonical":"https:\/\/tranthi.vn\/quang-tri\/gach-op-cau-thang-quang-tri\/","og_locale":"vi_VN","og_type":"article","og_title":"G\u1ea1ch \u1ed0p C\u1ea7u Thang Qu\u1ea3ng Tr\u1ecb","og_description":"Gi\u00e1 g\u1ea1ch \u1ed1p c\u1ea7u thang t\u1ea1i Qu\u1ea3ng Tr\u1ecb-0947.335.871 Tr\u1ea7n th\u1ecb. Cung c\u1ea5p h\u00e0ng ho\u00e1 uy t\u00edn ch\u1ea5t l\u01b0\u1ee3ng tham kh\u1ea3o t\u1ea1i web: tranthi.vn \u0111\u1ec3 bi\u1ebft th\u00eam chi ti\u1ebft","og_url":"https:\/\/tranthi.vn\/quang-tri\/gach-op-cau-thang-quang-tri\/","og_site_name":"V\u1eadt Li\u1ec7u X\u00e2y D\u1ef1ng Tr\u1ea7n Th\u1ecb Chi Nh\u00e1nh Qu\u1ea3ng Tr\u1ecb","article_modified_time":"2024-07-24T09:38:59+00:00","twitter_card":"summary_large_image","twitter_misc":{"Gi\u00e1":"","Kh\u1ea3 d\u1ee5ng":"Trong kho"},"schema":{"@context":"https:\/\/schema.org","@graph":[{"@type":"WebPage","@id":"https:\/\/tranthi.vn\/quang-tri\/gach-op-cau-thang-quang-tri\/","url":"https:\/\/tranthi.vn\/quang-tri\/gach-op-cau-thang-quang-tri\/","name":"Gi\u00e1 g\u1ea1ch \u1ed1p c\u1ea7u thang t\u1ea1i Qu\u1ea3ng Tr\u1ecb-0947.335.871","isPartOf":{"@id":"https:\/\/tranthi.vn\/quang-tri\/#website"},"datePublished":"2024-07-24T09:38:58+00:00","dateModified":"2024-07-24T09:38:59+00:00","description":"Gi\u00e1 g\u1ea1ch \u1ed1p c\u1ea7u thang t\u1ea1i Qu\u1ea3ng Tr\u1ecb-0947.335.871 Tr\u1ea7n th\u1ecb. Cung c\u1ea5p h\u00e0ng ho\u00e1 uy t\u00edn ch\u1ea5t l\u01b0\u1ee3ng tham kh\u1ea3o t\u1ea1i web: tranthi.vn \u0111\u1ec3 bi\u1ebft th\u00eam chi ti\u1ebft","breadcrumb":{"@id":"https:\/\/tranthi.vn\/quang-tri\/gach-op-cau-thang-quang-tri\/#breadcrumb"},"inLanguage":"vi","potentialAction":[{"@type":"ReadAction","target":["https:\/\/tranthi.vn\/quang-tri\/gach-op-cau-thang-quang-tri\/"]}]},{"@type":"BreadcrumbList","@id":"https:\/\/tranthi.vn\/quang-tri\/gach-op-cau-thang-quang-tri\/#breadcrumb","itemListElement":[{"@type":"ListItem","position":1,"name":"Trang Ch\u1ee7","item":"https:\/\/tranthi.vn\/quang-tri\/"},{"@type":"ListItem","position":2,"name":"Shop","item":"https:\/\/tranthi.vn\/quang-tri\/shop\/"},{"@type":"ListItem","position":3,"name":"G\u1ea1ch \u1ed0p C\u1ea7u Thang Qu\u1ea3ng Tr\u1ecb"}]},{"@type":"WebSite","@id":"https:\/\/tranthi.vn\/quang-tri\/#website","url":"https:\/\/tranthi.vn\/quang-tri\/","name":"VLXD Tr\u1ea7n Th\u1ecb","description":"V\u1eadt Li\u1ec7u X\u00e2y D\u1ef1ng - Qu\u1ea3ng Tr\u1ecb","publisher":{"@id":"https:\/\/tranthi.vn\/quang-tri\/#organization"},"potentialAction":[{"@type":"SearchAction","target":{"@type":"EntryPoint","urlTemplate":"https:\/\/tranthi.vn\/quang-tri\/?s={search_term_string}"},"query-input":{"@type":"PropertyValueSpecification","valueRequired":true,"valueName":"search_term_string"}}],"inLanguage":"vi"},{"@type":["Organization","Place"],"@id":"https:\/\/tranthi.vn\/quang-tri\/#organization","name":"VLXD Tr\u1ea7n Th\u1ecb","url":"https:\/\/tranthi.vn\/quang-tri\/","logo":{"@id":"https:\/\/tranthi.vn\/quang-tri\/gach-op-cau-thang-quang-tri\/#local-main-organization-logo"},"image":{"@id":"https:\/\/tranthi.vn\/quang-tri\/gach-op-cau-thang-quang-tri\/#local-main-organization-logo"},"telephone":[],"openingHoursSpecification":[{"@type":"OpeningHoursSpecification","dayOfWeek":["Monday","Tuesday","Wednesday","Thursday","Friday","Saturday","Sunday"],"opens":"09:00","closes":"17:00"}]},{"@type":"ImageObject","inLanguage":"vi","@id":"https:\/\/tranthi.vn\/quang-tri\/gach-op-cau-thang-quang-tri\/#local-main-organization-logo","url":"https:\/\/tranthi.vn\/quang-tri\/wp-content\/uploads\/2021\/02\/logo-tranthi1.jpg","contentUrl":"https:\/\/tranthi.vn\/quang-tri\/wp-content\/uploads\/2021\/02\/logo-tranthi1.jpg","width":800,"height":319,"caption":"VLXD Tr\u1ea7n Th\u1ecb"}]},"product_price_currency":"VND","og_availability":"instock","product_availability":"instock","product_condition":"new"},"_links":{"self":[{"href":"https:\/\/tranthi.vn\/quang-tri\/wp-json\/wp\/v2\/product\/5246","targetHints":{"allow":["GET"]}}],"collection":[{"href":"https:\/\/tranthi.vn\/quang-tri\/wp-json\/wp\/v2\/product"}],"about":[{"href":"https:\/\/tranthi.vn\/quang-tri\/wp-json\/wp\/v2\/types\/product"}],"replies":[{"embeddable":true,"href":"https:\/\/tranthi.vn\/quang-tri\/wp-json\/wp\/v2\/comments?post=5246"}],"wp:attachment":[{"href":"https:\/\/tranthi.vn\/quang-tri\/wp-json\/wp\/v2\/media?parent=5246"}],"wp:term":[{"taxonomy":"product_cat","embeddable":true,"href":"https:\/\/tranthi.vn\/quang-tri\/wp-json\/wp\/v2\/product_cat?post=5246"},{"taxonomy":"product_tag","embeddable":true,"href":"https:\/\/tranthi.vn\/quang-tri\/wp-json\/wp\/v2\/product_tag?post=5246"}],"curies":[{"name":"wp","href":"https:\/\/api.w.org\/{rel}","templated":true}]}}