{"id":2699,"date":"2021-03-10T10:38:30","date_gmt":"2021-03-10T03:38:30","guid":{"rendered":"https:\/\/tranthi.vn\/?post_type=product&#038;p=2699"},"modified":"2024-07-25T16:59:04","modified_gmt":"2024-07-25T09:59:04","slug":"hop-giay-nha-ve-sinh-02-inox-304-tai-dong-ha-quang-tri","status":"publish","type":"product","link":"https:\/\/tranthi.vn\/quang-tri\/hop-giay-nha-ve-sinh-02-inox-304-tai-dong-ha-quang-tri\/","title":{"rendered":"HG 02 ( INOX 304 )"},"content":{"rendered":"<h1 style=\"text-align: center;\"><span style=\"font-family: 'times new roman', times, serif; font-size: 130%;\">K\u1ec7 \u0111\u1ec3 gi\u1ea5y v\u1ec7 sinh Qu\u1ea3ng Tr\u1ecb<\/span><\/h1>\n<h1><strong><span style=\"font-family: 'times new roman', times, serif; font-size: 120%;\">K\u1ec7 \u0110\u1ec3 Gi\u1ea5y Nh\u00e0 V\u1ec7 Sinh &#8211; Ti\u1ec7n Nghi, \u0110a D\u1ea1ng V\u00e0 Th\u1ea9m M\u1ef9<\/span><\/strong><\/h1>\n<h3><span style=\"font-family: 'times new roman', times, serif; font-size: 120%;\">Nh\u00e0 v\u1ec7 sinh l\u00e0 m\u1ed9t trong nh\u1eefng kh\u00f4ng gian quan tr\u1ecdng trong m\u1ed7i ng\u00f4i nh\u00e0, v\u00e0 vi\u1ec7c trang b\u1ecb c\u00e1c ph\u1ee5 ki\u1ec7n ti\u1ec7n \u00edch l\u00e0 \u0111i\u1ec1u c\u1ea7n thi\u1ebft \u0111\u1ec3 \u0111\u1ea3m b\u1ea3o s\u1ef1 ti\u1ec7n nghi v\u00e0 v\u1ec7 sinh. K\u1ec7 \u0111\u1ec3 gi\u1ea5y nh\u00e0 v\u1ec7 sinh l\u00e0 m\u1ed9t trong nh\u1eefng ph\u1ee5 ki\u1ec7n kh\u00f4ng th\u1ec3 thi\u1ebfu, gi\u00fap t\u1ed5 ch\u1ee9c v\u00e0 l\u01b0u tr\u1eef gi\u1ea5y v\u1ec7 sinh m\u1ed9t c\u00e1ch g\u1ecdn g\u00e0ng v\u00e0 thu\u1eadn ti\u1ec7n. T\u1ea1i<a href=\"https:\/\/vi.wikipedia.org\/wiki\/Qu%E1%BA%A3ng_Tr%E1%BB%8B\"><strong><em> Qu\u1ea3ng Tr\u1ecb<\/em><\/strong><\/a>, th\u1ecb tr\u01b0\u1eddng k\u1ec7 \u0111\u1ec3 gi\u1ea5y nh\u00e0 v\u1ec7 sinh ng\u00e0y c\u00e0ng ph\u00e1t tri\u1ec3n v\u1edbi nhi\u1ec1u lo\u1ea1i s\u1ea3n ph\u1ea9m \u0111a d\u1ea1ng v\u1ec1 ki\u1ec3u d\u00e1ng, ch\u1ea5t li\u1ec7u v\u00e0 gi\u00e1 c\u1ea3.<\/span><\/h3>\n<h1><strong><span style=\"font-family: 'times new roman', times, serif; font-size: 120%;\">1. C\u00e1c Lo\u1ea1i K\u1ec7 \u0110\u1ec3 Gi\u1ea5y Nh\u00e0 V\u1ec7 Sinh Ph\u1ed5 Bi\u1ebfn\u00a0<\/span><\/strong><\/h1>\n<h3><span style=\"font-family: 'times new roman', times, serif; font-size: 120%;\">T\u1ea1i <em>Qu\u1ea3ng Tr\u1ecb<\/em>, b\u1ea1n c\u00f3 th\u1ec3 d\u1ec5 d\u00e0ng t\u00ecm th\u1ea5y nhi\u1ec1u lo\u1ea1i k\u1ec7 \u0111\u1ec3 gi\u1ea5y nh\u00e0 v\u1ec7 sinh v\u1edbi thi\u1ebft k\u1ebf v\u00e0 ch\u1ea5t li\u1ec7u kh\u00e1c nhau, ph\u00f9 h\u1ee3p v\u1edbi nhi\u1ec1u phong c\u00e1ch n\u1ed9i th\u1ea5t v\u00e0 nhu c\u1ea7u s\u1eed d\u1ee5ng.<\/span><\/h3>\n<ul>\n<li>\n<h3><span style=\"font-family: 'times new roman', times, serif; font-size: 120%;\">K\u1ec7 \u0111\u1ec3 gi\u1ea5y b\u1eb1ng inox: Inox l\u00e0 ch\u1ea5t li\u1ec7u ph\u1ed5 bi\u1ebfn cho c\u00e1c s\u1ea3n ph\u1ea9m k\u1ec7 \u0111\u1ec3 gi\u1ea5y nh\u00e0 v\u1ec7 sinh nh\u1edd v\u00e0o \u0111\u1ed9 b\u1ec1n cao, kh\u1ea3 n\u0103ng ch\u1ed1ng g\u1ec9 s\u00e9t v\u00e0 d\u1ec5 d\u00e0ng v\u1ec7 sinh. K\u1ec7 inox th\u01b0\u1eddng c\u00f3 thi\u1ebft k\u1ebf \u0111\u01a1n gi\u1ea3n nh\u01b0ng hi\u1ec7n \u0111\u1ea1i, ph\u00f9 h\u1ee3p v\u1edbi nhi\u1ec1u kh\u00f4ng gian nh\u00e0 v\u1ec7 sinh.<\/span><\/h3>\n<\/li>\n<li>\n<h3><span style=\"font-family: 'times new roman', times, serif; font-size: 120%;\">K\u1ec7 \u0111\u1ec3 gi\u1ea5y b\u1eb1ng nh\u1ef1a: K\u1ec7 nh\u1ef1a c\u00f3 gi\u00e1 th\u00e0nh r\u1ebb, \u0111a d\u1ea1ng v\u1ec1 m\u00e0u s\u1eafc v\u00e0 ki\u1ec3u d\u00e1ng, d\u1ec5 d\u00e0ng l\u1eafp \u0111\u1eb7t v\u00e0 di chuy\u1ec3n. \u0110\u00e2y l\u00e0 l\u1ef1a ch\u1ecdn l\u00fd t\u01b0\u1edfng cho c\u00e1c gia \u0111\u00ecnh c\u00f3 ng\u00e2n s\u00e1ch h\u1ea1n ch\u1ebf nh\u01b0ng v\u1eabn mu\u1ed1n c\u00f3 kh\u00f4ng gian nh\u00e0 v\u1ec7 sinh g\u1ecdn g\u00e0ng v\u00e0 ti\u1ec7n nghi.<\/span><\/h3>\n<\/li>\n<li>\n<h3><span style=\"font-family: 'times new roman', times, serif; font-size: 120%;\">K\u1ec7 \u0111\u1ec3 gi\u1ea5y b\u1eb1ng g\u1ed7: K\u1ec7 g\u1ed7 mang l\u1ea1i c\u1ea3m gi\u00e1c \u1ea5m \u00e1p v\u00e0 sang tr\u1ecdng cho nh\u00e0 v\u1ec7 sinh. Ch\u1ea5t li\u1ec7u g\u1ed7 th\u01b0\u1eddng \u0111\u01b0\u1ee3c x\u1eed l\u00fd ch\u1ed1ng \u1ea9m v\u00e0 ch\u1ed1ng m\u1ed1i m\u1ecdt \u0111\u1ec3 \u0111\u1ea3m b\u1ea3o \u0111\u1ed9 b\u1ec1n trong m\u00f4i tr\u01b0\u1eddng \u1ea9m \u01b0\u1edbt.<\/span><\/h3>\n<\/li>\n<li>\n<h3><span style=\"font-family: 'times new roman', times, serif; font-size: 120%;\">K\u1ec7 \u0111\u1ec3 gi\u1ea5y b\u1eb1ng s\u1eaft s\u01a1n t\u0129nh \u0111i\u1ec7n: K\u1ec7 s\u1eaft s\u01a1n t\u0129nh \u0111i\u1ec7n c\u00f3 \u0111\u1ed9 b\u1ec1n cao, kh\u1ea3 n\u0103ng ch\u1ed1ng \u0103n m\u00f2n t\u1ed1t v\u00e0 \u0111a d\u1ea1ng v\u1ec1 m\u00e0u s\u1eafc. Lo\u1ea1i k\u1ec7 n\u00e0y th\u01b0\u1eddng c\u00f3 thi\u1ebft k\u1ebf ch\u1eafc ch\u1eafn, ph\u00f9 h\u1ee3p v\u1edbi c\u00e1c kh\u00f4ng gian nh\u00e0 v\u1ec7 sinh hi\u1ec7n \u0111\u1ea1i.<\/span><\/h3>\n<\/li>\n<\/ul>\n<p style=\"text-align: center;\"><iframe loading=\"lazy\" src=\"\/\/www.youtube.com\/embed\/0Vaq6PTa8Og?pp=ygUaa-G7hyBnaeG6pXkgbmjDoCB24buHIHNpbmg\" width=\"560\" height=\"314\" allowfullscreen=\"allowfullscreen\" data-mce-fragment=\"1\"><\/iframe><\/p>\n<h1><span style=\"font-family: 'times new roman', times, serif; font-size: 120%;\">2<strong>. \u01afu \u0110i\u1ec3m C\u1ee7a K\u1ec7 \u0110\u1ec3 Gi\u1ea5y Nh\u00e0 V\u1ec7 Sinh<\/strong><\/span><\/h1>\n<ul>\n<li>\n<h3><span style=\"font-family: 'times new roman', times, serif; font-size: 120%;\">Ti\u1ebft ki\u1ec7m kh\u00f4ng gian: K\u1ec7 \u0111\u1ec3 gi\u1ea5y gi\u00fap t\u1ed1i \u01b0u h\u00f3a kh\u00f4ng gian l\u01b0u tr\u1eef trong nh\u00e0 v\u1ec7 sinh, gi\u1eef cho gi\u1ea5y v\u1ec7 sinh lu\u00f4n g\u1ecdn g\u00e0ng v\u00e0 d\u1ec5 d\u00e0ng ti\u1ebfp c\u1eadn khi c\u1ea7n s\u1eed d\u1ee5ng.<\/span><\/h3>\n<\/li>\n<li>\n<h3><span style=\"font-family: 'times new roman', times, serif; font-size: 120%;\">T\u00ednh th\u1ea9m m\u1ef9 cao: V\u1edbi nhi\u1ec1u thi\u1ebft k\u1ebf v\u00e0 ch\u1ea5t li\u1ec7u \u0111a d\u1ea1ng, k\u1ec7 \u0111\u1ec3 gi\u1ea5y kh\u00f4ng ch\u1ec9 l\u00e0 ph\u1ee5 ki\u1ec7n ti\u1ec7n \u00edch m\u00e0 c\u00f2n l\u00e0 v\u1eadt trang tr\u00ed, t\u0103ng t\u00ednh th\u1ea9m m\u1ef9 cho kh\u00f4ng gian nh\u00e0 v\u1ec7 sinh.<\/span><\/h3>\n<\/li>\n<li>\n<h3><span style=\"font-family: 'times new roman', times, serif; font-size: 120%;\">D\u1ec5 d\u00e0ng l\u1eafp \u0111\u1eb7t v\u00e0 s\u1eed d\u1ee5ng: C\u00e1c lo\u1ea1i k\u1ec7 \u0111\u1ec3 gi\u1ea5y th\u01b0\u1eddng c\u00f3 thi\u1ebft k\u1ebf \u0111\u01a1n gi\u1ea3n, d\u1ec5 d\u00e0ng l\u1eafp \u0111\u1eb7t m\u00e0 kh\u00f4ng c\u1ea7n nhi\u1ec1u c\u00f4ng c\u1ee5 hay k\u1ef9 thu\u1eadt ph\u1ee9c t\u1ea1p. Ngo\u00e0i ra, vi\u1ec7c thay th\u1ebf gi\u1ea5y v\u1ec7 sinh c\u0169ng r\u1ea5t thu\u1eadn ti\u1ec7n v\u00e0 nhanh ch\u00f3ng.<\/span><\/h3>\n<\/li>\n<li>\n<h3><span style=\"font-family: 'times new roman', times, serif; font-size: 120%;\">\u0110\u1ed9 b\u1ec1n cao: Ch\u1ea5t li\u1ec7u c\u1ee7a k\u1ec7 \u0111\u1ec3 gi\u1ea5y nh\u00e0 v\u1ec7 sinh th\u01b0\u1eddng \u0111\u01b0\u1ee3c ch\u1ecdn l\u1ef1a k\u1ef9 l\u01b0\u1ee1ng \u0111\u1ec3 \u0111\u1ea3m b\u1ea3o \u0111\u1ed9 b\u1ec1n v\u00e0 kh\u1ea3 n\u0103ng ch\u1ecbu \u0111\u01b0\u1ee3c m\u00f4i tr\u01b0\u1eddng \u1ea9m \u01b0\u1edbt.<\/span><\/h3>\n<\/li>\n<\/ul>\n<p style=\"text-align: center;\"><iframe loading=\"lazy\" src=\"\/\/www.youtube.com\/embed\/_loMURB-xcc?pp=ygUaa-G7hyBnaeG6pXkgbmjDoCB24buHIHNpbmg\" width=\"560\" height=\"314\" allowfullscreen=\"allowfullscreen\" data-mce-fragment=\"1\"><\/iframe><\/p>\n<h1><strong><span style=\"font-family: 'times new roman', times, serif; font-size: 120%;\">3. L\u00fd Do N\u00ean Ch\u1ecdn K\u1ec7 \u0110\u1ec3 Gi\u1ea5y Nh\u00e0 V\u1ec7 Sinh T\u1ea1i <a href=\"https:\/\/vi.wikipedia.org\/wiki\/Qu%E1%BA%A3ng_Tr%E1%BB%8B\"><i>Qu\u1ea3ng Tr\u1ecb<\/i><\/a><\/span><\/strong><\/h1>\n<ul>\n<li>\n<h3><span style=\"font-family: 'times new roman', times, serif; font-size: 120%;\">Ngu\u1ed3n cung \u0111a d\u1ea1ng: B\u1ea1n c\u00f3 th\u1ec3 d\u1ec5 d\u00e0ng t\u00ecm th\u1ea5y nhi\u1ec1u lo\u1ea1i k\u1ec7 \u0111\u1ec3 gi\u1ea5y nh\u00e0 v\u1ec7 sinh t\u1eeb c\u00e1c nh\u00e0 cung c\u1ea5p uy t\u00edn v\u1edbi \u0111a d\u1ea1ng v\u1ec1 ki\u1ec3u d\u00e1ng v\u00e0 ch\u1ea5t li\u1ec7u.<\/span><\/h3>\n<\/li>\n<li>\n<h3><span style=\"font-family: 'times new roman', times, serif; font-size: 120%;\">Ch\u1ea5t l\u01b0\u1ee3ng \u0111\u1ea3m b\u1ea3o: C\u00e1c s\u1ea3n ph\u1ea9m k\u1ec7 \u0111\u1ec3 gi\u1ea5y th\u01b0\u1eddng \u0111\u01b0\u1ee3c s\u1ea3n xu\u1ea5t t\u1eeb c\u00e1c ch\u1ea5t li\u1ec7u cao c\u1ea5p, \u0111\u1ea3m b\u1ea3o \u0111\u1ed9 b\u1ec1n v\u00e0 an to\u00e0n cho ng\u01b0\u1eddi s\u1eed d\u1ee5ng.<\/span><\/h3>\n<\/li>\n<li>\n<h3><span style=\"font-family: 'times new roman', times, serif; font-size: 120%;\">Gi\u00e1 c\u1ea3 h\u1ee3p l\u00fd: V\u1edbi s\u1ef1 c\u1ea1nh tranh gi\u1eefa c\u00e1c nh\u00e0 cung c\u1ea5p, b\u1ea1n c\u00f3 th\u1ec3 t\u00ecm th\u1ea5y c\u00e1c s\u1ea3n ph\u1ea9m k\u1ec7 \u0111\u1ec3 gi\u1ea5y nh\u00e0 v\u1ec7 sinh v\u1edbi m\u1ee9c gi\u00e1 h\u1ee3p l\u00fd, ph\u00f9 h\u1ee3p v\u1edbi ng\u00e2n s\u00e1ch c\u1ee7a m\u00ecnh.<\/span><\/h3>\n<\/li>\n<li>\n<h3><span style=\"font-family: 'times new roman', times, serif; font-size: 120%;\">D\u1ecbch v\u1ee5 chuy\u00ean nghi\u1ec7p: C\u00e1c c\u1eeda h\u00e0ng v\u00e0 nh\u00e0 ph\u00e2n ph\u1ed1i t\u1ea1i \u0111\u00e2y cung c\u1ea5p d\u1ecbch v\u1ee5 t\u01b0 v\u1ea5n, l\u1eafp \u0111\u1eb7t v\u00e0 b\u1ea3o h\u00e0nh chuy\u00ean nghi\u1ec7p, gi\u00fap b\u1ea1n y\u00ean t\u00e2m khi s\u1eed d\u1ee5ng s\u1ea3n ph\u1ea9m.<\/span><\/h3>\n<\/li>\n<\/ul>\n<h1><strong><span style=\"font-family: 'times new roman', times, serif; font-size: 120%;\">4. Mua K\u1ec7 \u0110\u1ec3 Gi\u1ea5y Nh\u00e0 V\u1ec7 Sinh\u00a0<\/span><\/strong><\/h1>\n<h3><span style=\"font-family: 'times new roman', times, serif; font-size: 120%;\">Khi l\u1ef1a ch\u1ecdn mua k\u1ec7 \u0111\u1ec3 gi\u1ea5y nh\u00e0 v\u1ec7 sinh t\u1ea1i <a href=\"https:\/\/vi.wikipedia.org\/wiki\/Qu%E1%BA%A3ng_Tr%E1%BB%8B\">Qu\u1ea3ng Tr\u1ecb<\/a>, b\u1ea1n n\u00ean tham kh\u1ea3o c\u00e1c \u0111\u1ecba ch\u1ec9 uy t\u00edn v\u00e0 c\u00f3 ch\u00ednh s\u00e1ch b\u1ea3o h\u00e0nh r\u00f5 r\u00e0ng. Ngo\u00e0i ra, n\u00ean xem x\u00e9t k\u1ef9 v\u1ec1 ch\u1ea5t li\u1ec7u, k\u00edch th\u01b0\u1edbc v\u00e0 ki\u1ec3u d\u00e1ng c\u1ee7a k\u1ec7 \u0111\u1ec3 ph\u00f9 h\u1ee3p v\u1edbi kh\u00f4ng gian nh\u00e0 v\u1ec7 sinh c\u1ee7a gia \u0111\u00ecnh.\u00a0<\/span><\/h3>\n","protected":false},"excerpt":{"rendered":"<p><span style=\"font-size: 130%;\"><img decoding=\"async\" class=\"emoji\" draggable=\"false\" src=\"https:\/\/s.w.org\/images\/core\/emoji\/12.0.0-1\/svg\/1f61b.svg\" alt=\"\ud83d\ude1b\" \/>\u00a0B\u1ea3o h\u00e0nh 1 n\u0103m<\/span><\/p>\n<p><span style=\"font-size: 130%;\"><img decoding=\"async\" class=\"emoji\" draggable=\"false\" src=\"https:\/\/s.w.org\/images\/core\/emoji\/12.0.0-1\/svg\/1f61b.svg\" alt=\"\ud83d\ude1b\" \/>\u00a0Thu\u1ed9c t\u00ednh: Inox 304\u00a0<\/span><\/p>\n<p><span style=\"font-size: 130%;\"><img decoding=\"async\" class=\"emoji\" draggable=\"false\" src=\"https:\/\/s.w.org\/images\/core\/emoji\/12.0.0-1\/svg\/1f61b.svg\" alt=\"\ud83d\ude1b\" \/> Mi\u1ec5n ph\u00ed ship t\u1eeb 2 c\u00e1i tr\u1edf l\u00ean ho\u1eb7c trong Tp Qu\u1ea3ng Tr\u1ecb<\/span><\/p>\n","protected":false},"featured_media":4330,"comment_status":"closed","ping_status":"closed","template":"","meta":[],"product_cat":[265,179],"product_tag":[549],"class_list":{"0":"post-2699","1":"product","2":"type-product","3":"status-publish","4":"has-post-thumbnail","6":"product_cat-ke-de-giay-ve-sinh","7":"product_cat-thiet-bi-ve-sinh-da-nang","8":"product_tag-gia-de-treo-giay-ve-sinh-nha-ve-sinh-hue","10":"first","11":"instock","12":"sale","13":"shipping-taxable","14":"purchasable","15":"product-type-simple"},"yoast_head":"<!-- This site is optimized with the Yoast SEO Premium plugin v22.3 (Yoast SEO v24.0) - https:\/\/yoast.com\/wordpress\/plugins\/seo\/ -->\n<title>H\u1ed9p gi\u1ea5y nh\u00e0 v\u1ec7 sinh gi\u00e1 r\u1ebb t\u1ea1i Qu\u1ea3ng Tr\u1ecb-0947.335.871<\/title>\n<meta name=\"description\" content=\"Tr\u1ea7n Th\u1ecb chuy\u00ean cung c\u1ea5p H\u1ed9p gi\u1ea5y nh\u00e0 v\u1ec7 sinh inox 304 gi\u00e1 r\u1ebb t\u1ea1i Qu\u1ea3ng Tr\u1ecb, v\u1edbi nh\u1eefng m\u1eabu H\u1ed9p gi\u1ea5y nh\u00e0 v\u1ec7 sinh chi ph\u00ed th\u1ea5p ti\u1ec7n l\u1ee3i v\u00e0 b\u1ec1n \u0111\u1eb9p\" \/>\n<meta name=\"robots\" content=\"index, follow, max-snippet:-1, max-image-preview:large, max-video-preview:-1\" \/>\n<link rel=\"canonical\" href=\"https:\/\/tranthi.vn\/quang-tri\/hop-giay-nha-ve-sinh-02-inox-304-tai-dong-ha-quang-tri\/\" \/>\n<meta property=\"og:locale\" content=\"vi_VN\" \/>\n<meta property=\"og:type\" content=\"article\" \/>\n<meta property=\"og:title\" content=\"HG 02 ( INOX 304 )\" \/>\n<meta property=\"og:description\" content=\"Tr\u1ea7n Th\u1ecb chuy\u00ean cung c\u1ea5p H\u1ed9p gi\u1ea5y nh\u00e0 v\u1ec7 sinh inox 304 gi\u00e1 r\u1ebb t\u1ea1i Qu\u1ea3ng Tr\u1ecb, v\u1edbi nh\u1eefng m\u1eabu H\u1ed9p gi\u1ea5y nh\u00e0 v\u1ec7 sinh chi ph\u00ed th\u1ea5p ti\u1ec7n l\u1ee3i v\u00e0 b\u1ec1n \u0111\u1eb9p\" \/>\n<meta property=\"og:url\" content=\"https:\/\/tranthi.vn\/quang-tri\/hop-giay-nha-ve-sinh-02-inox-304-tai-dong-ha-quang-tri\/\" \/>\n<meta property=\"og:site_name\" content=\"V\u1eadt Li\u1ec7u X\u00e2y D\u1ef1ng Tr\u1ea7n Th\u1ecb Chi Nh\u00e1nh Qu\u1ea3ng Tr\u1ecb\" \/>\n<meta property=\"article:modified_time\" content=\"2024-07-25T09:59:04+00:00\" \/>\n<meta property=\"og:image\" content=\"https:\/\/tranthi.vn\/quang-tri\/wp-content\/uploads\/2021\/03\/GIA-DE-TREO-GIAY-VE-SINH-NHA-VE-SINH-HUE.jpg\" \/>\n\t<meta property=\"og:image:width\" content=\"200\" \/>\n\t<meta property=\"og:image:height\" content=\"200\" \/>\n\t<meta property=\"og:image:type\" content=\"image\/jpeg\" \/>\n<meta name=\"twitter:card\" content=\"summary_large_image\" \/>\n<meta name=\"twitter:label1\" content=\"Gi\u00e1\" \/>\n\t<meta name=\"twitter:data1\" content=\"250,000&nbsp;&#8363;\" \/>\n\t<meta name=\"twitter:label2\" content=\"Kh\u1ea3 d\u1ee5ng\" \/>\n\t<meta name=\"twitter:data2\" content=\"Trong kho\" \/>\n<script type=\"application\/ld+json\" class=\"yoast-schema-graph\">{\"@context\":\"https:\/\/schema.org\",\"@graph\":[{\"@type\":\"WebPage\",\"@id\":\"https:\/\/tranthi.vn\/quang-tri\/hop-giay-nha-ve-sinh-02-inox-304-tai-dong-ha-quang-tri\/\",\"url\":\"https:\/\/tranthi.vn\/quang-tri\/hop-giay-nha-ve-sinh-02-inox-304-tai-dong-ha-quang-tri\/\",\"name\":\"H\u1ed9p gi\u1ea5y nh\u00e0 v\u1ec7 sinh gi\u00e1 r\u1ebb t\u1ea1i Qu\u1ea3ng Tr\u1ecb-0947.335.871\",\"isPartOf\":{\"@id\":\"https:\/\/tranthi.vn\/quang-tri\/#website\"},\"primaryImageOfPage\":{\"@id\":\"https:\/\/tranthi.vn\/quang-tri\/hop-giay-nha-ve-sinh-02-inox-304-tai-dong-ha-quang-tri\/#primaryimage\"},\"image\":{\"@id\":\"https:\/\/tranthi.vn\/quang-tri\/hop-giay-nha-ve-sinh-02-inox-304-tai-dong-ha-quang-tri\/#primaryimage\"},\"thumbnailUrl\":\"https:\/\/tranthi.vn\/quang-tri\/wp-content\/uploads\/2021\/03\/GIA-DE-TREO-GIAY-VE-SINH-NHA-VE-SINH-HUE.jpg\",\"datePublished\":\"2021-03-10T03:38:30+00:00\",\"dateModified\":\"2024-07-25T09:59:04+00:00\",\"description\":\"Tr\u1ea7n Th\u1ecb chuy\u00ean cung c\u1ea5p H\u1ed9p gi\u1ea5y nh\u00e0 v\u1ec7 sinh inox 304 gi\u00e1 r\u1ebb t\u1ea1i Qu\u1ea3ng Tr\u1ecb, v\u1edbi nh\u1eefng m\u1eabu H\u1ed9p gi\u1ea5y nh\u00e0 v\u1ec7 sinh chi ph\u00ed th\u1ea5p ti\u1ec7n l\u1ee3i v\u00e0 b\u1ec1n \u0111\u1eb9p\",\"breadcrumb\":{\"@id\":\"https:\/\/tranthi.vn\/quang-tri\/hop-giay-nha-ve-sinh-02-inox-304-tai-dong-ha-quang-tri\/#breadcrumb\"},\"inLanguage\":\"vi\",\"potentialAction\":[{\"@type\":\"ReadAction\",\"target\":[\"https:\/\/tranthi.vn\/quang-tri\/hop-giay-nha-ve-sinh-02-inox-304-tai-dong-ha-quang-tri\/\"]}]},{\"@type\":\"ImageObject\",\"inLanguage\":\"vi\",\"@id\":\"https:\/\/tranthi.vn\/quang-tri\/hop-giay-nha-ve-sinh-02-inox-304-tai-dong-ha-quang-tri\/#primaryimage\",\"url\":\"https:\/\/tranthi.vn\/quang-tri\/wp-content\/uploads\/2021\/03\/GIA-DE-TREO-GIAY-VE-SINH-NHA-VE-SINH-HUE.jpg\",\"contentUrl\":\"https:\/\/tranthi.vn\/quang-tri\/wp-content\/uploads\/2021\/03\/GIA-DE-TREO-GIAY-VE-SINH-NHA-VE-SINH-HUE.jpg\",\"width\":200,\"height\":200,\"caption\":\"GI\u00c1 \u0110\u1ec2 TREO GI\u1ea4Y V\u1ec6 SINH NH\u00c0 V\u1ec6 SINH HU\u1ebe\"},{\"@type\":\"BreadcrumbList\",\"@id\":\"https:\/\/tranthi.vn\/quang-tri\/hop-giay-nha-ve-sinh-02-inox-304-tai-dong-ha-quang-tri\/#breadcrumb\",\"itemListElement\":[{\"@type\":\"ListItem\",\"position\":1,\"name\":\"Trang Ch\u1ee7\",\"item\":\"https:\/\/tranthi.vn\/quang-tri\/\"},{\"@type\":\"ListItem\",\"position\":2,\"name\":\"Shop\",\"item\":\"https:\/\/tranthi.vn\/quang-tri\/shop\/\"},{\"@type\":\"ListItem\",\"position\":3,\"name\":\"HG 02 ( INOX 304 )\"}]},{\"@type\":\"WebSite\",\"@id\":\"https:\/\/tranthi.vn\/quang-tri\/#website\",\"url\":\"https:\/\/tranthi.vn\/quang-tri\/\",\"name\":\"VLXD Tr\u1ea7n Th\u1ecb\",\"description\":\"V\u1eadt Li\u1ec7u X\u00e2y D\u1ef1ng - Qu\u1ea3ng Tr\u1ecb\",\"publisher\":{\"@id\":\"https:\/\/tranthi.vn\/quang-tri\/#organization\"},\"potentialAction\":[{\"@type\":\"SearchAction\",\"target\":{\"@type\":\"EntryPoint\",\"urlTemplate\":\"https:\/\/tranthi.vn\/quang-tri\/?s={search_term_string}\"},\"query-input\":{\"@type\":\"PropertyValueSpecification\",\"valueRequired\":true,\"valueName\":\"search_term_string\"}}],\"inLanguage\":\"vi\"},{\"@type\":[\"Organization\",\"Place\"],\"@id\":\"https:\/\/tranthi.vn\/quang-tri\/#organization\",\"name\":\"VLXD Tr\u1ea7n Th\u1ecb\",\"url\":\"https:\/\/tranthi.vn\/quang-tri\/\",\"logo\":{\"@id\":\"https:\/\/tranthi.vn\/quang-tri\/hop-giay-nha-ve-sinh-02-inox-304-tai-dong-ha-quang-tri\/#local-main-organization-logo\"},\"image\":{\"@id\":\"https:\/\/tranthi.vn\/quang-tri\/hop-giay-nha-ve-sinh-02-inox-304-tai-dong-ha-quang-tri\/#local-main-organization-logo\"},\"telephone\":[],\"openingHoursSpecification\":[{\"@type\":\"OpeningHoursSpecification\",\"dayOfWeek\":[\"Monday\",\"Tuesday\",\"Wednesday\",\"Thursday\",\"Friday\",\"Saturday\",\"Sunday\"],\"opens\":\"09:00\",\"closes\":\"17:00\"}]},{\"@type\":\"ImageObject\",\"inLanguage\":\"vi\",\"@id\":\"https:\/\/tranthi.vn\/quang-tri\/hop-giay-nha-ve-sinh-02-inox-304-tai-dong-ha-quang-tri\/#local-main-organization-logo\",\"url\":\"https:\/\/tranthi.vn\/quang-tri\/wp-content\/uploads\/2021\/02\/logo-tranthi1.jpg\",\"contentUrl\":\"https:\/\/tranthi.vn\/quang-tri\/wp-content\/uploads\/2021\/02\/logo-tranthi1.jpg\",\"width\":800,\"height\":319,\"caption\":\"VLXD Tr\u1ea7n Th\u1ecb\"}]}<\/script>\n<meta property=\"product:price:amount\" content=\"250000\" \/>\n<meta property=\"product:price:currency\" content=\"VND\" \/>\n<meta property=\"og:availability\" content=\"instock\" \/>\n<meta property=\"product:availability\" content=\"instock\" \/>\n<meta property=\"product:condition\" content=\"new\" \/>\n<!-- \/ Yoast SEO Premium plugin. -->","yoast_head_json":{"title":"H\u1ed9p gi\u1ea5y nh\u00e0 v\u1ec7 sinh gi\u00e1 r\u1ebb t\u1ea1i Qu\u1ea3ng Tr\u1ecb-0947.335.871","description":"Tr\u1ea7n Th\u1ecb chuy\u00ean cung c\u1ea5p H\u1ed9p gi\u1ea5y nh\u00e0 v\u1ec7 sinh inox 304 gi\u00e1 r\u1ebb t\u1ea1i Qu\u1ea3ng Tr\u1ecb, v\u1edbi nh\u1eefng m\u1eabu H\u1ed9p gi\u1ea5y nh\u00e0 v\u1ec7 sinh chi ph\u00ed th\u1ea5p ti\u1ec7n l\u1ee3i v\u00e0 b\u1ec1n \u0111\u1eb9p","robots":{"index":"index","follow":"follow","max-snippet":"max-snippet:-1","max-image-preview":"max-image-preview:large","max-video-preview":"max-video-preview:-1"},"canonical":"https:\/\/tranthi.vn\/quang-tri\/hop-giay-nha-ve-sinh-02-inox-304-tai-dong-ha-quang-tri\/","og_locale":"vi_VN","og_type":"article","og_title":"HG 02 ( INOX 304 )","og_description":"Tr\u1ea7n Th\u1ecb chuy\u00ean cung c\u1ea5p H\u1ed9p gi\u1ea5y nh\u00e0 v\u1ec7 sinh inox 304 gi\u00e1 r\u1ebb t\u1ea1i Qu\u1ea3ng Tr\u1ecb, v\u1edbi nh\u1eefng m\u1eabu H\u1ed9p gi\u1ea5y nh\u00e0 v\u1ec7 sinh chi ph\u00ed th\u1ea5p ti\u1ec7n l\u1ee3i v\u00e0 b\u1ec1n \u0111\u1eb9p","og_url":"https:\/\/tranthi.vn\/quang-tri\/hop-giay-nha-ve-sinh-02-inox-304-tai-dong-ha-quang-tri\/","og_site_name":"V\u1eadt Li\u1ec7u X\u00e2y D\u1ef1ng Tr\u1ea7n Th\u1ecb Chi Nh\u00e1nh Qu\u1ea3ng Tr\u1ecb","article_modified_time":"2024-07-25T09:59:04+00:00","og_image":[{"width":200,"height":200,"url":"https:\/\/tranthi.vn\/quang-tri\/wp-content\/uploads\/2021\/03\/GIA-DE-TREO-GIAY-VE-SINH-NHA-VE-SINH-HUE.jpg","type":"image\/jpeg"}],"twitter_card":"summary_large_image","twitter_misc":{"Gi\u00e1":"250,000&nbsp;&#8363;","Kh\u1ea3 d\u1ee5ng":"Trong kho"},"schema":{"@context":"https:\/\/schema.org","@graph":[{"@type":"WebPage","@id":"https:\/\/tranthi.vn\/quang-tri\/hop-giay-nha-ve-sinh-02-inox-304-tai-dong-ha-quang-tri\/","url":"https:\/\/tranthi.vn\/quang-tri\/hop-giay-nha-ve-sinh-02-inox-304-tai-dong-ha-quang-tri\/","name":"H\u1ed9p gi\u1ea5y nh\u00e0 v\u1ec7 sinh gi\u00e1 r\u1ebb t\u1ea1i Qu\u1ea3ng Tr\u1ecb-0947.335.871","isPartOf":{"@id":"https:\/\/tranthi.vn\/quang-tri\/#website"},"primaryImageOfPage":{"@id":"https:\/\/tranthi.vn\/quang-tri\/hop-giay-nha-ve-sinh-02-inox-304-tai-dong-ha-quang-tri\/#primaryimage"},"image":{"@id":"https:\/\/tranthi.vn\/quang-tri\/hop-giay-nha-ve-sinh-02-inox-304-tai-dong-ha-quang-tri\/#primaryimage"},"thumbnailUrl":"https:\/\/tranthi.vn\/quang-tri\/wp-content\/uploads\/2021\/03\/GIA-DE-TREO-GIAY-VE-SINH-NHA-VE-SINH-HUE.jpg","datePublished":"2021-03-10T03:38:30+00:00","dateModified":"2024-07-25T09:59:04+00:00","description":"Tr\u1ea7n Th\u1ecb chuy\u00ean cung c\u1ea5p H\u1ed9p gi\u1ea5y nh\u00e0 v\u1ec7 sinh inox 304 gi\u00e1 r\u1ebb t\u1ea1i Qu\u1ea3ng Tr\u1ecb, v\u1edbi nh\u1eefng m\u1eabu H\u1ed9p gi\u1ea5y nh\u00e0 v\u1ec7 sinh chi ph\u00ed th\u1ea5p ti\u1ec7n l\u1ee3i v\u00e0 b\u1ec1n \u0111\u1eb9p","breadcrumb":{"@id":"https:\/\/tranthi.vn\/quang-tri\/hop-giay-nha-ve-sinh-02-inox-304-tai-dong-ha-quang-tri\/#breadcrumb"},"inLanguage":"vi","potentialAction":[{"@type":"ReadAction","target":["https:\/\/tranthi.vn\/quang-tri\/hop-giay-nha-ve-sinh-02-inox-304-tai-dong-ha-quang-tri\/"]}]},{"@type":"ImageObject","inLanguage":"vi","@id":"https:\/\/tranthi.vn\/quang-tri\/hop-giay-nha-ve-sinh-02-inox-304-tai-dong-ha-quang-tri\/#primaryimage","url":"https:\/\/tranthi.vn\/quang-tri\/wp-content\/uploads\/2021\/03\/GIA-DE-TREO-GIAY-VE-SINH-NHA-VE-SINH-HUE.jpg","contentUrl":"https:\/\/tranthi.vn\/quang-tri\/wp-content\/uploads\/2021\/03\/GIA-DE-TREO-GIAY-VE-SINH-NHA-VE-SINH-HUE.jpg","width":200,"height":200,"caption":"GI\u00c1 \u0110\u1ec2 TREO GI\u1ea4Y V\u1ec6 SINH NH\u00c0 V\u1ec6 SINH HU\u1ebe"},{"@type":"BreadcrumbList","@id":"https:\/\/tranthi.vn\/quang-tri\/hop-giay-nha-ve-sinh-02-inox-304-tai-dong-ha-quang-tri\/#breadcrumb","itemListElement":[{"@type":"ListItem","position":1,"name":"Trang Ch\u1ee7","item":"https:\/\/tranthi.vn\/quang-tri\/"},{"@type":"ListItem","position":2,"name":"Shop","item":"https:\/\/tranthi.vn\/quang-tri\/shop\/"},{"@type":"ListItem","position":3,"name":"HG 02 ( INOX 304 )"}]},{"@type":"WebSite","@id":"https:\/\/tranthi.vn\/quang-tri\/#website","url":"https:\/\/tranthi.vn\/quang-tri\/","name":"VLXD Tr\u1ea7n Th\u1ecb","description":"V\u1eadt Li\u1ec7u X\u00e2y D\u1ef1ng - Qu\u1ea3ng Tr\u1ecb","publisher":{"@id":"https:\/\/tranthi.vn\/quang-tri\/#organization"},"potentialAction":[{"@type":"SearchAction","target":{"@type":"EntryPoint","urlTemplate":"https:\/\/tranthi.vn\/quang-tri\/?s={search_term_string}"},"query-input":{"@type":"PropertyValueSpecification","valueRequired":true,"valueName":"search_term_string"}}],"inLanguage":"vi"},{"@type":["Organization","Place"],"@id":"https:\/\/tranthi.vn\/quang-tri\/#organization","name":"VLXD Tr\u1ea7n Th\u1ecb","url":"https:\/\/tranthi.vn\/quang-tri\/","logo":{"@id":"https:\/\/tranthi.vn\/quang-tri\/hop-giay-nha-ve-sinh-02-inox-304-tai-dong-ha-quang-tri\/#local-main-organization-logo"},"image":{"@id":"https:\/\/tranthi.vn\/quang-tri\/hop-giay-nha-ve-sinh-02-inox-304-tai-dong-ha-quang-tri\/#local-main-organization-logo"},"telephone":[],"openingHoursSpecification":[{"@type":"OpeningHoursSpecification","dayOfWeek":["Monday","Tuesday","Wednesday","Thursday","Friday","Saturday","Sunday"],"opens":"09:00","closes":"17:00"}]},{"@type":"ImageObject","inLanguage":"vi","@id":"https:\/\/tranthi.vn\/quang-tri\/hop-giay-nha-ve-sinh-02-inox-304-tai-dong-ha-quang-tri\/#local-main-organization-logo","url":"https:\/\/tranthi.vn\/quang-tri\/wp-content\/uploads\/2021\/02\/logo-tranthi1.jpg","contentUrl":"https:\/\/tranthi.vn\/quang-tri\/wp-content\/uploads\/2021\/02\/logo-tranthi1.jpg","width":800,"height":319,"caption":"VLXD Tr\u1ea7n Th\u1ecb"}]},"product_price_amount":"250000","product_price_currency":"VND","og_availability":"instock","product_availability":"instock","product_condition":"new"},"_links":{"self":[{"href":"https:\/\/tranthi.vn\/quang-tri\/wp-json\/wp\/v2\/product\/2699","targetHints":{"allow":["GET"]}}],"collection":[{"href":"https:\/\/tranthi.vn\/quang-tri\/wp-json\/wp\/v2\/product"}],"about":[{"href":"https:\/\/tranthi.vn\/quang-tri\/wp-json\/wp\/v2\/types\/product"}],"replies":[{"embeddable":true,"href":"https:\/\/tranthi.vn\/quang-tri\/wp-json\/wp\/v2\/comments?post=2699"}],"wp:featuredmedia":[{"embeddable":true,"href":"https:\/\/tranthi.vn\/quang-tri\/wp-json\/wp\/v2\/media\/4330"}],"wp:attachment":[{"href":"https:\/\/tranthi.vn\/quang-tri\/wp-json\/wp\/v2\/media?parent=2699"}],"wp:term":[{"taxonomy":"product_cat","embeddable":true,"href":"https:\/\/tranthi.vn\/quang-tri\/wp-json\/wp\/v2\/product_cat?post=2699"},{"taxonomy":"product_tag","embeddable":true,"href":"https:\/\/tranthi.vn\/quang-tri\/wp-json\/wp\/v2\/product_tag?post=2699"}],"curies":[{"name":"wp","href":"https:\/\/api.w.org\/{rel}","templated":true}]}}