{"id":5728,"date":"2024-07-20T09:26:40","date_gmt":"2024-07-20T02:26:40","guid":{"rendered":"https:\/\/tranthi.vn\/hochiminh\/?post_type=product&#038;p=5728"},"modified":"2025-06-19T14:23:57","modified_gmt":"2025-06-19T07:23:57","slug":"da-granit-mat-bep-tp-ho-chi-minh-sai-gon","status":"publish","type":"product","link":"https:\/\/tranthi.vn\/hochiminh\/da-granit-mat-bep-tp-ho-chi-minh-sai-gon\/","title":{"rendered":"\u0110\u00e1 Granit M\u1eb7t B\u1ebfp Tp H\u1ed3 Ch\u00ed Minh"},"content":{"rendered":"<h1 style=\"text-align: center;\"><strong><span style=\"font-size: 130%;\"><a href=\"https:\/\/tranthi.vn\/da-granit-mat-bep-da-nang\/\"><span style=\"font-family: 'times new roman', times, serif;\">\u0110\u00e1 Granit M\u1eb7t B\u1ebfp Tp H\u1ed3 Ch\u00ed Minh<\/span><\/a><\/span><\/strong><\/h1>\n<h1><\/h1>\n<h1><span style=\"font-size: 120%;\"><strong><span style=\"font-family: 'times new roman', times, serif;\">1. \u0110\u1eb7c \u0111i\u1ec3m c\u1ee7a \u0111\u00e1 granit<\/span><\/strong><\/span><\/h1>\n<h3><span style=\"font-family: 'times new roman', times, serif; font-size: 120%;\"><a href=\"https:\/\/tranthi.vn\/hochiminh\/mau-da-granite-hoa-cuong-ho-chi-minh-sai-gon\/\" target=\"_blank\" rel=\"noopener\">\u0110\u00e1 granit<\/a> l\u00e0 m\u1ed9t lo\u1ea1i \u0111\u00e1 t\u1ef1 nhi\u00ean \u0111\u01b0\u1ee3c h\u00ecnh th\u00e0nh t\u1eeb qu\u00e1 tr\u00ecnh ngu\u1ed9i l\u1ea1nh c\u1ee7a magma d\u01b0\u1edbi b\u1ec1 m\u1eb7t tr\u00e1i \u0111\u1ea5t. \u0110\u1eb7c \u0111i\u1ec3m n\u1ed5i b\u1eadt c\u1ee7a \u0111\u00e1 granit bao g\u1ed3m:<\/span><\/h3>\n<p><iframe loading=\"lazy\" title=\"\u0111\u00e1 b\u1ebfp kim sa \u0111\u00e0 n\u1eb5ng #\u0111\u00e1_b\u00eap_kim_sa_\u0111\u00e0_n\u1eb5ng\" width=\"1020\" height=\"574\" src=\"https:\/\/www.youtube.com\/embed\/ROCsu9AHF0Y?start=1&#038;feature=oembed\" frameborder=\"0\" allow=\"accelerometer; autoplay; clipboard-write; encrypted-media; gyroscope; picture-in-picture; web-share\" referrerpolicy=\"strict-origin-when-cross-origin\" allowfullscreen><\/iframe><\/p>\n<ul>\n<li>\n<h3><span style=\"font-family: 'times new roman', times, serif; font-size: 120%;\">\u0110\u1ed9 b\u1ec1n cao: \u0110\u00e1 granit c\u00f3 c\u1ea5u tr\u00fac tinh th\u1ec3 ch\u1eb7t ch\u1ebd, gi\u00fap n\u00f3 ch\u1ecbu \u0111\u01b0\u1ee3c l\u1ef1c t\u00e1c \u0111\u1ed9ng m\u1ea1nh v\u00e0 kh\u00f4ng d\u1ec5 b\u1ecb tr\u1ea7y x\u01b0\u1edbc.<\/span><\/h3>\n<\/li>\n<li>\n<h3><span style=\"font-family: 'times new roman', times, serif; font-size: 120%;\">Kh\u1ea3 n\u0103ng ch\u1ecbu nhi\u1ec7t t\u1ed1t: \u0110\u00e1 granit c\u00f3 kh\u1ea3 n\u0103ng ch\u1ecbu nhi\u1ec7t \u0111\u1ed9 cao, kh\u00f4ng b\u1ecb \u1ea3nh h\u01b0\u1edfng b\u1edfi c\u00e1c d\u1ee5ng c\u1ee5 n\u1ea5u n\u01b0\u1edbng n\u00f3ng.<\/span><\/h3>\n<\/li>\n<li>\n<h3><span style=\"font-family: 'times new roman', times, serif; font-size: 120%;\">\u0110a d\u1ea1ng v\u1ec1 m\u00e0u s\u1eafc v\u00e0 v\u00e2n \u0111\u00e1: \u0110\u00e1 granit c\u00f3 nhi\u1ec1u m\u00e0u s\u1eafc v\u00e0 v\u00e2n \u0111\u00e1 t\u1ef1 nhi\u00ean, t\u1ea1o n\u00ean v\u1ebb \u0111\u1eb9p \u0111\u1ed9c \u0111\u00e1o v\u00e0 sang tr\u1ecdng cho kh\u00f4ng gian b\u1ebfp.<\/span><\/h3>\n<\/li>\n<li><iframe loading=\"lazy\" src=\"\/\/www.youtube.com\/embed\/M_krMKwsUUc\" width=\"560\" height=\"314\" allowfullscreen=\"allowfullscreen\" data-mce-fragment=\"1\"><\/iframe><\/li>\n<\/ul>\n<h1><span style=\"font-size: 120%;\"><strong><span style=\"font-family: 'times new roman', times, serif;\">2. L\u1ee3i \u00edch c\u1ee7a vi\u1ec7c s\u1eed d\u1ee5ng \u0111\u00e1 granit cho m\u1eb7t b\u1ebfp<\/span><\/strong><\/span><\/h1>\n<h3><span style=\"font-family: 'times new roman', times, serif; font-size: 120%;\">Vi\u1ec7c s\u1eed d\u1ee5ng <a href=\"https:\/\/tranthi.vn\/hanoi\/da-granit-mat-bep-ha-noi\/\" target=\"_blank\" rel=\"noopener\">\u0111\u00e1 granit cho m\u1eb7t b\u1ebfp<\/a> mang l\u1ea1i nhi\u1ec1u l\u1ee3i \u00edch v\u01b0\u1ee3t tr\u1ed9i:<\/span><\/h3>\n<ul>\n<li>\n<h3><span style=\"font-family: 'times new roman', times, serif; font-size: 120%;\">T\u00ednh th\u1ea9m m\u1ef9 cao: \u0110\u00e1 granit v\u1edbi c\u00e1c v\u00e2n \u0111\u00e1 t\u1ef1 nhi\u00ean t\u1ea1o n\u00ean v\u1ebb \u0111\u1eb9p sang tr\u1ecdng v\u00e0 hi\u1ec7n \u0111\u1ea1i cho gian b\u1ebfp. M\u1ed7i t\u1ea5m \u0111\u00e1 granit \u0111\u1ec1u l\u00e0 duy nh\u1ea5t, mang \u0111\u1ebfn s\u1ef1 \u0111\u1ed9c \u0111\u00e1o cho kh\u00f4ng gian n\u1ed9i th\u1ea5t.<\/span><\/h3>\n<\/li>\n<li>\n<h3><span style=\"font-family: 'times new roman', times, serif; font-size: 120%;\">D\u1ec5 d\u00e0ng v\u1ec7 sinh: B\u1ec1 m\u1eb7t \u0111\u00e1 granit b\u00f3ng m\u1ecbn, kh\u00f4ng th\u1ea5m n\u01b0\u1edbc v\u00e0 d\u1ea7u m\u1ee1, gi\u00fap vi\u1ec7c v\u1ec7 sinh tr\u1edf n\u00ean d\u1ec5 d\u00e0ng h\u01a1n. Ch\u1ec9 c\u1ea7n lau ch\u00f9i nh\u1eb9 nh\u00e0ng, m\u1eb7t b\u1ebfp lu\u00f4n gi\u1eef \u0111\u01b0\u1ee3c v\u1ebb s\u1ea1ch s\u1ebd v\u00e0 s\u00e1ng b\u00f3ng.<\/span><\/h3>\n<\/li>\n<\/ul>\n<figure id=\"attachment_5979\" aria-describedby=\"caption-attachment-5979\" style=\"width: 359px\" class=\"wp-caption aligncenter\"><img loading=\"lazy\" decoding=\"async\" class=\" wp-image-5979\" src=\"https:\/\/tranthi.vn\/hochiminh\/wp-content\/uploads\/2024\/07\/Mau-da-granit-chat-luong-Ha-Noi.png\" alt=\"M\u1eabu \u0111\u00e1 granit ch\u1ea5t l\u01b0\u1ee3ng TP H\u1ed3 Ch\u00ed Minh\" width=\"359\" height=\"593\" \/><figcaption id=\"caption-attachment-5979\" class=\"wp-caption-text\">M\u1eabu \u0111\u00e1 granit ch\u1ea5t l\u01b0\u1ee3ng TP H\u1ed3 Ch\u00ed Minh<\/figcaption><\/figure>\n<ul>\n<li>\n<h3><span style=\"font-family: 'times new roman', times, serif; font-size: 120%;\">Kh\u1ea3 n\u0103ng ch\u1ed1ng tr\u1ea7y x\u01b0\u1edbc v\u00e0 ch\u1ecbu l\u1ef1c t\u1ed1t: \u0110\u00e1 granit c\u00f3 \u0111\u1ed9 c\u1ee9ng cao, kh\u00f3 b\u1ecb tr\u1ea7y x\u01b0\u1edbc hay h\u01b0 h\u1ecfng do va \u0111\u1eadp. \u0110i\u1ec1u n\u00e0y r\u1ea5t quan tr\u1ecdng trong m\u00f4i tr\u01b0\u1eddng b\u1ebfp, n\u01a1i th\u01b0\u1eddng xuy\u00ean ti\u1ebfp x\u00fac v\u1edbi c\u00e1c d\u1ee5ng c\u1ee5 n\u1ea5u n\u01b0\u1edbng s\u1eafc nh\u1ecdn v\u00e0 n\u1eb7ng.<\/span><\/h3>\n<\/li>\n<li>\n<h3><span style=\"font-family: 'times new roman', times, serif; font-size: 120%;\">\u0110\u1ed9 b\u1ec1n l\u00e2u d\u00e0i: V\u1edbi kh\u1ea3 n\u0103ng ch\u1ed1ng l\u1ea1i c\u00e1c t\u00e1c \u0111\u1ed9ng c\u1ee7a nhi\u1ec7t \u0111\u1ed9, \u0111\u1ed9 \u1ea9m v\u00e0 h\u00f3a ch\u1ea5t, \u0111\u00e1 granit c\u00f3 th\u1ec3 duy tr\u00ec v\u1ebb \u0111\u1eb9p v\u00e0 ch\u1ee9c n\u0103ng c\u1ee7a n\u00f3 trong nhi\u1ec1u n\u0103m m\u00e0 kh\u00f4ng c\u1ea7n thay th\u1ebf hay s\u1eeda ch\u1eefa.<\/span><\/h3>\n<\/li>\n<li>\n<figure id=\"attachment_5795\" aria-describedby=\"caption-attachment-5795\" style=\"width: 322px\" class=\"wp-caption alignnone\"><img loading=\"lazy\" decoding=\"async\" class=\" wp-image-5795\" src=\"https:\/\/tranthi.vn\/hochiminh\/wp-content\/uploads\/2024\/07\/da-granit-mat-bep.png\" alt=\"\" width=\"322\" height=\"230\" \/><figcaption id=\"caption-attachment-5795\" class=\"wp-caption-text\">\u0111\u00e1 granit m\u1eb7t b\u1ebfp t\u1ea1i H\u1ed3 Ch\u00ed Minh- S\u00e0i G\u00f2n<\/figcaption><\/figure><\/li>\n<\/ul>\n<h1><span style=\"font-size: 120%;\"><strong><span style=\"font-family: 'times new roman', times, serif;\">3. T\u1ea1i sao n\u00ean ch\u1ecdn \u0111\u00e1 granit m\u1eb7t b\u1ebfp ?<\/span><\/strong><\/span><\/h1>\n<h3><span style=\"font-family: 'times new roman', times, serif; font-size: 120%;\"><em><a href=\"https:\/\/vi.wikipedia.org\/wiki\/%E1%BB%A6y_ban_nh%C3%A2n_d%C3%A2n_Th%C3%A0nh_ph%E1%BB%91_H%E1%BB%93_Ch%C3%AD_Minh\">Tp H\u1ed3 Ch\u00ed Minh<\/a><\/em>, v\u1edbi kh\u00ed h\u1eadu nhi\u1ec7t \u0111\u1edbi \u1ea9m v\u00e0 nhu c\u1ea7u ng\u00e0y c\u00e0ng cao v\u1ec1 c\u00e1c s\u1ea3n ph\u1ea9m n\u1ed9i th\u1ea5t ch\u1ea5t l\u01b0\u1ee3ng, l\u00e0 n\u01a1i l\u00fd t\u01b0\u1edfng \u0111\u1ec3 s\u1eed d\u1ee5ng \u0111\u00e1 granit cho m\u1eb7t b\u1ebfp. Nh\u1eefng l\u00fd do n\u00ean ch\u1ecdn \u0111\u00e1 granit m\u1eb7t b\u1ebfp bao g\u1ed3m:<\/span><\/h3>\n<ul>\n<li>\n<h3><span style=\"font-family: 'times new roman', times, serif; font-size: 120%;\">S\u1ef1 \u0111a d\u1ea1ng v\u1ec1 ngu\u1ed3n cung:C\u00f3\u00a0nhi\u1ec1u nh\u00e0 cung c\u1ea5p \u0111\u00e1 granit uy t\u00edn, cung c\u1ea5p \u0111a d\u1ea1ng m\u1eabu m\u00e3 v\u00e0 m\u00e0u s\u1eafc, \u0111\u00e1p \u1ee9ng nhu c\u1ea7u th\u1ea9m m\u1ef9 v\u00e0 ch\u1ea5t l\u01b0\u1ee3ng c\u1ee7a kh\u00e1ch h\u00e0ng.<\/span><\/h3>\n<\/li>\n<li>\n<h3><span style=\"font-family: 'times new roman', times, serif; font-size: 120%;\">Gi\u00e1 c\u1ea3 c\u1ea1nh tranh: V\u1edbi s\u1ef1 c\u1ea1nh tranh gi\u1eefa c\u00e1c nh\u00e0 cung c\u1ea5p, kh\u00e1ch h\u00e0ng c\u00f3 th\u1ec3 d\u1ec5 d\u00e0ng t\u00ecm \u0111\u01b0\u1ee3c s\u1ea3n ph\u1ea9m \u0111\u00e1 granit ch\u1ea5t l\u01b0\u1ee3ng v\u1edbi gi\u00e1 c\u1ea3 h\u1ee3p l\u00fd.<\/span><\/h3>\n<\/li>\n<li>\n<h3><span style=\"font-family: 'times new roman', times, serif; font-size: 120%;\">D\u1ecbch v\u1ee5 l\u1eafp \u0111\u1eb7t chuy\u00ean nghi\u1ec7p: C\u00e1c \u0111\u01a1n v\u1ecb cung c\u1ea5p \u0111\u00e1 granit t\u1ea1i <a href=\"https:\/\/vi.wikipedia.org\/wiki\/%E1%BB%A6y_ban_nh%C3%A2n_d%C3%A2n_Th%C3%A0nh_ph%E1%BB%91_H%E1%BB%93_Ch%C3%AD_Minh\"><em>Tp H\u1ed3 Ch\u00ed Minh<\/em> <\/a>th\u01b0\u1eddng \u0111i k\u00e8m v\u1edbi d\u1ecbch v\u1ee5 l\u1eafp \u0111\u1eb7t chuy\u00ean nghi\u1ec7p, \u0111\u1ea3m b\u1ea3o m\u1eb7t b\u1ebfp \u0111\u01b0\u1ee3c ho\u00e0n thi\u1ec7n m\u1ed9t c\u00e1ch ch\u00ednh x\u00e1c v\u00e0 \u0111\u1eb9p m\u1eaft.<\/span><\/h3>\n<\/li>\n<li><img loading=\"lazy\" decoding=\"async\" class=\"alignnone wp-image-5798\" src=\"https:\/\/tranthi.vn\/hochiminh\/wp-content\/uploads\/2024\/07\/da-granit-mat-bep-2.png\" alt=\"\" width=\"375\" height=\"268\" \/><\/li>\n<li>\n<h3><span style=\"font-family: 'times new roman', times, serif; font-size: 120%;\"><br \/>\n<iframe loading=\"lazy\" src=\"\/\/www.youtube.com\/embed\/hZeaIqZ5JQQ\" width=\"560\" height=\"314\" allowfullscreen=\"allowfullscreen\" data-mce-fragment=\"1\"><\/iframe><\/span><\/h3>\n<\/li>\n<\/ul>\n<div class=\"woocommerce-tabs wc-tabs-wrapper container tabbed-content\">\n<div class=\"tab-panels\">\n<div id=\"tab-description\" class=\"woocommerce-Tabs-panel woocommerce-Tabs-panel--description panel entry-content active\" role=\"tabpanel\" aria-labelledby=\"tab-title-description\">\n<ul>\n<li>\n<h3 data-start=\"288\" data-end=\"632\"><span style=\"font-family: 'times new roman', times, serif; font-size: 120%;\">N\u1ebfu b\u1ea1n c\u1ea7n x\u1eed l\u00fd c\u00e1c v\u1ea5n \u0111\u1ec1 tr\u00ean ho\u1eb7c mu\u1ed1n b\u1ea3o tr\u00ec, c\u1ea3i t\u1ea1o m\u1eb7t b\u1ebfp,\u00a0<strong data-start=\"358\" data-end=\"406\">App G\u1ecdi Th\u1ee3 S\u1eeda Ch\u1eefa V\u1eb7t<a href=\"https:\/\/tranthi.vn\/hanoi\" target=\"_blank\" rel=\"noopener\">\u00a0Tr\u1ea7n Th\u1ecb<\/a> t\u1ea1i <a href=\"https:\/\/vi.wikipedia.org\/wiki\/Th%C3%A0nh_ph%E1%BB%91_H%E1%BB%93_Ch%C3%AD_Minh\" target=\"_blank\" rel=\"noopener\">H\u1ed3 Ch\u00ed Minh<\/a><\/strong>\u00a0ch\u00ednh l\u00e0 gi\u1ea3i ph\u00e1p linh ho\u1ea1t v\u00e0 hi\u1ec7u qu\u1ea3. \u1ee8ng d\u1ee5ng cung c\u1ea5p d\u1ecbch v\u1ee5\u00a0<strong data-start=\"475\" data-end=\"538\">c\u1eaft \u2013 khoan \u0111\u00e1, tr\u00e1m keo, \u0111\u00e1nh b\u00f3ng, s\u1eeda ch\u1eefa\u00a0<a href=\"https:\/\/tranthi.vn\/hanoi\/mau-da-granite-hoa-cuong-ha-noi\/\" target=\"_blank\" rel=\"noopener\">b\u1ebfp \u0111\u00e1 granit<\/a><\/strong>\u00a0v\u1edbi \u0111\u1ed9i ng\u0169 th\u1ee3 c\u00f3 tay ngh\u1ec1, l\u00e0m vi\u1ec7c c\u1ea9n th\u1eadn, \u0111\u00fang ti\u1ebfn \u0111\u1ed9 v\u00e0 cam k\u1ebft r\u00f5 r\u00e0ng v\u1ec1 chi ph\u00ed.<\/span><\/h3>\n<h3 id=\"attachment_6039\" class=\"wp-caption aligncenter\" aria-describedby=\"caption-attachment-6039\"><span style=\"font-family: 'times new roman', times, serif; font-size: 120%;\"><img loading=\"lazy\" decoding=\"async\" class=\"size-full wp-image-6039\" src=\"https:\/\/tranthi.vn\/hanoi\/wp-content\/uploads\/2022\/09\/app-goi-sua-chua-vat-Tran-Thi-Ha-Noi.png\" sizes=\"auto, (max-width: 1400px) 100vw, 1400px\" srcset=\"https:\/\/tranthi.vn\/hanoi\/wp-content\/uploads\/2022\/09\/app-goi-sua-chua-vat-Tran-Thi-Ha-Noi.png 1400w, https:\/\/tranthi.vn\/hanoi\/wp-content\/uploads\/2022\/09\/app-goi-sua-chua-vat-Tran-Thi-Ha-Noi-768x175.png 768w, https:\/\/tranthi.vn\/hanoi\/wp-content\/uploads\/2022\/09\/app-goi-sua-chua-vat-Tran-Thi-Ha-Noi-800x182.png 800w\" alt=\"app goi s\u1eeda ch\u1eefa v\u1eb7t Tr\u1ea7n Th\u1ecb H\u00e0 N\u1ed9i\" width=\"1400\" height=\"319\" \/><\/span><span style=\"font-family: 'times new roman', times, serif; font-size: 120%;\">app goi s\u1eeda ch\u1eefa v\u1eb7t Tr\u1ea7n Th\u1ecb H\u1ed3 Ch\u00ed Minh<\/span><\/h3>\n<\/li>\n<li>\n<h3 data-start=\"634\" data-end=\"764\"><span style=\"font-family: 'times new roman', times, serif; font-size: 120%;\">D\u00f9 l\u00e0 vi\u1ec7c nh\u1ecf nh\u1ea5t trong gian b\u1ebfp, <a href=\"https:\/\/tranthi.vn\/hochiminh\" target=\"_blank\" rel=\"noopener\">Tr\u1ea7n Th\u1ecb<\/a> v\u1eabn \u0111\u1ed3ng h\u00e0nh c\u00f9ng b\u1ea1n \u2013\u00a0<strong data-start=\"704\" data-end=\"764\" data-is-last-node=\"\">Nhanh ch\u00f3ng, chuy\u00ean nghi\u1ec7p v\u00e0 lu\u00f4n s\u1eb5n s\u00e0ng khi b\u1ea1n c\u1ea7n!<\/strong><\/span><\/h3>\n<p><iframe loading=\"lazy\" title=\"Quy m\u00f4 c\u1ee7a app G\u1ecdi th\u1ee3 s\u1eeda ch\u1eefa v\u1eb7t Tr\u1ea7n Th\u1ecb\" src=\"https:\/\/www.youtube.com\/embed\/pJqt2gdUz8k?feature=oembed\" width=\"1020\" height=\"574\" frameborder=\"0\" allowfullscreen=\"allowfullscreen\" data-mce-fragment=\"1\"><\/iframe><\/li>\n<\/ul>\n<\/div>\n<\/div>\n<\/div>\n<div class=\"related related-products-wrapper product-section\">\n<h3 class=\"product-section-title container-width product-section-title-related pt-half pb-half uppercase\">Related products<\/h3>\n<\/div>\n","protected":false},"excerpt":{"rendered":"<p>\u0110\u00e1 Granit M\u1eb7t B\u1ebfp Tp H\u1ed3 Ch\u00ed Minh 1. \u0110\u1eb7c \u0111i\u1ec3m c\u1ee7a \u0111\u00e1 granit \u0110\u00e1 granit l\u00e0 m\u1ed9t lo\u1ea1i \u0111\u00e1 t\u1ef1 nhi\u00ean \u0111\u01b0\u1ee3c h\u00ecnh th\u00e0nh t\u1eeb qu\u00e1 tr\u00ecnh ngu\u1ed9i l\u1ea1nh c\u1ee7a magma d\u01b0\u1edbi b\u1ec1 m\u1eb7t tr\u00e1i \u0111\u1ea5t. \u0110\u1eb7c \u0111i\u1ec3m n\u1ed5i b\u1eadt c\u1ee7a \u0111\u00e1 granit bao g\u1ed3m: \u0110\u1ed9 b\u1ec1n cao: \u0110\u00e1 granit c\u00f3 c\u1ea5u tr\u00fac tinh [&#8230;]\n","protected":false},"featured_media":5980,"comment_status":"closed","ping_status":"closed","template":"","meta":[],"product_cat":[15],"product_tag":[],"class_list":{"0":"post-5728","1":"product","2":"type-product","3":"status-publish","4":"has-post-thumbnail","6":"product_cat-chua-phan-loai","8":"first","9":"instock","10":"shipping-taxable","11":"product-type-simple"},"yoast_head":"<!-- This site is optimized with the Yoast SEO Premium plugin v22.3 (Yoast SEO v22.4) - https:\/\/yoast.com\/wordpress\/plugins\/seo\/ -->\n<title>Gi\u00e1 \u0110\u00e1 Granit M\u1eb7t B\u1ebfp t\u1ea1i Tp H\u1ed3 Ch\u00ed Minh- 0947.335.871-Tr\u1ea7n Th\u1ecb<\/title>\n<meta name=\"description\" content=\"Gi\u00e1 \u0110\u00e1 Granit M\u1eb7t B\u1ebfp t\u1ea1i Tp H\u1ed3 Ch\u00ed Minh- 0947.335.871 Tr\u1ea7n th\u1ecb. Cung c\u1ea5p h\u00e0ng ho\u00e1 uy t\u00edn ch\u1ea5t l\u01b0\u1ee3ng tham kh\u1ea3o t\u1ea1i web: tranthi.vn \u0111\u1ec3 bi\u1ebft th\u00eam chi t\u1ebft\" \/>\n<meta name=\"robots\" content=\"index, follow, max-snippet:-1, max-image-preview:large, max-video-preview:-1\" \/>\n<link rel=\"canonical\" href=\"https:\/\/tranthi.vn\/hochiminh\/da-granit-mat-bep-tp-ho-chi-minh-sai-gon\/\" \/>\n<meta property=\"og:locale\" content=\"vi_VN\" \/>\n<meta property=\"og:type\" content=\"article\" \/>\n<meta property=\"og:title\" content=\"\u0110\u00e1 Granit M\u1eb7t B\u1ebfp Tp H\u1ed3 Ch\u00ed Minh\" \/>\n<meta property=\"og:description\" content=\"Gi\u00e1 \u0110\u00e1 Granit M\u1eb7t B\u1ebfp t\u1ea1i Tp H\u1ed3 Ch\u00ed Minh- 0947.335.871 Tr\u1ea7n th\u1ecb. Cung c\u1ea5p h\u00e0ng ho\u00e1 uy t\u00edn ch\u1ea5t l\u01b0\u1ee3ng tham kh\u1ea3o t\u1ea1i web: tranthi.vn \u0111\u1ec3 bi\u1ebft th\u00eam chi t\u1ebft\" \/>\n<meta property=\"og:url\" content=\"https:\/\/tranthi.vn\/hochiminh\/da-granit-mat-bep-tp-ho-chi-minh-sai-gon\/\" \/>\n<meta property=\"og:site_name\" content=\"V\u1eadt Li\u1ec7u X\u00e2y D\u1ef1ng Tr\u1ea7n Th\u1ecb Chi Nh\u00e1nh H\u1ed3 Ch\u00ed Minh\" \/>\n<meta property=\"article:modified_time\" content=\"2025-06-19T07:23:57+00:00\" \/>\n<meta property=\"og:image\" content=\"https:\/\/tranthi.vn\/hochiminh\/wp-content\/uploads\/2024\/07\/mau-da-kim-sa-den-ban-bep-de-phoi-hop-trong-khong-gian-1.jpg\" \/>\n\t<meta property=\"og:image:width\" content=\"894\" \/>\n\t<meta property=\"og:image:height\" content=\"894\" \/>\n\t<meta property=\"og:image:type\" content=\"image\/jpeg\" \/>\n<meta name=\"twitter:card\" content=\"summary_large_image\" \/>\n<meta name=\"twitter:label1\" content=\"Gi\u00e1\" \/>\n\t<meta name=\"twitter:data1\" content=\"\" \/>\n\t<meta name=\"twitter:label2\" content=\"Kh\u1ea3 d\u1ee5ng\" \/>\n\t<meta name=\"twitter:data2\" content=\"Trong kho\" \/>\n<script type=\"application\/ld+json\" class=\"yoast-schema-graph\">{\"@context\":\"https:\/\/schema.org\",\"@graph\":[{\"@type\":[\"WebPage\",\"ItemPage\"],\"@id\":\"https:\/\/tranthi.vn\/hochiminh\/da-granit-mat-bep-tp-ho-chi-minh-sai-gon\/\",\"url\":\"https:\/\/tranthi.vn\/hochiminh\/da-granit-mat-bep-tp-ho-chi-minh-sai-gon\/\",\"name\":\"Gi\u00e1 \u0110\u00e1 Granit M\u1eb7t B\u1ebfp t\u1ea1i Tp H\u1ed3 Ch\u00ed Minh- 0947.335.871-Tr\u1ea7n Th\u1ecb\",\"isPartOf\":{\"@id\":\"https:\/\/tranthi.vn\/hochiminh\/#website\"},\"primaryImageOfPage\":{\"@id\":\"https:\/\/tranthi.vn\/hochiminh\/da-granit-mat-bep-tp-ho-chi-minh-sai-gon\/#primaryimage\"},\"image\":{\"@id\":\"https:\/\/tranthi.vn\/hochiminh\/da-granit-mat-bep-tp-ho-chi-minh-sai-gon\/#primaryimage\"},\"thumbnailUrl\":\"https:\/\/tranthi.vn\/hochiminh\/wp-content\/uploads\/2024\/07\/mau-da-kim-sa-den-ban-bep-de-phoi-hop-trong-khong-gian-1.jpg\",\"datePublished\":\"2024-07-20T02:26:40+00:00\",\"dateModified\":\"2025-06-19T07:23:57+00:00\",\"description\":\"Gi\u00e1 \u0110\u00e1 Granit M\u1eb7t B\u1ebfp t\u1ea1i Tp H\u1ed3 Ch\u00ed Minh- 0947.335.871 Tr\u1ea7n th\u1ecb. Cung c\u1ea5p h\u00e0ng ho\u00e1 uy t\u00edn ch\u1ea5t l\u01b0\u1ee3ng tham kh\u1ea3o t\u1ea1i web: tranthi.vn \u0111\u1ec3 bi\u1ebft th\u00eam chi t\u1ebft\",\"breadcrumb\":{\"@id\":\"https:\/\/tranthi.vn\/hochiminh\/da-granit-mat-bep-tp-ho-chi-minh-sai-gon\/#breadcrumb\"},\"inLanguage\":\"vi\",\"potentialAction\":[{\"@type\":\"ReadAction\",\"target\":[\"https:\/\/tranthi.vn\/hochiminh\/da-granit-mat-bep-tp-ho-chi-minh-sai-gon\/\"]}]},{\"@type\":\"ImageObject\",\"inLanguage\":\"vi\",\"@id\":\"https:\/\/tranthi.vn\/hochiminh\/da-granit-mat-bep-tp-ho-chi-minh-sai-gon\/#primaryimage\",\"url\":\"https:\/\/tranthi.vn\/hochiminh\/wp-content\/uploads\/2024\/07\/mau-da-kim-sa-den-ban-bep-de-phoi-hop-trong-khong-gian-1.jpg\",\"contentUrl\":\"https:\/\/tranthi.vn\/hochiminh\/wp-content\/uploads\/2024\/07\/mau-da-kim-sa-den-ban-bep-de-phoi-hop-trong-khong-gian-1.jpg\",\"width\":894,\"height\":894,\"caption\":\"M\u1eabu \u0111\u00e1 kim sa \u0111en b\u00e0n b\u1ebfp d\u1ec5 ph\u1ed1i h\u1ee3p trong kh\u00f4ng gian\"},{\"@type\":\"BreadcrumbList\",\"@id\":\"https:\/\/tranthi.vn\/hochiminh\/da-granit-mat-bep-tp-ho-chi-minh-sai-gon\/#breadcrumb\",\"itemListElement\":[{\"@type\":\"ListItem\",\"position\":1,\"name\":\"Trang ch\u1ee7\",\"item\":\"https:\/\/tranthi.vn\/hochiminh\/\"},{\"@type\":\"ListItem\",\"position\":2,\"name\":\"Shop\",\"item\":\"https:\/\/tranthi.vn\/hochiminh\/shop\/\"},{\"@type\":\"ListItem\",\"position\":3,\"name\":\"\u0110\u00e1 Granit M\u1eb7t B\u1ebfp Tp H\u1ed3 Ch\u00ed Minh\"}]},{\"@type\":\"WebSite\",\"@id\":\"https:\/\/tranthi.vn\/hochiminh\/#website\",\"url\":\"https:\/\/tranthi.vn\/hochiminh\/\",\"name\":\"V\u1eadt Li\u1ec7u X\u00e2y D\u1ef1ng Tr\u1ea7n Th\u1ecb Chi Nh\u00e1nh H\u1ed3 Ch\u00ed Minh\",\"description\":\"V\u1eadt Li\u1ec7u X\u00e2y D\u1ef1ng - H\u1ed3 Ch\u00ed Minh\",\"potentialAction\":[{\"@type\":\"SearchAction\",\"target\":{\"@type\":\"EntryPoint\",\"urlTemplate\":\"https:\/\/tranthi.vn\/hochiminh\/?s={search_term_string}\"},\"query-input\":\"required name=search_term_string\"}],\"inLanguage\":\"vi\"},{\"@type\":\"ImageObject\",\"inLanguage\":\"vi\",\"@id\":\"https:\/\/tranthi.vn\/hochiminh\/da-granit-mat-bep-tp-ho-chi-minh-sai-gon\/#local-main-organization-logo\",\"url\":\"\",\"contentUrl\":\"\",\"caption\":\"V\u1eadt Li\u1ec7u X\u00e2y D\u1ef1ng Tr\u1ea7n Th\u1ecb Chi Nh\u00e1nh H\u1ed3 Ch\u00ed Minh\"}]}<\/script>\n<meta property=\"product:price:amount\" content=\"0\" \/>\n<meta property=\"product:price:currency\" content=\"VND\" \/>\n<meta property=\"og:availability\" content=\"instock\" \/>\n<meta property=\"product:availability\" content=\"instock\" \/>\n<meta property=\"product:condition\" content=\"new\" \/>\n<!-- \/ Yoast SEO Premium plugin. -->","yoast_head_json":{"title":"Gi\u00e1 \u0110\u00e1 Granit M\u1eb7t B\u1ebfp t\u1ea1i Tp H\u1ed3 Ch\u00ed Minh- 0947.335.871-Tr\u1ea7n Th\u1ecb","description":"Gi\u00e1 \u0110\u00e1 Granit M\u1eb7t B\u1ebfp t\u1ea1i Tp H\u1ed3 Ch\u00ed Minh- 0947.335.871 Tr\u1ea7n th\u1ecb. Cung c\u1ea5p h\u00e0ng ho\u00e1 uy t\u00edn ch\u1ea5t l\u01b0\u1ee3ng tham kh\u1ea3o t\u1ea1i web: tranthi.vn \u0111\u1ec3 bi\u1ebft th\u00eam chi t\u1ebft","robots":{"index":"index","follow":"follow","max-snippet":"max-snippet:-1","max-image-preview":"max-image-preview:large","max-video-preview":"max-video-preview:-1"},"canonical":"https:\/\/tranthi.vn\/hochiminh\/da-granit-mat-bep-tp-ho-chi-minh-sai-gon\/","og_locale":"vi_VN","og_type":"article","og_title":"\u0110\u00e1 Granit M\u1eb7t B\u1ebfp Tp H\u1ed3 Ch\u00ed Minh","og_description":"Gi\u00e1 \u0110\u00e1 Granit M\u1eb7t B\u1ebfp t\u1ea1i Tp H\u1ed3 Ch\u00ed Minh- 0947.335.871 Tr\u1ea7n th\u1ecb. Cung c\u1ea5p h\u00e0ng ho\u00e1 uy t\u00edn ch\u1ea5t l\u01b0\u1ee3ng tham kh\u1ea3o t\u1ea1i web: tranthi.vn \u0111\u1ec3 bi\u1ebft th\u00eam chi t\u1ebft","og_url":"https:\/\/tranthi.vn\/hochiminh\/da-granit-mat-bep-tp-ho-chi-minh-sai-gon\/","og_site_name":"V\u1eadt Li\u1ec7u X\u00e2y D\u1ef1ng Tr\u1ea7n Th\u1ecb Chi Nh\u00e1nh H\u1ed3 Ch\u00ed Minh","article_modified_time":"2025-06-19T07:23:57+00:00","og_image":[{"width":894,"height":894,"url":"https:\/\/tranthi.vn\/hochiminh\/wp-content\/uploads\/2024\/07\/mau-da-kim-sa-den-ban-bep-de-phoi-hop-trong-khong-gian-1.jpg","type":"image\/jpeg"}],"twitter_card":"summary_large_image","twitter_misc":{"Gi\u00e1":"","Kh\u1ea3 d\u1ee5ng":"Trong kho"},"schema":{"@context":"https:\/\/schema.org","@graph":[{"@type":["WebPage","ItemPage"],"@id":"https:\/\/tranthi.vn\/hochiminh\/da-granit-mat-bep-tp-ho-chi-minh-sai-gon\/","url":"https:\/\/tranthi.vn\/hochiminh\/da-granit-mat-bep-tp-ho-chi-minh-sai-gon\/","name":"Gi\u00e1 \u0110\u00e1 Granit M\u1eb7t B\u1ebfp t\u1ea1i Tp H\u1ed3 Ch\u00ed Minh- 0947.335.871-Tr\u1ea7n Th\u1ecb","isPartOf":{"@id":"https:\/\/tranthi.vn\/hochiminh\/#website"},"primaryImageOfPage":{"@id":"https:\/\/tranthi.vn\/hochiminh\/da-granit-mat-bep-tp-ho-chi-minh-sai-gon\/#primaryimage"},"image":{"@id":"https:\/\/tranthi.vn\/hochiminh\/da-granit-mat-bep-tp-ho-chi-minh-sai-gon\/#primaryimage"},"thumbnailUrl":"https:\/\/tranthi.vn\/hochiminh\/wp-content\/uploads\/2024\/07\/mau-da-kim-sa-den-ban-bep-de-phoi-hop-trong-khong-gian-1.jpg","datePublished":"2024-07-20T02:26:40+00:00","dateModified":"2025-06-19T07:23:57+00:00","description":"Gi\u00e1 \u0110\u00e1 Granit M\u1eb7t B\u1ebfp t\u1ea1i Tp H\u1ed3 Ch\u00ed Minh- 0947.335.871 Tr\u1ea7n th\u1ecb. Cung c\u1ea5p h\u00e0ng ho\u00e1 uy t\u00edn ch\u1ea5t l\u01b0\u1ee3ng tham kh\u1ea3o t\u1ea1i web: tranthi.vn \u0111\u1ec3 bi\u1ebft th\u00eam chi t\u1ebft","breadcrumb":{"@id":"https:\/\/tranthi.vn\/hochiminh\/da-granit-mat-bep-tp-ho-chi-minh-sai-gon\/#breadcrumb"},"inLanguage":"vi","potentialAction":[{"@type":"ReadAction","target":["https:\/\/tranthi.vn\/hochiminh\/da-granit-mat-bep-tp-ho-chi-minh-sai-gon\/"]}]},{"@type":"ImageObject","inLanguage":"vi","@id":"https:\/\/tranthi.vn\/hochiminh\/da-granit-mat-bep-tp-ho-chi-minh-sai-gon\/#primaryimage","url":"https:\/\/tranthi.vn\/hochiminh\/wp-content\/uploads\/2024\/07\/mau-da-kim-sa-den-ban-bep-de-phoi-hop-trong-khong-gian-1.jpg","contentUrl":"https:\/\/tranthi.vn\/hochiminh\/wp-content\/uploads\/2024\/07\/mau-da-kim-sa-den-ban-bep-de-phoi-hop-trong-khong-gian-1.jpg","width":894,"height":894,"caption":"M\u1eabu \u0111\u00e1 kim sa \u0111en b\u00e0n b\u1ebfp d\u1ec5 ph\u1ed1i h\u1ee3p trong kh\u00f4ng gian"},{"@type":"BreadcrumbList","@id":"https:\/\/tranthi.vn\/hochiminh\/da-granit-mat-bep-tp-ho-chi-minh-sai-gon\/#breadcrumb","itemListElement":[{"@type":"ListItem","position":1,"name":"Trang ch\u1ee7","item":"https:\/\/tranthi.vn\/hochiminh\/"},{"@type":"ListItem","position":2,"name":"Shop","item":"https:\/\/tranthi.vn\/hochiminh\/shop\/"},{"@type":"ListItem","position":3,"name":"\u0110\u00e1 Granit M\u1eb7t B\u1ebfp Tp H\u1ed3 Ch\u00ed Minh"}]},{"@type":"WebSite","@id":"https:\/\/tranthi.vn\/hochiminh\/#website","url":"https:\/\/tranthi.vn\/hochiminh\/","name":"V\u1eadt Li\u1ec7u X\u00e2y D\u1ef1ng Tr\u1ea7n Th\u1ecb Chi Nh\u00e1nh H\u1ed3 Ch\u00ed Minh","description":"V\u1eadt Li\u1ec7u X\u00e2y D\u1ef1ng - H\u1ed3 Ch\u00ed Minh","potentialAction":[{"@type":"SearchAction","target":{"@type":"EntryPoint","urlTemplate":"https:\/\/tranthi.vn\/hochiminh\/?s={search_term_string}"},"query-input":"required name=search_term_string"}],"inLanguage":"vi"},{"@type":"ImageObject","inLanguage":"vi","@id":"https:\/\/tranthi.vn\/hochiminh\/da-granit-mat-bep-tp-ho-chi-minh-sai-gon\/#local-main-organization-logo","url":"","contentUrl":"","caption":"V\u1eadt Li\u1ec7u X\u00e2y D\u1ef1ng Tr\u1ea7n Th\u1ecb Chi Nh\u00e1nh H\u1ed3 Ch\u00ed Minh"}]},"product_price_currency":"VND","og_availability":"instock","product_availability":"instock","product_condition":"new"},"_links":{"self":[{"href":"https:\/\/tranthi.vn\/hochiminh\/wp-json\/wp\/v2\/product\/5728","targetHints":{"allow":["GET"]}}],"collection":[{"href":"https:\/\/tranthi.vn\/hochiminh\/wp-json\/wp\/v2\/product"}],"about":[{"href":"https:\/\/tranthi.vn\/hochiminh\/wp-json\/wp\/v2\/types\/product"}],"replies":[{"embeddable":true,"href":"https:\/\/tranthi.vn\/hochiminh\/wp-json\/wp\/v2\/comments?post=5728"}],"wp:featuredmedia":[{"embeddable":true,"href":"https:\/\/tranthi.vn\/hochiminh\/wp-json\/wp\/v2\/media\/5980"}],"wp:attachment":[{"href":"https:\/\/tranthi.vn\/hochiminh\/wp-json\/wp\/v2\/media?parent=5728"}],"wp:term":[{"taxonomy":"product_cat","embeddable":true,"href":"https:\/\/tranthi.vn\/hochiminh\/wp-json\/wp\/v2\/product_cat?post=5728"},{"taxonomy":"product_tag","embeddable":true,"href":"https:\/\/tranthi.vn\/hochiminh\/wp-json\/wp\/v2\/product_tag?post=5728"}],"curies":[{"name":"wp","href":"https:\/\/api.w.org\/{rel}","templated":true}]}}