{"id":5217,"date":"2022-09-09T10:13:29","date_gmt":"2022-09-09T03:13:29","guid":{"rendered":"https:\/\/tranthi.vn\/hochiminh\/?post_type=product&#038;p=5217"},"modified":"2022-09-09T10:18:09","modified_gmt":"2022-09-09T03:18:09","slug":"bon-cau-lien-khoi-ym-08","status":"publish","type":"product","link":"https:\/\/tranthi.vn\/hochiminh\/bon-cau-lien-khoi-ym-08\/","title":{"rendered":"B\u1ed3n C\u1ea7u Li\u1ec1n Kh\u1ed1i YM 08"},"content":{"rendered":"","protected":false},"excerpt":{"rendered":"<p><strong><span style=\"font-family: 'times new roman', times, serif; font-size: 130%;\">1. T\u00ednh n\u0103ng b\u1ed3n c\u1ea7u 1 kh\u1ed1i\u00a0 n\u1eafp \u0111\u00f3ng \u00eam<\/span><\/strong><\/p>\n<p><span style=\"font-family: 'times new roman', times, serif; font-size: 130%;\">\u2013 D\u00f2ng s\u1ea3n ph\u1ea9m b\u1ed3n c\u1ea7u x\u1ea3 nh\u1ea5n 1 kh\u1ed1i n\u1eafp \u00eam<\/span><\/p>\n<p><span style=\"font-family: 'times new roman', times, serif; font-size: 130%;\">\u2013 T\u00e2m tho\u00e1t : 300mm (+-5) \u2013 M\u00e0u s\u1eafc: Tr\u1eafng\u00a0<\/span><\/p>\n<p><span style=\"font-family: 'times new roman', times, serif; font-size: 130%;\">\u2013 Ki\u1ec3u x\u1ea3 2 nh\u1ea5n 5L\/3.5L \u2013 2 ch\u1ebf \u0111\u1ed9 x\u1ea3 nh\u1ea5n CH\u1ebe \u0110\u1ed8 x\u1ea3 ECO-X xo\u00e1y h\u00fat m\u1ea1nh m\u1ebd, r\u1eeda tr\u00f4i m\u1ecdi v\u1ebft b\u1ea9n, t\u1ea1o cho l\u00f2ng b\u00e0n c\u1ea7u lu\u00f4n s\u1ea1ch s\u1ebd<\/span><\/p>\n<p><span style=\"font-family: 'times new roman', times, serif; font-size: 130%;\">\u2013 B\u00e0n c\u1ea7u s\u1eed d\u1ee5ng 100% l\u01b0\u1ee3ng n\u01b0\u1edbc x\u1ea3 t\u1eeb ph\u00eda tr\u00ean, t\u1ea1o n\u00ean d\u00f2ng xo\u00e1y c\u1ef1c m\u1ea1nh r\u1eeda tr\u00f4i m\u1ecdi v\u1ebft b\u1ea9n. \u2013 C\u00f4ng ngh\u1ec7 AQUA CERAMIC: Nh\u1eefng v\u1ebft \u1ed1 v\u00e0ng hay v\u1ebft \u0111\u1ecdng n\u01b0\u1edbc kh\u00f4ng th\u1ec3 h\u00ecnh th\u00e0nh tr\u00ean b\u1ec1 m\u1eb7t s\u1ee9 trong l\u00f2ng b\u00e0n c\u1ea7u, gi\u00fap ng\u01b0\u1eddi s\u1eed d\u1ee5ng gi\u1ea3m \u0111\u01b0\u1ee3c vi\u1ec7c v\u1ec7 sinh b\u1ed3n c\u1ea7u th\u01b0\u1eddng xuy\u00ean, v\u00e0 gi\u1ea3m vi\u1ec7c s\u1eed d\u1ee5ng h\u00f3a ch\u1ea5t t\u1ea9y r\u1eeda.<\/span><\/p>\n<p><span style=\"font-family: 'times new roman', times, serif; font-size: 130%;\">\u2013 \u0110\u00e3 bao g\u1ed3m roan ch\u1ed1ng h\u00f4i v\u00e0 d\u00e2y c\u1ea5p n\u01b0\u1edbc.<\/span><\/p>\n","protected":false},"featured_media":5218,"comment_status":"closed","ping_status":"closed","template":"","meta":[],"product_cat":[180,243,179],"product_tag":[],"class_list":{"0":"post-5217","1":"product","2":"type-product","3":"status-publish","4":"has-post-thumbnail","6":"product_cat-bon-cau","7":"product_cat-bon-cau-1-khoi","8":"product_cat-thiet-bi-ve-sinh-da-nang","10":"first","11":"instock","12":"sale","13":"shipping-taxable","14":"purchasable","15":"product-type-simple"},"yoast_head":"<!-- This site is optimized with the Yoast SEO Premium plugin v22.3 (Yoast SEO v22.4) - https:\/\/yoast.com\/wordpress\/plugins\/seo\/ -->\n<title>B\u1ed3n C\u1ea7u Li\u1ec1n Kh\u1ed1i YM 08 - V\u1eadt Li\u1ec7u X\u00e2y D\u1ef1ng Tr\u1ea7n Th\u1ecb Chi Nh\u00e1nh H\u1ed3 Ch\u00ed Minh<\/title>\n<meta name=\"robots\" content=\"index, follow, max-snippet:-1, max-image-preview:large, max-video-preview:-1\" \/>\n<link rel=\"canonical\" href=\"https:\/\/tranthi.vn\/hochiminh\/bon-cau-lien-khoi-ym-08\/\" \/>\n<meta property=\"og:locale\" content=\"vi_VN\" \/>\n<meta property=\"og:type\" content=\"article\" \/>\n<meta property=\"og:title\" content=\"B\u1ed3n C\u1ea7u Li\u1ec1n Kh\u1ed1i YM 08\" \/>\n<meta property=\"og:description\" content=\"1. T\u00ednh n\u0103ng b\u1ed3n c\u1ea7u 1 kh\u1ed1i\u00a0 n\u1eafp \u0111\u00f3ng \u00eam  \u2013 D\u00f2ng s\u1ea3n ph\u1ea9m b\u1ed3n c\u1ea7u x\u1ea3 nh\u1ea5n 1 kh\u1ed1i n\u1eafp \u00eam  \u2013 T\u00e2m tho\u00e1t : 300mm (+-5) \u2013 M\u00e0u s\u1eafc: Tr\u1eafng\u00a0  \u2013 Ki\u1ec3u x\u1ea3 2 nh\u1ea5n 5L\/3.5L \u2013 2 ch\u1ebf \u0111\u1ed9 x\u1ea3 nh\u1ea5n CH\u1ebe \u0110\u1ed8 x\u1ea3 ECO-X xo\u00e1y h\u00fat m\u1ea1nh m\u1ebd, r\u1eeda tr\u00f4i m\u1ecdi v\u1ebft b\u1ea9n, t\u1ea1o cho l\u00f2ng b\u00e0n c\u1ea7u lu\u00f4n s\u1ea1ch s\u1ebd  \u2013 B\u00e0n c\u1ea7u s\u1eed d\u1ee5ng 100% l\u01b0\u1ee3ng n\u01b0\u1edbc x\u1ea3 t\u1eeb ph\u00eda tr\u00ean, t\u1ea1o n\u00ean d\u00f2ng xo\u00e1y c\u1ef1c m\u1ea1nh r\u1eeda tr\u00f4i m\u1ecdi v\u1ebft b\u1ea9n. \u2013 C\u00f4ng ngh\u1ec7 AQUA CERAMIC: Nh\u1eefng v\u1ebft \u1ed1 v\u00e0ng hay v\u1ebft \u0111\u1ecdng n\u01b0\u1edbc kh\u00f4ng th\u1ec3 h\u00ecnh th\u00e0nh tr\u00ean b\u1ec1 m\u1eb7t s\u1ee9 trong l\u00f2ng b\u00e0n c\u1ea7u, gi\u00fap ng\u01b0\u1eddi s\u1eed d\u1ee5ng gi\u1ea3m \u0111\u01b0\u1ee3c vi\u1ec7c v\u1ec7 sinh b\u1ed3n c\u1ea7u th\u01b0\u1eddng xuy\u00ean, v\u00e0 gi\u1ea3m vi\u1ec7c s\u1eed d\u1ee5ng h\u00f3a ch\u1ea5t t\u1ea9y r\u1eeda.  \u2013 \u0110\u00e3 bao g\u1ed3m roan ch\u1ed1ng h\u00f4i v\u00e0 d\u00e2y c\u1ea5p n\u01b0\u1edbc.\" \/>\n<meta property=\"og:url\" content=\"https:\/\/tranthi.vn\/hochiminh\/bon-cau-lien-khoi-ym-08\/\" \/>\n<meta property=\"og:site_name\" content=\"V\u1eadt Li\u1ec7u X\u00e2y D\u1ef1ng Tr\u1ea7n Th\u1ecb Chi Nh\u00e1nh H\u1ed3 Ch\u00ed Minh\" \/>\n<meta property=\"article:modified_time\" content=\"2022-09-09T03:18:09+00:00\" \/>\n<meta property=\"og:image\" content=\"https:\/\/tranthi.vn\/hochiminh\/wp-content\/uploads\/2022\/09\/bon-cau-tron-nap-den-gia-tot-tai-hue.jpg\" \/>\n\t<meta property=\"og:image:width\" content=\"250\" \/>\n\t<meta property=\"og:image:height\" content=\"250\" \/>\n\t<meta property=\"og:image:type\" content=\"image\/jpeg\" \/>\n<meta name=\"twitter:card\" content=\"summary_large_image\" \/>\n<meta name=\"twitter:label1\" content=\"Gi\u00e1\" \/>\n\t<meta name=\"twitter:data1\" content=\"3,385,000&nbsp;&#8363;\" \/>\n\t<meta name=\"twitter:label2\" content=\"Kh\u1ea3 d\u1ee5ng\" \/>\n\t<meta name=\"twitter:data2\" content=\"Trong kho\" \/>\n<script type=\"application\/ld+json\" class=\"yoast-schema-graph\">{\"@context\":\"https:\/\/schema.org\",\"@graph\":[{\"@type\":[\"WebPage\",\"ItemPage\"],\"@id\":\"https:\/\/tranthi.vn\/hochiminh\/bon-cau-lien-khoi-ym-08\/\",\"url\":\"https:\/\/tranthi.vn\/hochiminh\/bon-cau-lien-khoi-ym-08\/\",\"name\":\"B\u1ed3n C\u1ea7u Li\u1ec1n Kh\u1ed1i YM 08 - V\u1eadt Li\u1ec7u X\u00e2y D\u1ef1ng Tr\u1ea7n Th\u1ecb Chi Nh\u00e1nh H\u1ed3 Ch\u00ed Minh\",\"isPartOf\":{\"@id\":\"https:\/\/tranthi.vn\/hochiminh\/#website\"},\"primaryImageOfPage\":{\"@id\":\"https:\/\/tranthi.vn\/hochiminh\/bon-cau-lien-khoi-ym-08\/#primaryimage\"},\"image\":{\"@id\":\"https:\/\/tranthi.vn\/hochiminh\/bon-cau-lien-khoi-ym-08\/#primaryimage\"},\"thumbnailUrl\":\"https:\/\/tranthi.vn\/hochiminh\/wp-content\/uploads\/2022\/09\/bon-cau-tron-nap-den-gia-tot-tai-hue.jpg\",\"datePublished\":\"2022-09-09T03:13:29+00:00\",\"dateModified\":\"2022-09-09T03:18:09+00:00\",\"breadcrumb\":{\"@id\":\"https:\/\/tranthi.vn\/hochiminh\/bon-cau-lien-khoi-ym-08\/#breadcrumb\"},\"inLanguage\":\"vi\",\"potentialAction\":[{\"@type\":\"ReadAction\",\"target\":[\"https:\/\/tranthi.vn\/hochiminh\/bon-cau-lien-khoi-ym-08\/\"]}]},{\"@type\":\"ImageObject\",\"inLanguage\":\"vi\",\"@id\":\"https:\/\/tranthi.vn\/hochiminh\/bon-cau-lien-khoi-ym-08\/#primaryimage\",\"url\":\"https:\/\/tranthi.vn\/hochiminh\/wp-content\/uploads\/2022\/09\/bon-cau-tron-nap-den-gia-tot-tai-hue.jpg\",\"contentUrl\":\"https:\/\/tranthi.vn\/hochiminh\/wp-content\/uploads\/2022\/09\/bon-cau-tron-nap-den-gia-tot-tai-hue.jpg\",\"width\":250,\"height\":250,\"caption\":\"b\u1ed3n c\u1ea7u tr\u00f2n n\u1eafp \u0111en gi\u00e1 t\u1ed1t t\u1ea1i hu\u1ebf\"},{\"@type\":\"BreadcrumbList\",\"@id\":\"https:\/\/tranthi.vn\/hochiminh\/bon-cau-lien-khoi-ym-08\/#breadcrumb\",\"itemListElement\":[{\"@type\":\"ListItem\",\"position\":1,\"name\":\"Trang ch\u1ee7\",\"item\":\"https:\/\/tranthi.vn\/hochiminh\/\"},{\"@type\":\"ListItem\",\"position\":2,\"name\":\"Shop\",\"item\":\"https:\/\/tranthi.vn\/hochiminh\/shop\/\"},{\"@type\":\"ListItem\",\"position\":3,\"name\":\"B\u1ed3n C\u1ea7u Li\u1ec1n Kh\u1ed1i YM 08\"}]},{\"@type\":\"WebSite\",\"@id\":\"https:\/\/tranthi.vn\/hochiminh\/#website\",\"url\":\"https:\/\/tranthi.vn\/hochiminh\/\",\"name\":\"V\u1eadt Li\u1ec7u X\u00e2y D\u1ef1ng Tr\u1ea7n Th\u1ecb Chi Nh\u00e1nh H\u1ed3 Ch\u00ed Minh\",\"description\":\"V\u1eadt Li\u1ec7u X\u00e2y D\u1ef1ng - H\u1ed3 Ch\u00ed Minh\",\"potentialAction\":[{\"@type\":\"SearchAction\",\"target\":{\"@type\":\"EntryPoint\",\"urlTemplate\":\"https:\/\/tranthi.vn\/hochiminh\/?s={search_term_string}\"},\"query-input\":\"required name=search_term_string\"}],\"inLanguage\":\"vi\"},{\"@type\":\"ImageObject\",\"inLanguage\":\"vi\",\"@id\":\"https:\/\/tranthi.vn\/hochiminh\/bon-cau-lien-khoi-ym-08\/#local-main-organization-logo\",\"url\":\"\",\"contentUrl\":\"\",\"caption\":\"V\u1eadt Li\u1ec7u X\u00e2y D\u1ef1ng Tr\u1ea7n Th\u1ecb Chi Nh\u00e1nh H\u1ed3 Ch\u00ed Minh\"}]}<\/script>\n<meta property=\"product:price:amount\" content=\"3385000\" \/>\n<meta property=\"product:price:currency\" content=\"VND\" \/>\n<meta property=\"og:availability\" content=\"instock\" \/>\n<meta property=\"product:availability\" content=\"instock\" \/>\n<meta property=\"product:condition\" content=\"new\" \/>\n<!-- \/ Yoast SEO Premium plugin. -->","yoast_head_json":{"title":"B\u1ed3n C\u1ea7u Li\u1ec1n Kh\u1ed1i YM 08 - V\u1eadt Li\u1ec7u X\u00e2y D\u1ef1ng Tr\u1ea7n Th\u1ecb Chi Nh\u00e1nh H\u1ed3 Ch\u00ed Minh","robots":{"index":"index","follow":"follow","max-snippet":"max-snippet:-1","max-image-preview":"max-image-preview:large","max-video-preview":"max-video-preview:-1"},"canonical":"https:\/\/tranthi.vn\/hochiminh\/bon-cau-lien-khoi-ym-08\/","og_locale":"vi_VN","og_type":"article","og_title":"B\u1ed3n C\u1ea7u Li\u1ec1n Kh\u1ed1i YM 08","og_description":"1. T\u00ednh n\u0103ng b\u1ed3n c\u1ea7u 1 kh\u1ed1i\u00a0 n\u1eafp \u0111\u00f3ng \u00eam  \u2013 D\u00f2ng s\u1ea3n ph\u1ea9m b\u1ed3n c\u1ea7u x\u1ea3 nh\u1ea5n 1 kh\u1ed1i n\u1eafp \u00eam  \u2013 T\u00e2m tho\u00e1t : 300mm (+-5) \u2013 M\u00e0u s\u1eafc: Tr\u1eafng\u00a0  \u2013 Ki\u1ec3u x\u1ea3 2 nh\u1ea5n 5L\/3.5L \u2013 2 ch\u1ebf \u0111\u1ed9 x\u1ea3 nh\u1ea5n CH\u1ebe \u0110\u1ed8 x\u1ea3 ECO-X xo\u00e1y h\u00fat m\u1ea1nh m\u1ebd, r\u1eeda tr\u00f4i m\u1ecdi v\u1ebft b\u1ea9n, t\u1ea1o cho l\u00f2ng b\u00e0n c\u1ea7u lu\u00f4n s\u1ea1ch s\u1ebd  \u2013 B\u00e0n c\u1ea7u s\u1eed d\u1ee5ng 100% l\u01b0\u1ee3ng n\u01b0\u1edbc x\u1ea3 t\u1eeb ph\u00eda tr\u00ean, t\u1ea1o n\u00ean d\u00f2ng xo\u00e1y c\u1ef1c m\u1ea1nh r\u1eeda tr\u00f4i m\u1ecdi v\u1ebft b\u1ea9n. \u2013 C\u00f4ng ngh\u1ec7 AQUA CERAMIC: Nh\u1eefng v\u1ebft \u1ed1 v\u00e0ng hay v\u1ebft \u0111\u1ecdng n\u01b0\u1edbc kh\u00f4ng th\u1ec3 h\u00ecnh th\u00e0nh tr\u00ean b\u1ec1 m\u1eb7t s\u1ee9 trong l\u00f2ng b\u00e0n c\u1ea7u, gi\u00fap ng\u01b0\u1eddi s\u1eed d\u1ee5ng gi\u1ea3m \u0111\u01b0\u1ee3c vi\u1ec7c v\u1ec7 sinh b\u1ed3n c\u1ea7u th\u01b0\u1eddng xuy\u00ean, v\u00e0 gi\u1ea3m vi\u1ec7c s\u1eed d\u1ee5ng h\u00f3a ch\u1ea5t t\u1ea9y r\u1eeda.  \u2013 \u0110\u00e3 bao g\u1ed3m roan ch\u1ed1ng h\u00f4i v\u00e0 d\u00e2y c\u1ea5p n\u01b0\u1edbc.","og_url":"https:\/\/tranthi.vn\/hochiminh\/bon-cau-lien-khoi-ym-08\/","og_site_name":"V\u1eadt Li\u1ec7u X\u00e2y D\u1ef1ng Tr\u1ea7n Th\u1ecb Chi Nh\u00e1nh H\u1ed3 Ch\u00ed Minh","article_modified_time":"2022-09-09T03:18:09+00:00","og_image":[{"width":250,"height":250,"url":"https:\/\/tranthi.vn\/hochiminh\/wp-content\/uploads\/2022\/09\/bon-cau-tron-nap-den-gia-tot-tai-hue.jpg","type":"image\/jpeg"}],"twitter_card":"summary_large_image","twitter_misc":{"Gi\u00e1":"3,385,000&nbsp;&#8363;","Kh\u1ea3 d\u1ee5ng":"Trong kho"},"schema":{"@context":"https:\/\/schema.org","@graph":[{"@type":["WebPage","ItemPage"],"@id":"https:\/\/tranthi.vn\/hochiminh\/bon-cau-lien-khoi-ym-08\/","url":"https:\/\/tranthi.vn\/hochiminh\/bon-cau-lien-khoi-ym-08\/","name":"B\u1ed3n C\u1ea7u Li\u1ec1n Kh\u1ed1i YM 08 - V\u1eadt Li\u1ec7u X\u00e2y D\u1ef1ng Tr\u1ea7n Th\u1ecb Chi Nh\u00e1nh H\u1ed3 Ch\u00ed Minh","isPartOf":{"@id":"https:\/\/tranthi.vn\/hochiminh\/#website"},"primaryImageOfPage":{"@id":"https:\/\/tranthi.vn\/hochiminh\/bon-cau-lien-khoi-ym-08\/#primaryimage"},"image":{"@id":"https:\/\/tranthi.vn\/hochiminh\/bon-cau-lien-khoi-ym-08\/#primaryimage"},"thumbnailUrl":"https:\/\/tranthi.vn\/hochiminh\/wp-content\/uploads\/2022\/09\/bon-cau-tron-nap-den-gia-tot-tai-hue.jpg","datePublished":"2022-09-09T03:13:29+00:00","dateModified":"2022-09-09T03:18:09+00:00","breadcrumb":{"@id":"https:\/\/tranthi.vn\/hochiminh\/bon-cau-lien-khoi-ym-08\/#breadcrumb"},"inLanguage":"vi","potentialAction":[{"@type":"ReadAction","target":["https:\/\/tranthi.vn\/hochiminh\/bon-cau-lien-khoi-ym-08\/"]}]},{"@type":"ImageObject","inLanguage":"vi","@id":"https:\/\/tranthi.vn\/hochiminh\/bon-cau-lien-khoi-ym-08\/#primaryimage","url":"https:\/\/tranthi.vn\/hochiminh\/wp-content\/uploads\/2022\/09\/bon-cau-tron-nap-den-gia-tot-tai-hue.jpg","contentUrl":"https:\/\/tranthi.vn\/hochiminh\/wp-content\/uploads\/2022\/09\/bon-cau-tron-nap-den-gia-tot-tai-hue.jpg","width":250,"height":250,"caption":"b\u1ed3n c\u1ea7u tr\u00f2n n\u1eafp \u0111en gi\u00e1 t\u1ed1t t\u1ea1i hu\u1ebf"},{"@type":"BreadcrumbList","@id":"https:\/\/tranthi.vn\/hochiminh\/bon-cau-lien-khoi-ym-08\/#breadcrumb","itemListElement":[{"@type":"ListItem","position":1,"name":"Trang ch\u1ee7","item":"https:\/\/tranthi.vn\/hochiminh\/"},{"@type":"ListItem","position":2,"name":"Shop","item":"https:\/\/tranthi.vn\/hochiminh\/shop\/"},{"@type":"ListItem","position":3,"name":"B\u1ed3n C\u1ea7u Li\u1ec1n Kh\u1ed1i YM 08"}]},{"@type":"WebSite","@id":"https:\/\/tranthi.vn\/hochiminh\/#website","url":"https:\/\/tranthi.vn\/hochiminh\/","name":"V\u1eadt Li\u1ec7u X\u00e2y D\u1ef1ng Tr\u1ea7n Th\u1ecb Chi Nh\u00e1nh H\u1ed3 Ch\u00ed Minh","description":"V\u1eadt Li\u1ec7u X\u00e2y D\u1ef1ng - H\u1ed3 Ch\u00ed Minh","potentialAction":[{"@type":"SearchAction","target":{"@type":"EntryPoint","urlTemplate":"https:\/\/tranthi.vn\/hochiminh\/?s={search_term_string}"},"query-input":"required name=search_term_string"}],"inLanguage":"vi"},{"@type":"ImageObject","inLanguage":"vi","@id":"https:\/\/tranthi.vn\/hochiminh\/bon-cau-lien-khoi-ym-08\/#local-main-organization-logo","url":"","contentUrl":"","caption":"V\u1eadt Li\u1ec7u X\u00e2y D\u1ef1ng Tr\u1ea7n Th\u1ecb Chi Nh\u00e1nh H\u1ed3 Ch\u00ed Minh"}]},"product_price_amount":"3385000","product_price_currency":"VND","og_availability":"instock","product_availability":"instock","product_condition":"new"},"_links":{"self":[{"href":"https:\/\/tranthi.vn\/hochiminh\/wp-json\/wp\/v2\/product\/5217","targetHints":{"allow":["GET"]}}],"collection":[{"href":"https:\/\/tranthi.vn\/hochiminh\/wp-json\/wp\/v2\/product"}],"about":[{"href":"https:\/\/tranthi.vn\/hochiminh\/wp-json\/wp\/v2\/types\/product"}],"replies":[{"embeddable":true,"href":"https:\/\/tranthi.vn\/hochiminh\/wp-json\/wp\/v2\/comments?post=5217"}],"wp:featuredmedia":[{"embeddable":true,"href":"https:\/\/tranthi.vn\/hochiminh\/wp-json\/wp\/v2\/media\/5218"}],"wp:attachment":[{"href":"https:\/\/tranthi.vn\/hochiminh\/wp-json\/wp\/v2\/media?parent=5217"}],"wp:term":[{"taxonomy":"product_cat","embeddable":true,"href":"https:\/\/tranthi.vn\/hochiminh\/wp-json\/wp\/v2\/product_cat?post=5217"},{"taxonomy":"product_tag","embeddable":true,"href":"https:\/\/tranthi.vn\/hochiminh\/wp-json\/wp\/v2\/product_tag?post=5217"}],"curies":[{"name":"wp","href":"https:\/\/api.w.org\/{rel}","templated":true}]}}