{"id":4773,"date":"2022-04-22T09:51:06","date_gmt":"2022-04-22T02:51:06","guid":{"rendered":"https:\/\/tranthi.vn\/hochiminh\/?post_type=product&#038;p=4773"},"modified":"2022-09-12T11:57:19","modified_gmt":"2022-09-12T04:57:19","slug":"a03-s15","status":"publish","type":"product","link":"https:\/\/tranthi.vn\/hochiminh\/a03-s15\/","title":{"rendered":"A03 +S15"},"content":{"rendered":"","protected":false},"excerpt":{"rendered":"<p><span style=\"font-family: 'times new roman', times, serif;\"><img loading=\"lazy\" decoding=\"async\" class=\"\" src=\"https:\/\/static.xx.fbcdn.net\/images\/emoji.php\/v9\/tb\/1\/16\/1f388.png\" alt=\"\ud83c\udf88\" width=\"19\" height=\"19\" \/><span style=\"font-size: 130%;\">\u00a0 B\u1ea3o h\u00e0nh 1 n\u0103m<\/span><\/span><\/p>\n<p><span style=\"font-family: 'times new roman', times, serif; font-size: 130%;\"><img loading=\"lazy\" decoding=\"async\" class=\"\" src=\"https:\/\/static.xx.fbcdn.net\/images\/emoji.php\/v9\/tb\/1\/16\/1f388.png\" alt=\"\ud83c\udf88\" width=\"19\" height=\"19\" \/>\u00a0 \u0110\u01a1n gi\u00e1<em><strong>:\u00a0<\/strong><\/em>T\u1ee7 b\u1ebfp nh\u1ef1a \u2013 nh\u1ef1a \u0110\u00e0i Loan Chinhue 2.0 plus<\/span><\/p>\n<p><span style=\"font-family: 'times new roman', times, serif; font-size: 130%;\">\u00a0 \u00a0\u00a0+ T\u1ee7 b\u1ebfp tr\u00ean = <span style=\"color: #008000;\"><strong>2.250.000\/ m t\u1edbi<\/strong>\u00a0<\/span><\/span><\/p>\n<p><span style=\"font-family: 'times new roman', times, serif; font-size: 130%;\">\u00a0 \u00a0 + T\u1ee7 b\u1ebfp d\u01b0\u1edbi = <span style=\"color: #008000;\"><strong>\u00a01.350.000 ( v\u00e1ch )\u00a0<\/strong><\/span><br \/>\n<span style=\"color: #008000;\"><strong>\u00a0 \u00a0 \u00a0 \u00a0 \u00a0 \u00a0 \u00a0 \u00a0 \u00a0 \u00a0 \u00a0 \u00a0 \u00a0 \u00a0 = 2.250.000 ( Khung )<\/strong><\/span><\/span><\/p>\n<p><span style=\"font-family: 'times new roman', times, serif; font-size: 130%;\"><img loading=\"lazy\" decoding=\"async\" class=\"\" src=\"https:\/\/static.xx.fbcdn.net\/images\/emoji.php\/v9\/tb\/1\/16\/1f388.png\" alt=\"\ud83c\udf88\" width=\"19\" height=\"19\" \/>\u00a0 Gi\u00e1 tr\u00ean \u0111\u00e3 bao g\u1ed3m v\u1eadn chuy\u1ec3n v\u00e0 thi c\u00f4ng<\/span><\/p>\n<p><span style=\"font-family: 'times new roman', times, serif; font-size: 130%;\"><img loading=\"lazy\" decoding=\"async\" class=\"\" src=\"https:\/\/static.xx.fbcdn.net\/images\/emoji.php\/v9\/tb\/1\/16\/1f388.png\" alt=\"\ud83c\udf88\" width=\"19\" height=\"19\" \/>\u00a0 Ch\u01b0a k\u00e8m c\u00e1c ph\u1ee5 ki\u1ec7n nh\u01b0 l\u1ec1, m\u1eb7t \u0111\u00e1, v\u00e0 c\u00e1c thi\u1ebft b\u1ecb nh\u00e0 b\u1ebfp<\/span><\/p>\n","protected":false},"featured_media":4774,"comment_status":"closed","ping_status":"closed","template":"","meta":[],"product_cat":[15,286,305],"product_tag":[813],"class_list":{"0":"post-4773","1":"product","2":"type-product","3":"status-publish","4":"has-post-thumbnail","6":"product_cat-chua-phan-loai","7":"product_cat-cua-tu-bep-tu-quan-ao","8":"product_cat-tu-bep-nhua","9":"product_tag-cac-mau-tu-bep-nhua-dai-loan-gia-go-dep-tai-hue","11":"first","12":"instock","13":"sale","14":"shipping-taxable","15":"purchasable","16":"product-type-simple"},"yoast_head":"<!-- This site is optimized with the Yoast SEO Premium plugin v22.3 (Yoast SEO v22.4) - https:\/\/yoast.com\/wordpress\/plugins\/seo\/ -->\n<title>A03 +S15 - V\u1eadt Li\u1ec7u X\u00e2y D\u1ef1ng Tr\u1ea7n Th\u1ecb Chi Nh\u00e1nh H\u1ed3 Ch\u00ed Minh<\/title>\n<meta name=\"robots\" content=\"index, follow, max-snippet:-1, max-image-preview:large, max-video-preview:-1\" \/>\n<link rel=\"canonical\" href=\"https:\/\/tranthi.vn\/hochiminh\/a03-s15\/\" \/>\n<meta property=\"og:locale\" content=\"vi_VN\" \/>\n<meta property=\"og:type\" content=\"article\" \/>\n<meta property=\"og:title\" content=\"A03 +S15\" \/>\n<meta property=\"og:description\" content=\"\u00a0 B\u1ea3o h\u00e0nh 1 n\u0103m  \u00a0 \u0110\u01a1n gi\u00e1:\u00a0T\u1ee7 b\u1ebfp nh\u1ef1a \u2013 nh\u1ef1a \u0110\u00e0i Loan Chinhue 2.0 plus  \u00a0 \u00a0\u00a0+ T\u1ee7 b\u1ebfp tr\u00ean = 2.250.000\/ m t\u1edbi\u00a0  \u00a0 \u00a0 + T\u1ee7 b\u1ebfp d\u01b0\u1edbi = \u00a01.350.000 ( v\u00e1ch )\u00a0 \u00a0 \u00a0 \u00a0 \u00a0 \u00a0 \u00a0 \u00a0 \u00a0 \u00a0 \u00a0 \u00a0 \u00a0 \u00a0 \u00a0 = 2.250.000 ( Khung )  \u00a0 Gi\u00e1 tr\u00ean \u0111\u00e3 bao g\u1ed3m v\u1eadn chuy\u1ec3n v\u00e0 thi c\u00f4ng  \u00a0 Ch\u01b0a k\u00e8m c\u00e1c ph\u1ee5 ki\u1ec7n nh\u01b0 l\u1ec1, m\u1eb7t \u0111\u00e1, v\u00e0 c\u00e1c thi\u1ebft b\u1ecb nh\u00e0 b\u1ebfp\" \/>\n<meta property=\"og:url\" content=\"https:\/\/tranthi.vn\/hochiminh\/a03-s15\/\" \/>\n<meta property=\"og:site_name\" content=\"V\u1eadt Li\u1ec7u X\u00e2y D\u1ef1ng Tr\u1ea7n Th\u1ecb Chi Nh\u00e1nh H\u1ed3 Ch\u00ed Minh\" \/>\n<meta property=\"article:modified_time\" content=\"2022-09-12T04:57:19+00:00\" \/>\n<meta property=\"og:image\" content=\"https:\/\/tranthi.vn\/hochiminh\/wp-content\/uploads\/2022\/04\/CAC-MAU-TU-BEP-NHUA-DAI-LOAN-GIA-GO-DEP-TAI-HUE.jpg\" \/>\n\t<meta property=\"og:image:width\" content=\"400\" \/>\n\t<meta property=\"og:image:height\" content=\"320\" \/>\n\t<meta property=\"og:image:type\" content=\"image\/jpeg\" \/>\n<meta name=\"twitter:card\" content=\"summary_large_image\" \/>\n<meta name=\"twitter:label1\" content=\"Gi\u00e1\" \/>\n\t<meta name=\"twitter:data1\" content=\"2,150,000&nbsp;&#8363;\" \/>\n\t<meta name=\"twitter:label2\" content=\"Kh\u1ea3 d\u1ee5ng\" \/>\n\t<meta name=\"twitter:data2\" content=\"Trong kho\" \/>\n<script type=\"application\/ld+json\" class=\"yoast-schema-graph\">{\"@context\":\"https:\/\/schema.org\",\"@graph\":[{\"@type\":[\"WebPage\",\"ItemPage\"],\"@id\":\"https:\/\/tranthi.vn\/hochiminh\/a03-s15\/\",\"url\":\"https:\/\/tranthi.vn\/hochiminh\/a03-s15\/\",\"name\":\"A03 +S15 - V\u1eadt Li\u1ec7u X\u00e2y D\u1ef1ng Tr\u1ea7n Th\u1ecb Chi Nh\u00e1nh H\u1ed3 Ch\u00ed Minh\",\"isPartOf\":{\"@id\":\"https:\/\/tranthi.vn\/hochiminh\/#website\"},\"primaryImageOfPage\":{\"@id\":\"https:\/\/tranthi.vn\/hochiminh\/a03-s15\/#primaryimage\"},\"image\":{\"@id\":\"https:\/\/tranthi.vn\/hochiminh\/a03-s15\/#primaryimage\"},\"thumbnailUrl\":\"https:\/\/tranthi.vn\/hochiminh\/wp-content\/uploads\/2022\/04\/CAC-MAU-TU-BEP-NHUA-DAI-LOAN-GIA-GO-DEP-TAI-HUE.jpg\",\"datePublished\":\"2022-04-22T02:51:06+00:00\",\"dateModified\":\"2022-09-12T04:57:19+00:00\",\"breadcrumb\":{\"@id\":\"https:\/\/tranthi.vn\/hochiminh\/a03-s15\/#breadcrumb\"},\"inLanguage\":\"vi\",\"potentialAction\":[{\"@type\":\"ReadAction\",\"target\":[\"https:\/\/tranthi.vn\/hochiminh\/a03-s15\/\"]}]},{\"@type\":\"ImageObject\",\"inLanguage\":\"vi\",\"@id\":\"https:\/\/tranthi.vn\/hochiminh\/a03-s15\/#primaryimage\",\"url\":\"https:\/\/tranthi.vn\/hochiminh\/wp-content\/uploads\/2022\/04\/CAC-MAU-TU-BEP-NHUA-DAI-LOAN-GIA-GO-DEP-TAI-HUE.jpg\",\"contentUrl\":\"https:\/\/tranthi.vn\/hochiminh\/wp-content\/uploads\/2022\/04\/CAC-MAU-TU-BEP-NHUA-DAI-LOAN-GIA-GO-DEP-TAI-HUE.jpg\",\"width\":400,\"height\":320,\"caption\":\"C\u00c1C M\u1eaaU T\u1ee6 B\u1ebeP NH\u1ef0A \u0110\u00c0I LOAN GI\u1ea2 G\u1ed4 \u0110\u1eb8P T\u1ea0I HU\u1ebe\"},{\"@type\":\"BreadcrumbList\",\"@id\":\"https:\/\/tranthi.vn\/hochiminh\/a03-s15\/#breadcrumb\",\"itemListElement\":[{\"@type\":\"ListItem\",\"position\":1,\"name\":\"Trang ch\u1ee7\",\"item\":\"https:\/\/tranthi.vn\/hochiminh\/\"},{\"@type\":\"ListItem\",\"position\":2,\"name\":\"Shop\",\"item\":\"https:\/\/tranthi.vn\/hochiminh\/shop\/\"},{\"@type\":\"ListItem\",\"position\":3,\"name\":\"A03 +S15\"}]},{\"@type\":\"WebSite\",\"@id\":\"https:\/\/tranthi.vn\/hochiminh\/#website\",\"url\":\"https:\/\/tranthi.vn\/hochiminh\/\",\"name\":\"V\u1eadt Li\u1ec7u X\u00e2y D\u1ef1ng Tr\u1ea7n Th\u1ecb Chi Nh\u00e1nh H\u1ed3 Ch\u00ed Minh\",\"description\":\"V\u1eadt Li\u1ec7u X\u00e2y D\u1ef1ng - H\u1ed3 Ch\u00ed Minh\",\"potentialAction\":[{\"@type\":\"SearchAction\",\"target\":{\"@type\":\"EntryPoint\",\"urlTemplate\":\"https:\/\/tranthi.vn\/hochiminh\/?s={search_term_string}\"},\"query-input\":\"required name=search_term_string\"}],\"inLanguage\":\"vi\"},{\"@type\":\"ImageObject\",\"inLanguage\":\"vi\",\"@id\":\"https:\/\/tranthi.vn\/hochiminh\/a03-s15\/#local-main-organization-logo\",\"url\":\"\",\"contentUrl\":\"\",\"caption\":\"V\u1eadt Li\u1ec7u X\u00e2y D\u1ef1ng Tr\u1ea7n Th\u1ecb Chi Nh\u00e1nh H\u1ed3 Ch\u00ed Minh\"}]}<\/script>\n<meta property=\"product:price:amount\" content=\"2150000\" \/>\n<meta property=\"product:price:currency\" content=\"VND\" \/>\n<meta property=\"og:availability\" content=\"instock\" \/>\n<meta property=\"product:availability\" content=\"instock\" \/>\n<meta property=\"product:condition\" content=\"new\" \/>\n<!-- \/ Yoast SEO Premium plugin. -->","yoast_head_json":{"title":"A03 +S15 - V\u1eadt Li\u1ec7u X\u00e2y D\u1ef1ng Tr\u1ea7n Th\u1ecb Chi Nh\u00e1nh H\u1ed3 Ch\u00ed Minh","robots":{"index":"index","follow":"follow","max-snippet":"max-snippet:-1","max-image-preview":"max-image-preview:large","max-video-preview":"max-video-preview:-1"},"canonical":"https:\/\/tranthi.vn\/hochiminh\/a03-s15\/","og_locale":"vi_VN","og_type":"article","og_title":"A03 +S15","og_description":"\u00a0 B\u1ea3o h\u00e0nh 1 n\u0103m  \u00a0 \u0110\u01a1n gi\u00e1:\u00a0T\u1ee7 b\u1ebfp nh\u1ef1a \u2013 nh\u1ef1a \u0110\u00e0i Loan Chinhue 2.0 plus  \u00a0 \u00a0\u00a0+ T\u1ee7 b\u1ebfp tr\u00ean = 2.250.000\/ m t\u1edbi\u00a0  \u00a0 \u00a0 + T\u1ee7 b\u1ebfp d\u01b0\u1edbi = \u00a01.350.000 ( v\u00e1ch )\u00a0 \u00a0 \u00a0 \u00a0 \u00a0 \u00a0 \u00a0 \u00a0 \u00a0 \u00a0 \u00a0 \u00a0 \u00a0 \u00a0 \u00a0 = 2.250.000 ( Khung )  \u00a0 Gi\u00e1 tr\u00ean \u0111\u00e3 bao g\u1ed3m v\u1eadn chuy\u1ec3n v\u00e0 thi c\u00f4ng  \u00a0 Ch\u01b0a k\u00e8m c\u00e1c ph\u1ee5 ki\u1ec7n nh\u01b0 l\u1ec1, m\u1eb7t \u0111\u00e1, v\u00e0 c\u00e1c thi\u1ebft b\u1ecb nh\u00e0 b\u1ebfp","og_url":"https:\/\/tranthi.vn\/hochiminh\/a03-s15\/","og_site_name":"V\u1eadt Li\u1ec7u X\u00e2y D\u1ef1ng Tr\u1ea7n Th\u1ecb Chi Nh\u00e1nh H\u1ed3 Ch\u00ed Minh","article_modified_time":"2022-09-12T04:57:19+00:00","og_image":[{"width":400,"height":320,"url":"https:\/\/tranthi.vn\/hochiminh\/wp-content\/uploads\/2022\/04\/CAC-MAU-TU-BEP-NHUA-DAI-LOAN-GIA-GO-DEP-TAI-HUE.jpg","type":"image\/jpeg"}],"twitter_card":"summary_large_image","twitter_misc":{"Gi\u00e1":"2,150,000&nbsp;&#8363;","Kh\u1ea3 d\u1ee5ng":"Trong kho"},"schema":{"@context":"https:\/\/schema.org","@graph":[{"@type":["WebPage","ItemPage"],"@id":"https:\/\/tranthi.vn\/hochiminh\/a03-s15\/","url":"https:\/\/tranthi.vn\/hochiminh\/a03-s15\/","name":"A03 +S15 - V\u1eadt Li\u1ec7u X\u00e2y D\u1ef1ng Tr\u1ea7n Th\u1ecb Chi Nh\u00e1nh H\u1ed3 Ch\u00ed Minh","isPartOf":{"@id":"https:\/\/tranthi.vn\/hochiminh\/#website"},"primaryImageOfPage":{"@id":"https:\/\/tranthi.vn\/hochiminh\/a03-s15\/#primaryimage"},"image":{"@id":"https:\/\/tranthi.vn\/hochiminh\/a03-s15\/#primaryimage"},"thumbnailUrl":"https:\/\/tranthi.vn\/hochiminh\/wp-content\/uploads\/2022\/04\/CAC-MAU-TU-BEP-NHUA-DAI-LOAN-GIA-GO-DEP-TAI-HUE.jpg","datePublished":"2022-04-22T02:51:06+00:00","dateModified":"2022-09-12T04:57:19+00:00","breadcrumb":{"@id":"https:\/\/tranthi.vn\/hochiminh\/a03-s15\/#breadcrumb"},"inLanguage":"vi","potentialAction":[{"@type":"ReadAction","target":["https:\/\/tranthi.vn\/hochiminh\/a03-s15\/"]}]},{"@type":"ImageObject","inLanguage":"vi","@id":"https:\/\/tranthi.vn\/hochiminh\/a03-s15\/#primaryimage","url":"https:\/\/tranthi.vn\/hochiminh\/wp-content\/uploads\/2022\/04\/CAC-MAU-TU-BEP-NHUA-DAI-LOAN-GIA-GO-DEP-TAI-HUE.jpg","contentUrl":"https:\/\/tranthi.vn\/hochiminh\/wp-content\/uploads\/2022\/04\/CAC-MAU-TU-BEP-NHUA-DAI-LOAN-GIA-GO-DEP-TAI-HUE.jpg","width":400,"height":320,"caption":"C\u00c1C M\u1eaaU T\u1ee6 B\u1ebeP NH\u1ef0A \u0110\u00c0I LOAN GI\u1ea2 G\u1ed4 \u0110\u1eb8P T\u1ea0I HU\u1ebe"},{"@type":"BreadcrumbList","@id":"https:\/\/tranthi.vn\/hochiminh\/a03-s15\/#breadcrumb","itemListElement":[{"@type":"ListItem","position":1,"name":"Trang ch\u1ee7","item":"https:\/\/tranthi.vn\/hochiminh\/"},{"@type":"ListItem","position":2,"name":"Shop","item":"https:\/\/tranthi.vn\/hochiminh\/shop\/"},{"@type":"ListItem","position":3,"name":"A03 +S15"}]},{"@type":"WebSite","@id":"https:\/\/tranthi.vn\/hochiminh\/#website","url":"https:\/\/tranthi.vn\/hochiminh\/","name":"V\u1eadt Li\u1ec7u X\u00e2y D\u1ef1ng Tr\u1ea7n Th\u1ecb Chi Nh\u00e1nh H\u1ed3 Ch\u00ed Minh","description":"V\u1eadt Li\u1ec7u X\u00e2y D\u1ef1ng - H\u1ed3 Ch\u00ed Minh","potentialAction":[{"@type":"SearchAction","target":{"@type":"EntryPoint","urlTemplate":"https:\/\/tranthi.vn\/hochiminh\/?s={search_term_string}"},"query-input":"required name=search_term_string"}],"inLanguage":"vi"},{"@type":"ImageObject","inLanguage":"vi","@id":"https:\/\/tranthi.vn\/hochiminh\/a03-s15\/#local-main-organization-logo","url":"","contentUrl":"","caption":"V\u1eadt Li\u1ec7u X\u00e2y D\u1ef1ng Tr\u1ea7n Th\u1ecb Chi Nh\u00e1nh H\u1ed3 Ch\u00ed Minh"}]},"product_price_amount":"2150000","product_price_currency":"VND","og_availability":"instock","product_availability":"instock","product_condition":"new"},"_links":{"self":[{"href":"https:\/\/tranthi.vn\/hochiminh\/wp-json\/wp\/v2\/product\/4773","targetHints":{"allow":["GET"]}}],"collection":[{"href":"https:\/\/tranthi.vn\/hochiminh\/wp-json\/wp\/v2\/product"}],"about":[{"href":"https:\/\/tranthi.vn\/hochiminh\/wp-json\/wp\/v2\/types\/product"}],"replies":[{"embeddable":true,"href":"https:\/\/tranthi.vn\/hochiminh\/wp-json\/wp\/v2\/comments?post=4773"}],"wp:featuredmedia":[{"embeddable":true,"href":"https:\/\/tranthi.vn\/hochiminh\/wp-json\/wp\/v2\/media\/4774"}],"wp:attachment":[{"href":"https:\/\/tranthi.vn\/hochiminh\/wp-json\/wp\/v2\/media?parent=4773"}],"wp:term":[{"taxonomy":"product_cat","embeddable":true,"href":"https:\/\/tranthi.vn\/hochiminh\/wp-json\/wp\/v2\/product_cat?post=4773"},{"taxonomy":"product_tag","embeddable":true,"href":"https:\/\/tranthi.vn\/hochiminh\/wp-json\/wp\/v2\/product_tag?post=4773"}],"curies":[{"name":"wp","href":"https:\/\/api.w.org\/{rel}","templated":true}]}}