{"id":1967,"date":"2021-02-21T12:07:21","date_gmt":"2021-02-21T12:07:21","guid":{"rendered":"http:\/\/new-tranthi.test\/?post_type=product&#038;p=1967"},"modified":"2021-03-24T15:56:51","modified_gmt":"2021-03-24T08:56:51","slug":"tu-quan-ao-nhua-dai-loan","status":"publish","type":"product","link":"https:\/\/tranthi.vn\/hochiminh\/tu-quan-ao-nhua-dai-loan\/","title":{"rendered":"T\u1ee7 Qu\u1ea7n \u00c1o Nh\u1ef1a \u0110\u00e0i Loan"},"content":{"rendered":"<h1 style=\"text-align: center;\"><strong><span style=\"font-size: 140%;\"><a href=\"https:\/\/tranthi.vn\/hochiminh\/tu-quan-ao-nhua-dai-loan\/\"><span style=\"font-family: 'times new roman', times, serif; color: #ff0000;\">T\u1ee7 nh\u1ef1a qu\u1ea7n \u00e1o \u0110\u00e0i Loan t\u1ea1i \u0110\u00e0 N\u1eb5ng<\/span><\/a><\/span><\/strong><\/h1>\n<p><span style=\"font-family: 'times new roman', times, serif; font-size: 140%; color: #000000;\">T\u1ea1i <em>\u0110\u00e0 n\u1eb5ng<\/em> c\u00e1c s\u1ea3n ph\u1ea9m<strong><em> t\u1ee7 nh\u1ef1a \u0110\u00e0i Loan<\/em><\/strong> \u0111ang r\u1ea5t th\u1ecbnh h\u00e0nh v\u00e0 \u01b0a chu\u1ed9ng nh\u1edd t\u00ednh th\u1ea9m m\u1ef9 cao v\u00e0 gi\u00e1 th\u00e0nh r\u1ebb. <strong><em>T\u1ee7 nh\u1ef1a<\/em><\/strong> \u0110\u00e0i Loan c\u00f3 th\u1eadt s\u1ef1 t\u1ed1t? v\u00e0 c\u00f3 n\u00ean s\u1eed d\u1ee5ng <a href=\"https:\/\/tranthi.vn\/hochiminh\/tu-quan-ao-nhua-dai-loan\/\"><em>t\u1ee7 qu\u1ea7n \u00e1o nh\u1ef1a \u0110\u00e0i Loan<\/em><\/a> cho gia \u0111\u00ecnh hay kh\u00f4ng? \u0110\u00f3 l\u00e0 c\u00e2u h\u1ecfi c\u1ee7a r\u1ea5t nhi\u1ec1u kh\u00e1ch h\u00e0ng, \u0111\u1ec3 gi\u1ea3i \u0111\u00e1p c\u00e2u h\u1ecfi \u0111\u00f3 th\u00ec tr\u01b0\u1edbc h\u1ebft ph\u1ea3i bi\u1ec7t \u0111\u01b0\u1ee3c \u01b0u \u0111i\u1ec3m v\u00e0 nh\u01b0\u1ee3c \u0111i\u1ec3m c\u1ee7a\u00a0<a href=\"https:\/\/vi.wikipedia.org\/wiki\/Ch%E1%BA%A5t_d%E1%BA%BBo\"><em> nh\u1ef1a\u00a0<\/em><\/a> \u0110\u00e0i Loan<\/span><\/p>\n<p style=\"text-align: center;\"><span style=\"color: #000000;\"><strong><em><span style=\"font-family: 'times new roman', times, serif; font-size: 140%;\">C\u1eadn c\u1ea3nh b\u00ean trong c\u1ee7a m\u1ed9t t\u1ee7 nh\u01b0a 3 c\u00e1nh c\u00e1o 1,8m r\u1ed9ng 1,2 m\u00e9t s\u00e2u 45 cm<\/span><\/em><\/strong><\/span><\/p>\n<p style=\"text-align: center;\"><iframe loading=\"lazy\" src=\"\/\/www.youtube.com\/embed\/YVbI4IWMOBY\" width=\"560\" height=\"314\" allowfullscreen=\"allowfullscreen\" data-mce-fragment=\"1\"><\/iframe><\/p>\n<p><span style=\"font-size: 140%; font-family: 'times new roman', times, serif; color: #000000;\">B\u1ea3ng gi\u00e1 <strong><em>t\u1ee7 qu\u1ea7n \u00e1o nh\u1ef1a<\/em><\/strong> \u0110\u00e0i Loan<\/span><br \/>\n<span style=\"font-size: 140%; font-family: 'times new roman', times, serif; color: #000000;\">&#8211; T\u1ee7 nh\u1ef1a 2 c\u00e1nh : ( ngang 85 cm, cao 180 cm) : 1,75 tri\u1ec7u<\/span><br \/>\n<span style=\"font-size: 140%; font-family: 'times new roman', times, serif; color: #000000;\">&#8211; T\u1ee7 nh\u1ef1a 3 c\u00e1nh : ( ngang 125 cm, cao 180 cm) : 2,1 tri\u1ec7u<\/span><\/p>\n<p><span style=\"font-size: 140%; font-family: 'times new roman', times, serif;\"><img loading=\"lazy\" decoding=\"async\" class=\"aligncenter wp-image-1969 size-full\" src=\"https:\/\/tranthi.vn\/hochiminh\/wp-content\/uploads\/2021\/02\/d1.jpg\" alt=\"t\u1ee7 qu\u1ea7n \u00e1o nh\u1ef1a \u0111\u00e0i loan \u0111\u00e0 n\u1eb5ng\" width=\"600\" height=\"800\" \/><br \/>\n<span style=\"color: #000000;\">&#8211; T\u1ee7 nh\u1ef1a 4 c\u00e1nh : ( Ngang 160, cao 180 cm ) : 2,8 tri\u1ec7u<\/span><\/span><\/p>\n<p style=\"text-align: center;\"><span style=\"font-family: 'times new roman', times, serif; font-size: 140%;\"><img loading=\"lazy\" decoding=\"async\" class=\"aligncenter wp-image-1970 size-full\" src=\"https:\/\/tranthi.vn\/hochiminh\/wp-content\/uploads\/2021\/02\/d2.jpg\" alt=\"T\u1ee7 Qu\u1ea7n \u00c1o Nh\u1ef1a \u0110\u00e0i Loan\" width=\"570\" height=\"640\" \/><\/span><\/p>\n<p style=\"text-align: center;\"><span style=\"font-family: 'times new roman', times, serif; font-size: 140%; color: #000000;\">Ngo\u00e0i ra Tr\u1ea7n Th\u1ecb c\u00f2n s\u1ea3n xu\u1ea5t t\u1ee7 nh\u1ef1a theo y\u00eau c\u1ea7u c\u1ee7a qu\u00fd kh\u00e1ch h\u00e0ng<\/span><\/p>\n<h2><span style=\"color: #ff0000; font-size: 140%;\"><strong><span style=\"font-family: 'times new roman', times, serif;\">1. \u01afu &#8211; nh\u01b0\u1ee3c \u0111i\u1ec3m c\u1ee7a nh\u1ef1a \u0110\u00e0i Loan<\/span><\/strong><\/span><\/h2>\n<h3><span style=\"color: #000000; font-size: 140%;\"><strong><span style=\"font-family: 'times new roman', times, serif;\">a) \u01afu \u0111i\u1ec3m:<\/span><\/strong><\/span><\/h3>\n<ul>\n<li><span style=\"font-family: 'times new roman', times, serif; font-size: 140%; color: #000000;\">V\u1ec1 \u0111\u1ed9 an to\u00e0n, nh\u1ef1a \u0110\u00e0i Loan c\u00f3 m\u1ed9t \u0111\u1eb7c t\u00ednh l\u00e0 kh\u00f4ng b\u00e9n l\u1eeda trong tr\u01b0\u1eddng h\u1ee3p c\u00f3 ch\u1ea3y n\u1ed5. \u0110\u0103c bi\u1ec7t n\u1ebfu l\u00e0 nh\u1ef1a \u0110\u00e0i Loan ch\u00ednh g\u1ed1c s\u1ebd kh\u00f4ng ch\u1ee9a nh\u1eefng ch\u1ea5t v\u00e0 m\u00f9i \u0111\u1ed9c h\u1ea1i cho s\u1ee9c kh\u1ecfe<\/span><\/li>\n<\/ul>\n<p><span style=\"font-family: 'times new roman', times, serif; font-size: 140%;\"><img loading=\"lazy\" decoding=\"async\" class=\"aligncenter wp-image-1971 size-full\" src=\"https:\/\/tranthi.vn\/hochiminh\/wp-content\/uploads\/2021\/02\/d3.jpg\" alt=\"T\u1ee7 Qu\u1ea7n \u00c1o Nh\u1ef1a \u0110\u00e0i Loan\" width=\"600\" height=\"350\" \/><\/span><\/p>\n<ul>\n<li><span style=\"font-family: 'times new roman', times, serif; font-size: 140%; color: #000000;\">\u0110\u1eb7c t\u00ednh nh\u1ef1a l\u00e0 d\u1ec5 gia c\u00f4ng s\u1ea3n ph\u1ea9m gi\u00e1 th\u00e0nh r\u1ebb. V\u1edbi \u01b0u \u0111i\u1ec3m v\u01b0\u1ee3t tr\u1ed9i h\u01a1n v\u1eadt li\u1ec7u g\u1ed7 nh\u01b0 kh\u00f4ng c\u00f4ng v\u00eanh, kh\u00f4ng m\u1ed1i m\u1ecdt, kh\u00f4ng \u1ea9m m\u1ed1c. \u0110\u1eb7c bi\u1ec7t <strong><em>nh\u1ef1a<\/em><\/strong> \u0111\u00e0i loan kh\u00f4ng b\u00e9n l\u1eeda. Ngo\u00e0i\u00a0 ra nh\u1ef1a \u0111\u00e0i loan 100% ch\u1ed1ng m\u1ed1i m\u1ecdt, cong v\u00eanh. Kh\u00f4ng bi\u1ebfn d\u1ea1ng, ph\u1ed3ng r\u1ed9p nh\u01b0 g\u1ed7 \u00e9p. <\/span><\/li>\n<li><span style=\"font-family: 'times new roman', times, serif; font-size: 140%; color: #000000;\">Kh\u00f4ng c\u00f3 h\u1ea1i, th\u00e2n thi\u1ec7n v\u1edbi m\u00f4i tr\u01b0\u1eddng. <\/span><\/li>\n<li><span style=\"font-family: 'times new roman', times, serif; font-size: 140%; color: #000000;\"> D\u1ec5 d\u00e0ng \u0111\u1ec3 l\u00e0m s\u1ea1ch.S\u1ea3n ph\u1ea9m \u0111\u01b0\u1ee3c x\u1eed l\u00fd ch\u00ednh x\u00e1c, chi ti\u1ebft<\/span><\/li>\n<li><span style=\"font-family: 'times new roman', times, serif; font-size: 140%; color: #000000;\">C\u00e1c lo\u1ea1i m\u00e0u s\u1eafc, t\u01b0\u01a1i s\u00e1ng, d\u1ec5 d\u00e0ng l\u1ef1a ch\u1ecdn theo s\u1edf th\u00edch c\u1ee7a kh\u00e1ch h\u00e0ng. <em><strong>T\u1ee7 nh\u1ef1a \u0111\u00e0i loan<\/strong><\/em> ch\u1ea5t l\u01b0\u1ee3ng t\u1ed1t \u0111\u01b0\u1ee3c l\u00e0m t\u1eeb lo\u1ea1i nh\u1ef1a \u0111\u01b0\u1ee3c x\u1eed l\u00fd b\u1ec1 m\u1eb7t b\u00f3ng, m\u1ecbn. C\u00e1c t\u1ea5m nh\u1ef1a c\u1eaft g\u1ecdt v\u1edbi k\u00edch th\u01b0\u1edbc chu\u1ea9n x\u00e1c, kh\u1ea3 n\u0103ng ch\u1ecbu t\u1ea3i t\u1ed1t, kh\u00f4ng m\u00f9i \u0111\u1ed9c h\u1ea1i. Kh\u00f4ng d\u1ec5 d\u00e0ng b\u1ecb tr\u1ea7y x\u01b0\u1edbc v\u00e0 \u0111\u1eb7c bi\u1ec7t c\u00f3 \u0111\u1ed9 an to\u00e0n cao \u0111\u1ec3 s\u1eed d\u1ee5ng trong kh\u00f4ng gian nh\u00e0 \u1edf. Nh\u1eefng nh\u01b0\u1ee3c \u0111i\u1ec3m t\u1ee7 nh\u1ef1a \u0111\u00e0i loan\u00a0<\/span><\/li>\n<li style=\"text-align: center;\"><iframe loading=\"lazy\" src=\"\/\/www.youtube.com\/embed\/hz_cf6nBsUY\" width=\"560\" height=\"314\" allowfullscreen=\"allowfullscreen\" data-mce-fragment=\"1\"><\/iframe><\/li>\n<\/ul>\n<h3><span style=\"color: #000000; font-size: 140%;\"><strong><span style=\"font-family: 'times new roman', times, serif;\">b) Nh\u01b0\u1ee3c \u0111i\u1ec3m<\/span><\/strong><\/span><\/h3>\n<ul>\n<li><span style=\"font-family: 'times new roman', times, serif; font-size: 140%; color: #000000;\">\u0110\u01b0\u1ee3c \u0111\u00fac \u0111\u1ecbnh h\u00ecnh h\u1ed9p r\u1ed7ng b\u00ean trong, b\u1ec1 m\u1eb7t m\u1ecfng n\u00ean t\u00ednh ch\u1ecbu l\u1ef1c h\u01a1i k\u00e9m. Tuy v\u1eady nh\u1ef1a \u0111\u00e0i loan v\u1eabn \u0111\u01b0\u1ee3c s\u1eed d\u1ee5ng l\u00e0m gi\u01b0\u1eddng r\u1ea5t \u0111\u1eb9p v\u00e0 c\u00f3 nhi\u1ec1u m\u00e0u s\u1eafc.<\/span><\/li>\n<\/ul>\n<p><span style=\"font-family: 'times new roman', times, serif; font-size: 140%;\"><img loading=\"lazy\" decoding=\"async\" class=\"aligncenter wp-image-1972 size-full\" src=\"https:\/\/tranthi.vn\/hochiminh\/wp-content\/uploads\/2021\/02\/d4.jpg\" alt=\"T\u1ee7 Qu\u1ea7n \u00c1o Nh\u1ef1a \u0110\u00e0i Loan\" width=\"600\" height=\"600\" srcset=\"https:\/\/tranthi.vn\/hochiminh\/wp-content\/uploads\/2021\/02\/d4.jpg 600w, https:\/\/tranthi.vn\/hochiminh\/wp-content\/uploads\/2021\/02\/d4-400x400.jpg 400w, https:\/\/tranthi.vn\/hochiminh\/wp-content\/uploads\/2021\/02\/d4-100x100.jpg 100w\" sizes=\"auto, (max-width: 600px) 100vw, 600px\" \/><\/span><\/p>\n<p style=\"text-align: center;\"><span style=\"color: #33cccc; font-size: 140%;\"><em><span style=\"font-family: 'times new roman', times, serif;\">Ph\u00eda trong t\u1ea5m nh\u1ef1a \u0110\u00e0i Loan r\u1ed7ng<\/span><\/em><\/span><\/p>\n<ul>\n<li><span style=\"font-family: 'times new roman', times, serif; font-size: 140%; color: #000000;\">Nh\u1ef1a \u0110\u00e0i Loan c\u00f3 r\u1ea5t nhi\u1ec1u m\u00e0u s\u1eafc nh\u01b0ng khi g\u1eb7p \u00e1nh n\u1eafng tr\u1ef1c ti\u1ebfp l\u00e2u ng\u00e0y th\u00ec s\u1ebd b\u1ecb b\u1ea1c m\u00e0u phai m\u00e0u. \u0110\u1eb7c bi\u1ec7t l\u00e0 v\u1edbi kh\u00ed h\u1eadu n\u1eafng n\u00f3ng t\u1ea1i <a href=\"https:\/\/vi.wikipedia.org\/wiki\/%C4%90%C3%A0_N%E1%BA%B5ng\">\u0110\u00e0 N\u1eb5ng<\/a>. Nh\u01b0ng \u0111\u1eb7c bi\u1ec7t n\u1ebfu d\u00f9ng nh\u1ef1a \u0111\u00e0i loan l\u00e0m n\u1ed9i th\u1ea5t th\u00ec d\u00f9ng r\u1ea5t \u0111\u1eb9p v\u00e0 b\u1ec1n m\u00e0u. D\u00f9ng l\u00e2u n\u0103m v\u1eabn nh\u01b0 m\u1edbi d\u1ec5 d\u00e0ng lau ch\u00f9i v\u00e0 r\u1eeda s\u1ea1ch b\u1ea9n. <\/span><\/li>\n<\/ul>\n<p><span style=\"font-family: 'times new roman', times, serif; font-size: 140%; color: #000000;\">\u0110\u00f3 l\u00e0 nh\u1eefng \u01b0u v\u00e0 nh\u01b0\u1ee3c \u0111i\u1ec3m c\u1ee7a <em>t\u1ee7 nh\u1ef1a <a href=\"https:\/\/vi.wikipedia.org\/wiki\/T%E1%BB%A7_qu%E1%BA%A7n_%C3%A1o\">qu\u1ea7n \u00e1o<\/a> \u0111\u00e0i loan<\/em> ch\u00ednh h\u00e3ng. C\u00f2n nh\u1eefng lo\u1ea1i t\u1ee7 nh\u1ef1a k\u00e9m ch\u1ea5t l\u01b0\u1ee3ng th\u00ec ho\u00e0n to\u00e0n ng\u01b0\u1ee3c l\u1ea1i, s\u1eed d\u1ee5ng r\u1ea5t \u0111\u1ed9c h\u1ea1i, bong tr\u00f3c, bay m\u00e0u trong 1 n\u0103m \u0111\u1ea7u s\u1eed d\u1ee5ng. V\u00ec th\u1ebf ngo\u00e0i tr\u1ea3 l\u1eddi c\u00e2u h\u1ecfi C\u00f3 n\u00ean mua t\u1ee7 nh\u1ef1a \u0111\u00e0i loan kh\u00f4ng ?. Tr\u1ea7n Th\u1ecb s\u1ebd cung c\u1ea5p cho qu\u00fd kh\u00e1ch h\u00e0ng nh\u1eefng c\u00e1ch \u0111\u1ec3 ph\u00e2n bi\u1ec7t nh\u1ef1a <a href=\"https:\/\/vi.wikipedia.org\/wiki\/%C4%90%C3%A0i_Loan\">\u0110\u00e0i Loan<\/a> ch\u00ednh h\u00e3ng v\u00e0 nh\u1ef1a k\u00e9m ch\u1ea5t l\u01b0\u1ee3ng<\/span><\/p>\n<p style=\"text-align: center;\"><iframe loading=\"lazy\" src=\"\/\/www.youtube.com\/embed\/RnvGSd2P_JE\" width=\"560\" height=\"314\" allowfullscreen=\"allowfullscreen\" data-mce-fragment=\"1\"><\/iframe><\/p>\n<h2><span style=\"font-size: 140%;\"><strong><span style=\"font-family: 'times new roman', times, serif; color: #ff0000;\">2. C\u00e1c c\u00e1ch \u0111\u1ec3 nh\u1eadn bi\u1ebft nh\u1ef1a \u0110\u00e0i Loan ch\u00ednh h\u00e3ng<\/span><\/strong><\/span><\/h2>\n<ul>\n<li><span style=\"font-family: 'times new roman', times, serif; font-size: 140%; color: #000000;\"><strong><em>T\u1ee7 nh\u1ef1a \u0110\u00e0i Loan<\/em><\/strong> ch\u00ednh h\u00e3ng c\u00f3 kh\u00f4ng c\u00f3 m\u00f9i h\u1eafc, khi nh\u00ecn v\u00e0o nh\u1ef1a s\u1ebd kh\u00f4ng th\u1ea5y l\u1eabn t\u1ea1p ch\u1ea5t<\/span><\/li>\n<li><span style=\"font-family: 'times new roman', times, serif; font-size: 140%; color: #000000;\">Nh\u1ef1a \u0111\u00e0i loan ch\u00ednh h\u00e3ng s\u1ebd c\u00f3 in logo chin huei tr\u00ean t\u1ea5m nh\u1ef1a<\/span><\/li>\n<\/ul>\n<p><span style=\"font-size: 140%;\"><img loading=\"lazy\" decoding=\"async\" class=\"aligncenter wp-image-1973\" src=\"https:\/\/tranthi.vn\/hochiminh\/wp-content\/uploads\/2021\/02\/d5.jpg\" alt=\"T\u1ee7 Qu\u1ea7n \u00c1o Nh\u1ef1a \u0110\u00e0i Loan\" width=\"388\" height=\"519\" \/><\/span><\/p>\n<ul>\n<li><span style=\"font-family: 'times new roman', times, serif; font-size: 140%; color: #000000;\">M\u00e0u c\u1ee7a nh\u1ef1a l\u00e0 m\u00e0u \u0111\u01b0\u1ee3c pha tr\u1ed9n ch\u1ee9 kh\u00f4ng ph\u1ea3i \u0111\u01b0\u1ee3c d\u00e1n l\u00ean n\u00ean kh\u00f4ng th\u1ec3 b\u00f3c t\u00e1ch \u0111\u01b0\u1ee3c<\/span><\/li>\n<li><span style=\"font-family: 'times new roman', times, serif; font-size: 140%; color: #000000;\">Quan tr\u1ecdng nh\u1ea5t v\u1eabn l\u00e0 l\u1ef1a ch\u1ecdn nh\u1eefng \u0111\u01a1n v\u1ecb uy t\u00edn d\u00f9 gi\u00e1 c\u00f3 cao h\u01a1n m\u1ed9t t\u00fd. Nh\u1eefng s\u1ea3n ph\u1ea9m ch\u1ea5t l\u01b0\u1ee3ng v\u00e0 ch\u1ebf \u0111\u1ed9 b\u1ea3o h\u00e0nh s\u1ea3n ph\u1ea9m t\u1ed1t th\u00ec c\u0169ng kh\u00f4ng v\u1ea5n \u0111\u1ec1 g\u00ec<\/span><\/li>\n<\/ul>\n","protected":false},"excerpt":{"rendered":"<p><span style=\"color: #000000;\"><strong><span style=\"font-family: 'times new roman', times, serif; font-size: 14pt;\">T\u1ee6 QU\u1ea6N \u00c1O NH\u1ef0A \u0110\u00c0I LOAN CAO C\u1ea4P<\/span><\/strong><\/span><\/p>\n<ul>\n<li><span style=\"font-family: 'times new roman', times, serif; font-size: 14pt; color: #000000;\">K\u00edch th\u01b0\u1edbc:r\u1ed9ng <strong><span style=\"color: #ff0000;\">84x185x50<\/span><\/strong> (c\u00f3 th\u1ec3 thay \u0111\u1ed5i theo y\u00eau c\u1ea7u \u0111\u1ec3 ph\u00f9 h\u1ee3p v\u1edbi kh\u00f4ng gian v\u00e0 nhu c\u1ea7u qu\u00fd kh\u00e1ch<\/span><\/li>\n<li><span style=\"font-family: 'times new roman', times, serif; font-size: 14pt; color: #000000;\">Ch\u1ea5t li\u1ec7u: Nh\u1ef1a cao c\u1ea5p nh\u1eadp kh\u1ea9u t\u1eeb \u0110\u00e0i Loan, \u0111\u1ed9 b\u1ec1n cao, an to\u00e0n v\u1edbi tr\u1ebb nh\u1ecf, tr\u1ebb s\u01a1 sinh<\/span><\/li>\n<li><span style=\"font-family: 'times new roman', times, serif; font-size: 14pt; color: #000000;\">M\u00e0u s\u1eafc: M\u00e0u s\u1eafc \u0111a d\u1ea1ng (xanh l\u00e1, xanh d\u01b0\u01a1ng, h\u1ed3ng\u2026) m\u00e0u \u0111\u01b0\u1ee3c pha tr\u1ed9n tr\u1ef1c ti\u1ebfp trong qu\u00e1 tr\u00ecnh s\u1ea3n xu\u1ea5t t\u1ea5m nh\u1ef1a n\u00ean kh\u00f4ng s\u1ee3 b\u1ecb bong tr\u00f3c s\u01a1n<\/span><\/li>\n<li><span style=\"font-family: 'times new roman', times, serif; font-size: 14pt; color: #000000;\">Gi\u00e1: <strong><span style=\"color: #ff0000;\">1.750.000<\/span><\/strong>\/c\u00e1i<\/span><\/li>\n<\/ul>\n","protected":false},"featured_media":1970,"comment_status":"closed","ping_status":"closed","template":"","meta":[],"product_cat":[124,116,127],"product_tag":[],"class_list":{"0":"post-1967","1":"product","2":"type-product","3":"status-publish","4":"has-post-thumbnail","6":"product_cat-ke-nhua","7":"product_cat-nhua-dai-loan","8":"product_cat-tu-dung-giay","10":"first","11":"instock","12":"sale","13":"shipping-taxable","14":"purchasable","15":"product-type-simple"},"yoast_head":"<!-- This site is optimized with the Yoast SEO Premium plugin v22.3 (Yoast SEO v22.4) - https:\/\/yoast.com\/wordpress\/plugins\/seo\/ -->\n<title>T\u1ee7 qu\u1ea7n \u00e1o nh\u1ef1a \u0110\u00e0i Loan gi\u00e1 r\u1ebb t\u1ea1i \u0110\u00e0 N\u1eb5ng - 0903.595.049<\/title>\n<meta name=\"description\" content=\"Tr\u1ea7n Th\u1ecb chuy\u00ean s\u1ea3n xu\u1ea5t l\u1eafp \u0111\u1eb7t t\u1ee7 qu\u1ea7n \u00e1o nh\u1ef1a \u0110\u00e0i Loan gi\u00e1 r\u1ebb t\u1ea1i \u0110\u00e0 N\u1eb5ng, t\u1ee7 \u0111\u01b0\u1ee3c \u0111\u00f3ng theo k\u00edch th\u01b0\u1edbc m\u1eabu m\u00e3 v\u00e0 m\u00e0u s\u1eafc...\" \/>\n<meta name=\"robots\" content=\"index, follow, max-snippet:-1, max-image-preview:large, max-video-preview:-1\" \/>\n<link rel=\"canonical\" href=\"https:\/\/tranthi.vn\/hochiminh\/tu-quan-ao-nhua-dai-loan\/\" \/>\n<meta property=\"og:locale\" content=\"vi_VN\" \/>\n<meta property=\"og:type\" content=\"article\" \/>\n<meta property=\"og:title\" content=\"T\u1ee7 Qu\u1ea7n \u00c1o Nh\u1ef1a \u0110\u00e0i Loan\" \/>\n<meta property=\"og:description\" content=\"Tr\u1ea7n Th\u1ecb chuy\u00ean s\u1ea3n xu\u1ea5t l\u1eafp \u0111\u1eb7t t\u1ee7 qu\u1ea7n \u00e1o nh\u1ef1a \u0110\u00e0i Loan gi\u00e1 r\u1ebb t\u1ea1i \u0110\u00e0 N\u1eb5ng, t\u1ee7 \u0111\u01b0\u1ee3c \u0111\u00f3ng theo k\u00edch th\u01b0\u1edbc m\u1eabu m\u00e3 v\u00e0 m\u00e0u s\u1eafc...\" \/>\n<meta property=\"og:url\" content=\"https:\/\/tranthi.vn\/hochiminh\/tu-quan-ao-nhua-dai-loan\/\" \/>\n<meta property=\"og:site_name\" content=\"V\u1eadt Li\u1ec7u X\u00e2y D\u1ef1ng Tr\u1ea7n Th\u1ecb Chi Nh\u00e1nh H\u1ed3 Ch\u00ed Minh\" \/>\n<meta property=\"article:modified_time\" content=\"2021-03-24T08:56:51+00:00\" \/>\n<meta property=\"og:image\" content=\"https:\/\/tranthi.vn\/hochiminh\/wp-content\/uploads\/2021\/02\/d2.jpg\" \/>\n\t<meta property=\"og:image:width\" content=\"570\" \/>\n\t<meta property=\"og:image:height\" content=\"640\" \/>\n\t<meta property=\"og:image:type\" content=\"image\/jpeg\" \/>\n<meta name=\"twitter:card\" content=\"summary_large_image\" \/>\n<meta name=\"twitter:label1\" content=\"Gi\u00e1\" \/>\n\t<meta name=\"twitter:data1\" content=\"1,750,000&nbsp;&#8363;\" \/>\n\t<meta name=\"twitter:label2\" content=\"Kh\u1ea3 d\u1ee5ng\" \/>\n\t<meta name=\"twitter:data2\" content=\"Trong kho\" \/>\n<script type=\"application\/ld+json\" class=\"yoast-schema-graph\">{\"@context\":\"https:\/\/schema.org\",\"@graph\":[{\"@type\":[\"WebPage\",\"ItemPage\"],\"@id\":\"https:\/\/tranthi.vn\/hochiminh\/tu-quan-ao-nhua-dai-loan\/\",\"url\":\"https:\/\/tranthi.vn\/hochiminh\/tu-quan-ao-nhua-dai-loan\/\",\"name\":\"T\u1ee7 qu\u1ea7n \u00e1o nh\u1ef1a \u0110\u00e0i Loan gi\u00e1 r\u1ebb t\u1ea1i \u0110\u00e0 N\u1eb5ng - 0903.595.049\",\"isPartOf\":{\"@id\":\"https:\/\/tranthi.vn\/hochiminh\/#website\"},\"primaryImageOfPage\":{\"@id\":\"https:\/\/tranthi.vn\/hochiminh\/tu-quan-ao-nhua-dai-loan\/#primaryimage\"},\"image\":{\"@id\":\"https:\/\/tranthi.vn\/hochiminh\/tu-quan-ao-nhua-dai-loan\/#primaryimage\"},\"thumbnailUrl\":\"https:\/\/tranthi.vn\/hochiminh\/wp-content\/uploads\/2021\/02\/d2.jpg\",\"datePublished\":\"2021-02-21T12:07:21+00:00\",\"dateModified\":\"2021-03-24T08:56:51+00:00\",\"description\":\"Tr\u1ea7n Th\u1ecb chuy\u00ean s\u1ea3n xu\u1ea5t l\u1eafp \u0111\u1eb7t t\u1ee7 qu\u1ea7n \u00e1o nh\u1ef1a \u0110\u00e0i Loan gi\u00e1 r\u1ebb t\u1ea1i \u0110\u00e0 N\u1eb5ng, t\u1ee7 \u0111\u01b0\u1ee3c \u0111\u00f3ng theo k\u00edch th\u01b0\u1edbc m\u1eabu m\u00e3 v\u00e0 m\u00e0u s\u1eafc...\",\"breadcrumb\":{\"@id\":\"https:\/\/tranthi.vn\/hochiminh\/tu-quan-ao-nhua-dai-loan\/#breadcrumb\"},\"inLanguage\":\"vi\",\"potentialAction\":[{\"@type\":\"ReadAction\",\"target\":[\"https:\/\/tranthi.vn\/hochiminh\/tu-quan-ao-nhua-dai-loan\/\"]}]},{\"@type\":\"ImageObject\",\"inLanguage\":\"vi\",\"@id\":\"https:\/\/tranthi.vn\/hochiminh\/tu-quan-ao-nhua-dai-loan\/#primaryimage\",\"url\":\"https:\/\/tranthi.vn\/hochiminh\/wp-content\/uploads\/2021\/02\/d2.jpg\",\"contentUrl\":\"https:\/\/tranthi.vn\/hochiminh\/wp-content\/uploads\/2021\/02\/d2.jpg\",\"width\":570,\"height\":640},{\"@type\":\"BreadcrumbList\",\"@id\":\"https:\/\/tranthi.vn\/hochiminh\/tu-quan-ao-nhua-dai-loan\/#breadcrumb\",\"itemListElement\":[{\"@type\":\"ListItem\",\"position\":1,\"name\":\"Trang ch\u1ee7\",\"item\":\"https:\/\/tranthi.vn\/hochiminh\/\"},{\"@type\":\"ListItem\",\"position\":2,\"name\":\"Shop\",\"item\":\"https:\/\/tranthi.vn\/hochiminh\/shop\/\"},{\"@type\":\"ListItem\",\"position\":3,\"name\":\"T\u1ee7 Qu\u1ea7n \u00c1o Nh\u1ef1a \u0110\u00e0i Loan\"}]},{\"@type\":\"WebSite\",\"@id\":\"https:\/\/tranthi.vn\/hochiminh\/#website\",\"url\":\"https:\/\/tranthi.vn\/hochiminh\/\",\"name\":\"V\u1eadt Li\u1ec7u X\u00e2y D\u1ef1ng Tr\u1ea7n Th\u1ecb Chi Nh\u00e1nh H\u1ed3 Ch\u00ed Minh\",\"description\":\"V\u1eadt Li\u1ec7u X\u00e2y D\u1ef1ng - H\u1ed3 Ch\u00ed Minh\",\"potentialAction\":[{\"@type\":\"SearchAction\",\"target\":{\"@type\":\"EntryPoint\",\"urlTemplate\":\"https:\/\/tranthi.vn\/hochiminh\/?s={search_term_string}\"},\"query-input\":\"required name=search_term_string\"}],\"inLanguage\":\"vi\"},{\"@type\":\"ImageObject\",\"inLanguage\":\"vi\",\"@id\":\"https:\/\/tranthi.vn\/hochiminh\/tu-quan-ao-nhua-dai-loan\/#local-main-organization-logo\",\"url\":\"\",\"contentUrl\":\"\",\"caption\":\"V\u1eadt Li\u1ec7u X\u00e2y D\u1ef1ng Tr\u1ea7n Th\u1ecb Chi Nh\u00e1nh H\u1ed3 Ch\u00ed Minh\"}]}<\/script>\n<meta property=\"product:price:amount\" content=\"1750000\" \/>\n<meta property=\"product:price:currency\" content=\"VND\" \/>\n<meta property=\"og:availability\" content=\"instock\" \/>\n<meta property=\"product:availability\" content=\"instock\" \/>\n<meta property=\"product:condition\" content=\"new\" \/>\n<!-- \/ Yoast SEO Premium plugin. -->","yoast_head_json":{"title":"T\u1ee7 qu\u1ea7n \u00e1o nh\u1ef1a \u0110\u00e0i Loan gi\u00e1 r\u1ebb t\u1ea1i \u0110\u00e0 N\u1eb5ng - 0903.595.049","description":"Tr\u1ea7n Th\u1ecb chuy\u00ean s\u1ea3n xu\u1ea5t l\u1eafp \u0111\u1eb7t t\u1ee7 qu\u1ea7n \u00e1o nh\u1ef1a \u0110\u00e0i Loan gi\u00e1 r\u1ebb t\u1ea1i \u0110\u00e0 N\u1eb5ng, t\u1ee7 \u0111\u01b0\u1ee3c \u0111\u00f3ng theo k\u00edch th\u01b0\u1edbc m\u1eabu m\u00e3 v\u00e0 m\u00e0u s\u1eafc...","robots":{"index":"index","follow":"follow","max-snippet":"max-snippet:-1","max-image-preview":"max-image-preview:large","max-video-preview":"max-video-preview:-1"},"canonical":"https:\/\/tranthi.vn\/hochiminh\/tu-quan-ao-nhua-dai-loan\/","og_locale":"vi_VN","og_type":"article","og_title":"T\u1ee7 Qu\u1ea7n \u00c1o Nh\u1ef1a \u0110\u00e0i Loan","og_description":"Tr\u1ea7n Th\u1ecb chuy\u00ean s\u1ea3n xu\u1ea5t l\u1eafp \u0111\u1eb7t t\u1ee7 qu\u1ea7n \u00e1o nh\u1ef1a \u0110\u00e0i Loan gi\u00e1 r\u1ebb t\u1ea1i \u0110\u00e0 N\u1eb5ng, t\u1ee7 \u0111\u01b0\u1ee3c \u0111\u00f3ng theo k\u00edch th\u01b0\u1edbc m\u1eabu m\u00e3 v\u00e0 m\u00e0u s\u1eafc...","og_url":"https:\/\/tranthi.vn\/hochiminh\/tu-quan-ao-nhua-dai-loan\/","og_site_name":"V\u1eadt Li\u1ec7u X\u00e2y D\u1ef1ng Tr\u1ea7n Th\u1ecb Chi Nh\u00e1nh H\u1ed3 Ch\u00ed Minh","article_modified_time":"2021-03-24T08:56:51+00:00","og_image":[{"width":570,"height":640,"url":"https:\/\/tranthi.vn\/hochiminh\/wp-content\/uploads\/2021\/02\/d2.jpg","type":"image\/jpeg"}],"twitter_card":"summary_large_image","twitter_misc":{"Gi\u00e1":"1,750,000&nbsp;&#8363;","Kh\u1ea3 d\u1ee5ng":"Trong kho"},"schema":{"@context":"https:\/\/schema.org","@graph":[{"@type":["WebPage","ItemPage"],"@id":"https:\/\/tranthi.vn\/hochiminh\/tu-quan-ao-nhua-dai-loan\/","url":"https:\/\/tranthi.vn\/hochiminh\/tu-quan-ao-nhua-dai-loan\/","name":"T\u1ee7 qu\u1ea7n \u00e1o nh\u1ef1a \u0110\u00e0i Loan gi\u00e1 r\u1ebb t\u1ea1i \u0110\u00e0 N\u1eb5ng - 0903.595.049","isPartOf":{"@id":"https:\/\/tranthi.vn\/hochiminh\/#website"},"primaryImageOfPage":{"@id":"https:\/\/tranthi.vn\/hochiminh\/tu-quan-ao-nhua-dai-loan\/#primaryimage"},"image":{"@id":"https:\/\/tranthi.vn\/hochiminh\/tu-quan-ao-nhua-dai-loan\/#primaryimage"},"thumbnailUrl":"https:\/\/tranthi.vn\/hochiminh\/wp-content\/uploads\/2021\/02\/d2.jpg","datePublished":"2021-02-21T12:07:21+00:00","dateModified":"2021-03-24T08:56:51+00:00","description":"Tr\u1ea7n Th\u1ecb chuy\u00ean s\u1ea3n xu\u1ea5t l\u1eafp \u0111\u1eb7t t\u1ee7 qu\u1ea7n \u00e1o nh\u1ef1a \u0110\u00e0i Loan gi\u00e1 r\u1ebb t\u1ea1i \u0110\u00e0 N\u1eb5ng, t\u1ee7 \u0111\u01b0\u1ee3c \u0111\u00f3ng theo k\u00edch th\u01b0\u1edbc m\u1eabu m\u00e3 v\u00e0 m\u00e0u s\u1eafc...","breadcrumb":{"@id":"https:\/\/tranthi.vn\/hochiminh\/tu-quan-ao-nhua-dai-loan\/#breadcrumb"},"inLanguage":"vi","potentialAction":[{"@type":"ReadAction","target":["https:\/\/tranthi.vn\/hochiminh\/tu-quan-ao-nhua-dai-loan\/"]}]},{"@type":"ImageObject","inLanguage":"vi","@id":"https:\/\/tranthi.vn\/hochiminh\/tu-quan-ao-nhua-dai-loan\/#primaryimage","url":"https:\/\/tranthi.vn\/hochiminh\/wp-content\/uploads\/2021\/02\/d2.jpg","contentUrl":"https:\/\/tranthi.vn\/hochiminh\/wp-content\/uploads\/2021\/02\/d2.jpg","width":570,"height":640},{"@type":"BreadcrumbList","@id":"https:\/\/tranthi.vn\/hochiminh\/tu-quan-ao-nhua-dai-loan\/#breadcrumb","itemListElement":[{"@type":"ListItem","position":1,"name":"Trang ch\u1ee7","item":"https:\/\/tranthi.vn\/hochiminh\/"},{"@type":"ListItem","position":2,"name":"Shop","item":"https:\/\/tranthi.vn\/hochiminh\/shop\/"},{"@type":"ListItem","position":3,"name":"T\u1ee7 Qu\u1ea7n \u00c1o Nh\u1ef1a \u0110\u00e0i Loan"}]},{"@type":"WebSite","@id":"https:\/\/tranthi.vn\/hochiminh\/#website","url":"https:\/\/tranthi.vn\/hochiminh\/","name":"V\u1eadt Li\u1ec7u X\u00e2y D\u1ef1ng Tr\u1ea7n Th\u1ecb Chi Nh\u00e1nh H\u1ed3 Ch\u00ed Minh","description":"V\u1eadt Li\u1ec7u X\u00e2y D\u1ef1ng - H\u1ed3 Ch\u00ed Minh","potentialAction":[{"@type":"SearchAction","target":{"@type":"EntryPoint","urlTemplate":"https:\/\/tranthi.vn\/hochiminh\/?s={search_term_string}"},"query-input":"required name=search_term_string"}],"inLanguage":"vi"},{"@type":"ImageObject","inLanguage":"vi","@id":"https:\/\/tranthi.vn\/hochiminh\/tu-quan-ao-nhua-dai-loan\/#local-main-organization-logo","url":"","contentUrl":"","caption":"V\u1eadt Li\u1ec7u X\u00e2y D\u1ef1ng Tr\u1ea7n Th\u1ecb Chi Nh\u00e1nh H\u1ed3 Ch\u00ed Minh"}]},"product_price_amount":"1750000","product_price_currency":"VND","og_availability":"instock","product_availability":"instock","product_condition":"new"},"_links":{"self":[{"href":"https:\/\/tranthi.vn\/hochiminh\/wp-json\/wp\/v2\/product\/1967","targetHints":{"allow":["GET"]}}],"collection":[{"href":"https:\/\/tranthi.vn\/hochiminh\/wp-json\/wp\/v2\/product"}],"about":[{"href":"https:\/\/tranthi.vn\/hochiminh\/wp-json\/wp\/v2\/types\/product"}],"replies":[{"embeddable":true,"href":"https:\/\/tranthi.vn\/hochiminh\/wp-json\/wp\/v2\/comments?post=1967"}],"wp:featuredmedia":[{"embeddable":true,"href":"https:\/\/tranthi.vn\/hochiminh\/wp-json\/wp\/v2\/media\/1970"}],"wp:attachment":[{"href":"https:\/\/tranthi.vn\/hochiminh\/wp-json\/wp\/v2\/media?parent=1967"}],"wp:term":[{"taxonomy":"product_cat","embeddable":true,"href":"https:\/\/tranthi.vn\/hochiminh\/wp-json\/wp\/v2\/product_cat?post=1967"},{"taxonomy":"product_tag","embeddable":true,"href":"https:\/\/tranthi.vn\/hochiminh\/wp-json\/wp\/v2\/product_tag?post=1967"}],"curies":[{"name":"wp","href":"https:\/\/api.w.org\/{rel}","templated":true}]}}