{"id":7521,"date":"2024-07-19T10:22:50","date_gmt":"2024-07-19T03:22:50","guid":{"rendered":"https:\/\/tranthi.vn\/quangnam\/?post_type=product&#038;p=7521"},"modified":"2024-07-29T16:02:51","modified_gmt":"2024-07-29T09:02:51","slug":"bang-gia-ton-lop-lay-sang-ha-tinh","status":"publish","type":"product","link":"https:\/\/tranthi.vn\/hatinh\/bang-gia-ton-lop-lay-sang-ha-tinh\/","title":{"rendered":"B\u1ea3ng Gi\u00e1 T\u00f4n L\u1ee3p L\u1ea5y S\u00e1ng  H\u00e0 T\u0129nh"},"content":{"rendered":"<h1 style=\"text-align: center;\"><span style=\"font-size: 160%;\"><span style=\"font-family: 'times new roman', times, serif;\"><strong>B\u1ea3ng Gi\u00e1 T\u00f4n L\u1ee3p L\u1ea5y S\u00e1ng <a href=\"https:\/\/vi.wikipedia.org\/wiki\/H%C3%A0_T%C4%A9nh\">H\u00e0 T\u0129nh<\/a><\/strong><\/span><\/span><\/h1>\n<p>&nbsp;<\/p>\n<p>&nbsp;<\/p>\n<h1><strong><span style=\"font-family: 'times new roman', times, serif; font-size: 130%;\">1. T\u00f4n l\u1ee3p l\u1ea5y s\u00e1ng l\u00e0 g\u00ec?<\/span><\/strong><\/h1>\n<h3><span style=\"font-family: 'times new roman', times, serif; font-size: 130%;\">T\u00f4n l\u1ee3p l\u1ea5y s\u00e1ng l\u00e0 lo\u1ea1i v\u1eadt li\u1ec7u x\u00e2y d\u1ef1ng \u0111\u01b0\u1ee3c l\u00e0m t\u1eeb nh\u1ef1a Polycarbonate ho\u1eb7c Composite, c\u00f3 kh\u1ea3 n\u0103ng truy\u1ec1n \u00e1nh s\u00e1ng t\u1ef1 nhi\u00ean v\u00e0o kh\u00f4ng gian b\u00ean trong. \u0110\u1eb7c \u0111i\u1ec3m n\u1ed5i b\u1eadt c\u1ee7a t\u00f4n l\u1ee3p l\u1ea5y s\u00e1ng l\u00e0 \u0111\u1ed9 trong su\u1ed1t cao, kh\u1ea3 n\u0103ng c\u00e1ch nhi\u1ec7t t\u1ed1t v\u00e0 \u0111\u1ed9 b\u1ec1n v\u01b0\u1ee3t tr\u1ed9i. T\u00f4n l\u1ee3p l\u1ea5y s\u00e1ng c\u00f3 nhi\u1ec1u lo\u1ea1i v\u1edbi c\u00e1c m\u00e0u s\u1eafc v\u00e0 \u0111\u1ed9 d\u00e0y kh\u00e1c nhau, ph\u00f9 h\u1ee3p v\u1edbi nhu c\u1ea7u \u0111a d\u1ea1ng c\u1ee7a c\u00e1c c\u00f4ng tr\u00ecnh x\u00e2y d\u1ef1ng.<\/span><\/h3>\n<h3 style=\"text-align: center;\"><iframe loading=\"lazy\" src=\"\/\/www.youtube.com\/embed\/HfTUpqRhKRk\" width=\"560\" height=\"314\" allowfullscreen=\"allowfullscreen\"><\/iframe><\/h3>\n<h1><strong><span style=\"font-family: 'times new roman', times, serif; font-size: 130%;\">2. \u1ee8ng d\u1ee5ng c\u1ee7a t\u00f4n l\u1ee3p l\u1ea5y s\u00e1ng trong x\u00e2y d\u1ef1ng<\/span><\/strong><\/h1>\n<h3><span style=\"font-family: 'times new roman', times, serif; font-size: 130%;\">T\u00f4n l\u1ee3p l\u1ea5y s\u00e1ng \u0111\u01b0\u1ee3c \u1ee9ng d\u1ee5ng r\u1ed9ng r\u00e3i trong nhi\u1ec1u lo\u1ea1i c\u00f4ng tr\u00ecnh kh\u00e1c nhau, bao g\u1ed3m:<\/span><\/h3>\n<ul>\n<li>\n<h3><span style=\"font-family: 'times new roman', times, serif; font-size: 130%;\">Nh\u00e0 \u1edf d\u00e2n d\u1ee5ng: T\u00f4n l\u1ee3p l\u1ea5y s\u00e1ng \u0111\u01b0\u1ee3c s\u1eed d\u1ee5ng trong c\u00e1c m\u00e1i hi\u00ean, gi\u1ebfng tr\u1eddi, s\u00e2n th\u01b0\u1ee3ng, gi\u00fap mang \u00e1nh s\u00e1ng t\u1ef1 nhi\u00ean v\u00e0o nh\u00e0, gi\u1ea3m b\u1edbt s\u1ef1 ph\u1ee5 thu\u1ed9c v\u00e0o \u00e1nh s\u00e1ng nh\u00e2n t\u1ea1o.<\/span><\/h3>\n<\/li>\n<li>\n<h3><span style=\"font-family: 'times new roman', times, serif; font-size: 130%;\">C\u00f4ng tr\u00ecnh c\u00f4ng nghi\u1ec7p: Trong c\u00e1c nh\u00e0 x\u01b0\u1edfng, nh\u00e0 kho, t\u00f4n l\u1ee3p l\u1ea5y s\u00e1ng gi\u00fap c\u1ea3i thi\u1ec7n \u0111i\u1ec1u ki\u1ec7n l\u00e0m vi\u1ec7c b\u1eb1ng c\u00e1ch t\u1eadn d\u1ee5ng \u00e1nh s\u00e1ng t\u1ef1 nhi\u00ean, ti\u1ebft ki\u1ec7m chi ph\u00ed \u0111i\u1ec7n n\u0103ng.<\/span><\/h3>\n<\/li>\n<li>\n<h3><span style=\"font-family: 'times new roman', times, serif; font-size: 130%;\">C\u00f4ng tr\u00ecnh c\u00f4ng c\u1ed9ng: T\u00f4n l\u1ee3p l\u1ea5y s\u00e1ng \u0111\u01b0\u1ee3c s\u1eed d\u1ee5ng trong c\u00e1c nh\u00e0 thi \u0111\u1ea5u, s\u00e2n v\u1eadn \u0111\u1ed9ng, b\u1ec3 b\u01a1i, gi\u00fap t\u1ea1o kh\u00f4ng gian tho\u00e1ng \u0111\u00e3ng v\u00e0 s\u00e1ng s\u1ee7a.<\/span><\/h3>\n<\/li>\n<li>\n<h3><span style=\"font-family: 'times new roman', times, serif; font-size: 130%;\">Trang tr\u00ed ngo\u1ea1i th\u1ea5t: V\u1edbi t\u00ednh th\u1ea9m m\u1ef9 cao, t\u00f4n l\u1ee3p l\u1ea5y s\u00e1ng c\u00f2n \u0111\u01b0\u1ee3c s\u1eed d\u1ee5ng \u0111\u1ec3 trang tr\u00ed c\u00e1c khu v\u1ef1c ngo\u1ea1i th\u1ea5t nh\u01b0 h\u00e0nh lang, s\u00e2n v\u01b0\u1eddn, gi\u00fap t\u1ea1o \u0111i\u1ec3m nh\u1ea5n cho ki\u1ebfn tr\u00fac c\u00f4ng tr\u00ecnh.<\/span><\/h3>\n<\/li>\n<\/ul>\n<h1><strong><span style=\"font-family: 'times new roman', times, serif; font-size: 130%;\">3. L\u1ee3i \u00edch c\u1ee7a vi\u1ec7c s\u1eed d\u1ee5ng t\u00f4n l\u1ee3p l\u1ea5y s\u00e1ng<\/span><\/strong><\/h1>\n<h3><span style=\"font-family: 'times new roman', times, serif; font-size: 130%;\"><a href=\"https:\/\/vi.wikipedia.org\/wiki\/H%C3%A0_T%C4%A9nh\">H\u00e0 T\u0129nh<\/a>\u00a0l\u00e0 m\u1ed9t trong nh\u1eefng th\u00e0nh ph\u1ed1 ph\u00e1t tri\u1ec3n nhanh v\u00e0 c\u00f3 nhi\u1ec1u d\u1ef1 \u00e1n x\u00e2y d\u1ef1ng hi\u1ec7n \u0111\u1ea1i. Vi\u1ec7c s\u1eed d\u1ee5ng t\u00f4n l\u1ee3p l\u1ea5y s\u00e1ng mang l\u1ea1i nhi\u1ec1u l\u1ee3i \u00edch cho c\u00e1c c\u00f4ng tr\u00ecnh t\u1ea1i \u0111\u00e2y:<\/span><\/h3>\n<ul>\n<li>\n<h3><span style=\"font-family: 'times new roman', times, serif; font-size: 130%;\">Ti\u1ebft ki\u1ec7m n\u0103ng l\u01b0\u1ee3ng: Nh\u1edd kh\u1ea3 n\u0103ng truy\u1ec1n \u00e1nh s\u00e1ng t\u1ef1 nhi\u00ean t\u1ed1t, t\u00f4n l\u1ee3p l\u1ea5y s\u00e1ng gi\u00fap gi\u1ea3m thi\u1ec3u vi\u1ec7c s\u1eed d\u1ee5ng \u0111\u00e8n \u0111i\u1ec7n v\u00e0o ban ng\u00e0y, t\u1eeb \u0111\u00f3 ti\u1ebft ki\u1ec7m chi ph\u00ed \u0111i\u1ec7n n\u0103ng.<\/span><\/h3>\n<\/li>\n<li>\n<h3><span style=\"font-family: 'times new roman', times, serif; font-size: 130%;\">C\u1ea3i thi\u1ec7n m\u00f4i tr\u01b0\u1eddng s\u1ed1ng v\u00e0 l\u00e0m vi\u1ec7c: \u00c1nh s\u00e1ng t\u1ef1 nhi\u00ean gi\u00fap kh\u00f4ng gian tr\u1edf n\u00ean tho\u00e1ng \u0111\u00e3ng, d\u1ec5 ch\u1ecbu, t\u1ea1o \u0111i\u1ec1u ki\u1ec7n s\u1ed1ng v\u00e0 l\u00e0m vi\u1ec7c t\u1ed1t h\u01a1n cho c\u01b0 d\u00e2n v\u00e0 ng\u01b0\u1eddi lao \u0111\u1ed9ng.<\/span><\/h3>\n<\/li>\n<li>\n<h3><span style=\"font-family: 'times new roman', times, serif; font-size: 130%;\">T\u0103ng t\u00ednh th\u1ea9m m\u1ef9 cho c\u00f4ng tr\u00ecnh: T\u00f4n l\u1ee3p l\u1ea5y s\u00e1ng c\u00f3 nhi\u1ec1u m\u00e0u s\u1eafc v\u00e0 ki\u1ec3u d\u00e1ng, gi\u00fap t\u0103ng t\u00ednh th\u1ea9m m\u1ef9 cho ki\u1ebfn tr\u00fac, t\u1ea1o n\u00ean nh\u1eefng \u0111i\u1ec3m nh\u1ea5n \u0111\u1ed9c \u0111\u00e1o.<\/span><\/h3>\n<\/li>\n<li>\n<h3><span style=\"font-family: 'times new roman', times, serif; font-size: 130%;\">\u0110\u1ed9 b\u1ec1n cao v\u00e0 \u00edt b\u1ea3o tr\u00ec: T\u00f4n l\u1ee3p l\u1ea5y s\u00e1ng c\u00f3 kh\u1ea3 n\u0103ng ch\u1ed1ng ch\u1ecbu t\u1ed1t v\u1edbi c\u00e1c \u0111i\u1ec1u ki\u1ec7n th\u1eddi ti\u1ebft kh\u1eafc nghi\u1ec7t nh\u01b0 m\u01b0a, n\u1eafng, gi\u00f3 m\u1ea1nh, gi\u00fap t\u0103ng tu\u1ed5i th\u1ecd c\u00f4ng tr\u00ecnh v\u00e0 gi\u1ea3m chi ph\u00ed b\u1ea3o tr\u00ec.<\/span><\/h3>\n<\/li>\n<li style=\"text-align: center;\"><iframe loading=\"lazy\" src=\"\/\/www.youtube.com\/embed\/dMR1hwJZonQ\" width=\"560\" height=\"314\" allowfullscreen=\"allowfullscreen\"><\/iframe><\/li>\n<\/ul>\n<h1><strong><span style=\"font-family: 'times new roman', times, serif; font-size: 130%;\">4. L\u1ef1a ch\u1ecdn t\u00f4n l\u1ee3p l\u1ea5y s\u00e1ng uy t\u00edn <\/span><\/strong><\/h1>\n<h3><span style=\"font-family: 'times new roman', times, serif; font-size: 130%;\">\u0110\u1ec3 \u0111\u1ea3m b\u1ea3o ch\u1ea5t l\u01b0\u1ee3ng v\u00e0 hi\u1ec7u qu\u1ea3 khi s\u1eed d\u1ee5ng t\u00f4n l\u1ee3p l\u1ea5y s\u00e1ng, vi\u1ec7c l\u1ef1a ch\u1ecdn nh\u00e0 cung c\u1ea5p uy t\u00edn l\u00e0 r\u1ea5t quan tr\u1ecdng. M\u1ed9t s\u1ed1 nh\u00e0 cung c\u1ea5p t\u00f4n l\u1ee3p l\u1ea5y s\u00e1ng uy t\u00edn t\u1ea1i <a href=\"https:\/\/vi.wikipedia.org\/wiki\/H%C3%A0_T%C4%A9nh\">H\u00e0 T\u0129nh<\/a> m\u00e0 b\u1ea1n c\u00f3 th\u1ec3 tham kh\u1ea3o:<\/span><\/h3>\n<ul>\n<li>\n<h3><span style=\"font-family: 'times new roman', times, serif; font-size: 130%;\">C\u00f4ng ty TNHH T\u00f4n Hoa Sen: L\u00e0 m\u1ed9t trong nh\u1eefng nh\u00e0 s\u1ea3n xu\u1ea5t v\u00e0 cung c\u1ea5p t\u00f4n h\u00e0ng \u0111\u1ea7u t\u1ea1i Vi\u1ec7t Nam, T\u00f4n Hoa Sen cung c\u1ea5p c\u00e1c s\u1ea3n ph\u1ea9m t\u00f4n l\u1ee3p l\u1ea5y s\u00e1ng ch\u1ea5t l\u01b0\u1ee3ng cao, \u0111\u00e1p \u1ee9ng \u0111\u01b0\u1ee3c nhu c\u1ea7u \u0111a d\u1ea1ng c\u1ee7a kh\u00e1ch h\u00e0ng.<\/span><\/h3>\n<\/li>\n<li>\n<h3><span style=\"font-family: 'times new roman', times, serif; font-size: 130%;\">C\u00f4ng ty CP T\u00f4n \u0110\u00f4ng \u00c1: V\u1edbi nhi\u1ec1u n\u0103m kinh nghi\u1ec7m trong l\u0129nh v\u1ef1c s\u1ea3n xu\u1ea5t t\u00f4n, T\u00f4n \u0110\u00f4ng \u00c1 cam k\u1ebft mang \u0111\u1ebfn cho kh\u00e1ch h\u00e0ng nh\u1eefng s\u1ea3n ph\u1ea9m t\u00f4n l\u1ee3p l\u1ea5y s\u00e1ng b\u1ec1n \u0111\u1eb9p, ch\u1ea5t l\u01b0\u1ee3ng.<\/span><\/h3>\n<\/li>\n<li>\n<h3><span style=\"font-family: 'times new roman', times, serif; font-size: 130%;\">C\u00f4ng ty TNHH S\u1ea3n Xu\u1ea5t Th\u01b0\u01a1ng M\u1ea1i D\u1ecbch V\u1ee5 T\u00f4n Nh\u1ef1a \u00c1 Ch\u00e2u: T\u00f4n Nh\u1ef1a \u00c1 Ch\u00e2u n\u1ed5i ti\u1ebfng v\u1edbi c\u00e1c s\u1ea3n ph\u1ea9m t\u00f4n l\u1ee3p l\u1ea5y s\u00e1ng t\u1eeb nh\u1ef1a Polycarbonate, c\u00f3 \u0111\u1ed9 b\u1ec1n cao v\u00e0 kh\u1ea3 n\u0103ng truy\u1ec1n s\u00e1ng t\u1ed1t.<\/span><\/h3>\n<\/li>\n<\/ul>\n","protected":false},"excerpt":{"rendered":"<p>B\u1ea3ng Gi\u00e1 T\u00f4n L\u1ee3p L\u1ea5y S\u00e1ng H\u00e0 T\u0129nh &nbsp; &nbsp; 1. T\u00f4n l\u1ee3p l\u1ea5y s\u00e1ng l\u00e0 g\u00ec? T\u00f4n l\u1ee3p l\u1ea5y s\u00e1ng l\u00e0 lo\u1ea1i v\u1eadt li\u1ec7u x\u00e2y d\u1ef1ng \u0111\u01b0\u1ee3c l\u00e0m t\u1eeb nh\u1ef1a Polycarbonate ho\u1eb7c Composite, c\u00f3 kh\u1ea3 n\u0103ng truy\u1ec1n \u00e1nh s\u00e1ng t\u1ef1 nhi\u00ean v\u00e0o kh\u00f4ng gian b\u00ean trong. \u0110\u1eb7c \u0111i\u1ec3m n\u1ed5i b\u1eadt c\u1ee7a t\u00f4n l\u1ee3p l\u1ea5y [&#8230;]\n","protected":false},"featured_media":0,"comment_status":"closed","ping_status":"closed","template":"","meta":[],"product_cat":[429,432],"product_tag":[437],"class_list":{"0":"post-7521","1":"product","2":"type-product","3":"status-publish","5":"product_cat-mai-ton","6":"product_cat-ton-lop-lay-sang","7":"product_tag-gia-ton-lay-anh-sang-o-da-nang","9":"first","10":"instock","11":"shipping-taxable","12":"product-type-simple"},"yoast_head":"<!-- This site is optimized with the Yoast SEO Premium plugin v22.3 (Yoast SEO v22.8) - https:\/\/yoast.com\/wordpress\/plugins\/seo\/ -->\n<title>Gi\u00e1 t\u00f4n l\u1ea5y s\u00e1ng t\u1ea1i H\u00e0 T\u0129nh-0947.335.871-Tr\u1ea7n Th\u1ecb<\/title>\n<meta name=\"description\" content=\"Gi\u00e1 t\u00f4n l\u1ea5y s\u00e1ng t\u1ea1i H\u00e0 T\u0129nh- 0903.595.04 Tr\u1ea7n th\u1ecb. Cung c\u1ea5p h\u00e0ng ho\u00e1 uy t\u00edn ch\u1ea5t l\u01b0\u1ee3ng tham kh\u1ea3o t\u1ea1i web: tranthi.vn \u0111\u1ec3 bi\u1ebft th\u00eam chi ti\u1ebft\" \/>\n<meta name=\"robots\" content=\"index, follow, max-snippet:-1, max-image-preview:large, max-video-preview:-1\" \/>\n<link rel=\"canonical\" href=\"https:\/\/tranthi.vn\/hatinh\/bang-gia-ton-lop-lay-sang-ha-tinh\/\" \/>\n<meta property=\"og:locale\" content=\"vi_VN\" \/>\n<meta property=\"og:type\" content=\"article\" \/>\n<meta property=\"og:title\" content=\"B\u1ea3ng Gi\u00e1 T\u00f4n L\u1ee3p L\u1ea5y S\u00e1ng H\u00e0 T\u0129nh\" \/>\n<meta property=\"og:description\" content=\"Gi\u00e1 t\u00f4n l\u1ea5y s\u00e1ng t\u1ea1i H\u00e0 T\u0129nh- 0903.595.04 Tr\u1ea7n th\u1ecb. Cung c\u1ea5p h\u00e0ng ho\u00e1 uy t\u00edn ch\u1ea5t l\u01b0\u1ee3ng tham kh\u1ea3o t\u1ea1i web: tranthi.vn \u0111\u1ec3 bi\u1ebft th\u00eam chi ti\u1ebft\" \/>\n<meta property=\"og:url\" content=\"https:\/\/tranthi.vn\/hatinh\/bang-gia-ton-lop-lay-sang-ha-tinh\/\" \/>\n<meta property=\"og:site_name\" content=\"V\u1eadt Li\u1ec7u X\u00e2y D\u1ef1ng Tr\u1ea7n Th\u1ecb Chi Nh\u00e1nh H\u00e0 T\u0129nh\" \/>\n<meta property=\"article:modified_time\" content=\"2024-07-29T09:02:51+00:00\" \/>\n<meta name=\"twitter:card\" content=\"summary_large_image\" \/>\n<meta name=\"twitter:label1\" content=\"Gi\u00e1\" \/>\n\t<meta name=\"twitter:data1\" content=\"\" \/>\n\t<meta name=\"twitter:label2\" content=\"Kh\u1ea3 d\u1ee5ng\" \/>\n\t<meta name=\"twitter:data2\" content=\"Trong kho\" \/>\n<script type=\"application\/ld+json\" class=\"yoast-schema-graph\">{\"@context\":\"https:\/\/schema.org\",\"@graph\":[{\"@type\":[\"WebPage\",\"ItemPage\"],\"@id\":\"https:\/\/tranthi.vn\/hatinh\/bang-gia-ton-lop-lay-sang-ha-tinh\/\",\"url\":\"https:\/\/tranthi.vn\/hatinh\/bang-gia-ton-lop-lay-sang-ha-tinh\/\",\"name\":\"Gi\u00e1 t\u00f4n l\u1ea5y s\u00e1ng t\u1ea1i H\u00e0 T\u0129nh-0947.335.871-Tr\u1ea7n Th\u1ecb\",\"isPartOf\":{\"@id\":\"https:\/\/tranthi.vn\/hatinh\/#website\"},\"datePublished\":\"2024-07-19T03:22:50+00:00\",\"dateModified\":\"2024-07-29T09:02:51+00:00\",\"description\":\"Gi\u00e1 t\u00f4n l\u1ea5y s\u00e1ng t\u1ea1i H\u00e0 T\u0129nh- 0903.595.04 Tr\u1ea7n th\u1ecb. Cung c\u1ea5p h\u00e0ng ho\u00e1 uy t\u00edn ch\u1ea5t l\u01b0\u1ee3ng tham kh\u1ea3o t\u1ea1i web: tranthi.vn \u0111\u1ec3 bi\u1ebft th\u00eam chi ti\u1ebft\",\"breadcrumb\":{\"@id\":\"https:\/\/tranthi.vn\/hatinh\/bang-gia-ton-lop-lay-sang-ha-tinh\/#breadcrumb\"},\"inLanguage\":\"vi\",\"potentialAction\":[{\"@type\":\"ReadAction\",\"target\":[\"https:\/\/tranthi.vn\/hatinh\/bang-gia-ton-lop-lay-sang-ha-tinh\/\"]}]},{\"@type\":\"BreadcrumbList\",\"@id\":\"https:\/\/tranthi.vn\/hatinh\/bang-gia-ton-lop-lay-sang-ha-tinh\/#breadcrumb\",\"itemListElement\":[{\"@type\":\"ListItem\",\"position\":1,\"name\":\"Trang ch\u1ee7\",\"item\":\"https:\/\/tranthi.vn\/hatinh\/\"},{\"@type\":\"ListItem\",\"position\":2,\"name\":\"Shop\",\"item\":\"https:\/\/tranthi.vn\/hatinh\/shop\/\"},{\"@type\":\"ListItem\",\"position\":3,\"name\":\"B\u1ea3ng Gi\u00e1 T\u00f4n L\u1ee3p L\u1ea5y S\u00e1ng H\u00e0 T\u0129nh\"}]},{\"@type\":\"WebSite\",\"@id\":\"https:\/\/tranthi.vn\/hatinh\/#website\",\"url\":\"https:\/\/tranthi.vn\/hatinh\/\",\"name\":\"V\u1eadt Li\u1ec7u X\u00e2y D\u1ef1ng Tr\u1ea7n Th\u1ecb Chi Nh\u00e1nh H\u00e0 T\u0129nh\",\"description\":\"V\u1eadt Li\u1ec7u X\u00e2y D\u1ef1ng - H\u00e0 T\u0129nh\",\"potentialAction\":[{\"@type\":\"SearchAction\",\"target\":{\"@type\":\"EntryPoint\",\"urlTemplate\":\"https:\/\/tranthi.vn\/hatinh\/?s={search_term_string}\"},\"query-input\":\"required name=search_term_string\"}],\"inLanguage\":\"vi\"},{\"@type\":\"ImageObject\",\"inLanguage\":\"vi\",\"@id\":\"https:\/\/tranthi.vn\/hatinh\/bang-gia-ton-lop-lay-sang-ha-tinh\/#local-main-organization-logo\",\"url\":\"\",\"contentUrl\":\"\",\"caption\":\"V\u1eadt Li\u1ec7u X\u00e2y D\u1ef1ng Tr\u1ea7n Th\u1ecb Chi Nh\u00e1nh H\u00e0 T\u0129nh\"}]}<\/script>\n<meta property=\"product:price:amount\" content=\"0\" \/>\n<meta property=\"product:price:currency\" content=\"VND\" \/>\n<meta property=\"og:availability\" content=\"instock\" \/>\n<meta property=\"product:availability\" content=\"instock\" \/>\n<meta property=\"product:condition\" content=\"new\" \/>\n<!-- \/ Yoast SEO Premium plugin. -->","yoast_head_json":{"title":"Gi\u00e1 t\u00f4n l\u1ea5y s\u00e1ng t\u1ea1i H\u00e0 T\u0129nh-0947.335.871-Tr\u1ea7n Th\u1ecb","description":"Gi\u00e1 t\u00f4n l\u1ea5y s\u00e1ng t\u1ea1i H\u00e0 T\u0129nh- 0903.595.04 Tr\u1ea7n th\u1ecb. Cung c\u1ea5p h\u00e0ng ho\u00e1 uy t\u00edn ch\u1ea5t l\u01b0\u1ee3ng tham kh\u1ea3o t\u1ea1i web: tranthi.vn \u0111\u1ec3 bi\u1ebft th\u00eam chi ti\u1ebft","robots":{"index":"index","follow":"follow","max-snippet":"max-snippet:-1","max-image-preview":"max-image-preview:large","max-video-preview":"max-video-preview:-1"},"canonical":"https:\/\/tranthi.vn\/hatinh\/bang-gia-ton-lop-lay-sang-ha-tinh\/","og_locale":"vi_VN","og_type":"article","og_title":"B\u1ea3ng Gi\u00e1 T\u00f4n L\u1ee3p L\u1ea5y S\u00e1ng H\u00e0 T\u0129nh","og_description":"Gi\u00e1 t\u00f4n l\u1ea5y s\u00e1ng t\u1ea1i H\u00e0 T\u0129nh- 0903.595.04 Tr\u1ea7n th\u1ecb. Cung c\u1ea5p h\u00e0ng ho\u00e1 uy t\u00edn ch\u1ea5t l\u01b0\u1ee3ng tham kh\u1ea3o t\u1ea1i web: tranthi.vn \u0111\u1ec3 bi\u1ebft th\u00eam chi ti\u1ebft","og_url":"https:\/\/tranthi.vn\/hatinh\/bang-gia-ton-lop-lay-sang-ha-tinh\/","og_site_name":"V\u1eadt Li\u1ec7u X\u00e2y D\u1ef1ng Tr\u1ea7n Th\u1ecb Chi Nh\u00e1nh H\u00e0 T\u0129nh","article_modified_time":"2024-07-29T09:02:51+00:00","twitter_card":"summary_large_image","twitter_misc":{"Gi\u00e1":"","Kh\u1ea3 d\u1ee5ng":"Trong kho"},"schema":{"@context":"https:\/\/schema.org","@graph":[{"@type":["WebPage","ItemPage"],"@id":"https:\/\/tranthi.vn\/hatinh\/bang-gia-ton-lop-lay-sang-ha-tinh\/","url":"https:\/\/tranthi.vn\/hatinh\/bang-gia-ton-lop-lay-sang-ha-tinh\/","name":"Gi\u00e1 t\u00f4n l\u1ea5y s\u00e1ng t\u1ea1i H\u00e0 T\u0129nh-0947.335.871-Tr\u1ea7n Th\u1ecb","isPartOf":{"@id":"https:\/\/tranthi.vn\/hatinh\/#website"},"datePublished":"2024-07-19T03:22:50+00:00","dateModified":"2024-07-29T09:02:51+00:00","description":"Gi\u00e1 t\u00f4n l\u1ea5y s\u00e1ng t\u1ea1i H\u00e0 T\u0129nh- 0903.595.04 Tr\u1ea7n th\u1ecb. Cung c\u1ea5p h\u00e0ng ho\u00e1 uy t\u00edn ch\u1ea5t l\u01b0\u1ee3ng tham kh\u1ea3o t\u1ea1i web: tranthi.vn \u0111\u1ec3 bi\u1ebft th\u00eam chi ti\u1ebft","breadcrumb":{"@id":"https:\/\/tranthi.vn\/hatinh\/bang-gia-ton-lop-lay-sang-ha-tinh\/#breadcrumb"},"inLanguage":"vi","potentialAction":[{"@type":"ReadAction","target":["https:\/\/tranthi.vn\/hatinh\/bang-gia-ton-lop-lay-sang-ha-tinh\/"]}]},{"@type":"BreadcrumbList","@id":"https:\/\/tranthi.vn\/hatinh\/bang-gia-ton-lop-lay-sang-ha-tinh\/#breadcrumb","itemListElement":[{"@type":"ListItem","position":1,"name":"Trang ch\u1ee7","item":"https:\/\/tranthi.vn\/hatinh\/"},{"@type":"ListItem","position":2,"name":"Shop","item":"https:\/\/tranthi.vn\/hatinh\/shop\/"},{"@type":"ListItem","position":3,"name":"B\u1ea3ng Gi\u00e1 T\u00f4n L\u1ee3p L\u1ea5y S\u00e1ng H\u00e0 T\u0129nh"}]},{"@type":"WebSite","@id":"https:\/\/tranthi.vn\/hatinh\/#website","url":"https:\/\/tranthi.vn\/hatinh\/","name":"V\u1eadt Li\u1ec7u X\u00e2y D\u1ef1ng Tr\u1ea7n Th\u1ecb Chi Nh\u00e1nh H\u00e0 T\u0129nh","description":"V\u1eadt Li\u1ec7u X\u00e2y D\u1ef1ng - H\u00e0 T\u0129nh","potentialAction":[{"@type":"SearchAction","target":{"@type":"EntryPoint","urlTemplate":"https:\/\/tranthi.vn\/hatinh\/?s={search_term_string}"},"query-input":"required name=search_term_string"}],"inLanguage":"vi"},{"@type":"ImageObject","inLanguage":"vi","@id":"https:\/\/tranthi.vn\/hatinh\/bang-gia-ton-lop-lay-sang-ha-tinh\/#local-main-organization-logo","url":"","contentUrl":"","caption":"V\u1eadt Li\u1ec7u X\u00e2y D\u1ef1ng Tr\u1ea7n Th\u1ecb Chi Nh\u00e1nh H\u00e0 T\u0129nh"}]},"product_price_currency":"VND","og_availability":"instock","product_availability":"instock","product_condition":"new"},"_links":{"self":[{"href":"https:\/\/tranthi.vn\/hatinh\/wp-json\/wp\/v2\/product\/7521","targetHints":{"allow":["GET"]}}],"collection":[{"href":"https:\/\/tranthi.vn\/hatinh\/wp-json\/wp\/v2\/product"}],"about":[{"href":"https:\/\/tranthi.vn\/hatinh\/wp-json\/wp\/v2\/types\/product"}],"replies":[{"embeddable":true,"href":"https:\/\/tranthi.vn\/hatinh\/wp-json\/wp\/v2\/comments?post=7521"}],"wp:attachment":[{"href":"https:\/\/tranthi.vn\/hatinh\/wp-json\/wp\/v2\/media?parent=7521"}],"wp:term":[{"taxonomy":"product_cat","embeddable":true,"href":"https:\/\/tranthi.vn\/hatinh\/wp-json\/wp\/v2\/product_cat?post=7521"},{"taxonomy":"product_tag","embeddable":true,"href":"https:\/\/tranthi.vn\/hatinh\/wp-json\/wp\/v2\/product_tag?post=7521"}],"curies":[{"name":"wp","href":"https:\/\/api.w.org\/{rel}","templated":true}]}}