{"id":6969,"date":"2024-03-23T13:54:04","date_gmt":"2024-03-23T06:54:04","guid":{"rendered":"https:\/\/tranthi.vn\/quangnam\/?post_type=product&#038;p=6969"},"modified":"2024-06-18T15:16:17","modified_gmt":"2024-06-18T08:16:17","slug":"son-nuoc-noi-that-sach-cong-nghe-xanh","status":"publish","type":"product","link":"https:\/\/tranthi.vn\/hatinh\/son-nuoc-noi-that-sach-cong-nghe-xanh\/","title":{"rendered":"S\u01a1n n\u01b0\u1edbc n\u1ed9i th\u1ea5t s\u1ea1ch c\u00f4ng ngh\u1ec7 xanh"},"content":{"rendered":"","protected":false},"excerpt":{"rendered":"<p><span style=\"font-family: 'times new roman', times, serif; font-size: 130%;\"><strong>MYKOLOR TOUCH CLEANKOT<\/strong><\/span><br \/>\n<span style=\"font-family: 'times new roman', times, serif; font-size: 130%;\"><strong>S\u01a1n n\u01b0\u1edbc n\u1ed9i th\u1ea5t s\u1ea1ch c\u00f4ng ngh\u1ec7 xanh<\/strong><\/span><\/p>\n<p><span style=\"font-family: 'times new roman', times, serif; font-size: 130%;\"><img decoding=\"async\" class=\"emoji\" role=\"img\" draggable=\"false\" src=\"https:\/\/s.w.org\/images\/core\/emoji\/14.0.0\/svg\/1f61b.svg\" alt=\"\ud83d\ude1b\" \/>\u00a0<strong>\u0110\u01a1n gi\u00e1<\/strong><em><strong>: <a href=\"http:\/\/tranthi.vn\/quangnam\/son-phu-noi-that-bong-mykolor-touch-semigloss-finish-for-int-da-nang\">S\u01a1n n\u01b0\u1edbc n\u1ed9i th\u1ea5t s\u1ea1ch c\u00f4ng ngh\u1ec7 xanh.\u00a0<\/a><\/strong><\/em><\/span><\/p>\n<p><span style=\"font-family: 'times new roman', times, serif; font-size: 130%;\"><img decoding=\"async\" class=\"emoji\" role=\"img\" draggable=\"false\" src=\"https:\/\/s.w.org\/images\/core\/emoji\/14.0.0\/svg\/1f61b.svg\" alt=\"\ud83d\ude1b\" \/>\u00a0<strong>\u0110\u01a1n v\u1ecb t\u00ednh<\/strong>: <\/span><\/p>\n<ul>\n<li><span style=\"font-family: 'times new roman', times, serif; font-size: 130%;\">Th\u00f9ng 17,5L \u2013 Gi\u00e1 <span style=\"color: #ff0000;\"><strong>2.430.000\u0111<\/strong><\/span><\/span><\/li>\n<li><span style=\"font-family: 'times new roman', times, serif; font-size: 130%;\">Lon 4,375L \u2013 Gi\u00e1 <span style=\"color: #ff0000;\"><strong>861.000\u0111<\/strong><\/span><\/span><\/li>\n<li><span style=\"font-family: 'times new roman', times, serif; font-size: 130%;\">Lon 0,875L \u2013 Gi\u00e1 <span style=\"color: #ff0000;\"><strong>342.000\u0111<\/strong><\/span><\/span><\/li>\n<\/ul>\n<p><span style=\"font-family: 'times new roman', times, serif; font-size: 130%;\">\u0110\u01a1n gi\u00e1 \u00e1p d\u1ee5ng khi mua t\u1eeb 3 s\u1ea3n ph\u1ea9m tr\u1edf l\u00ean.<\/span><\/p>\n<p><span style=\"font-family: 'times new roman', times, serif; font-size: 130%;\"><img decoding=\"async\" class=\"emoji\" role=\"img\" draggable=\"false\" src=\"https:\/\/s.w.org\/images\/core\/emoji\/14.0.0\/svg\/1f61b.svg\" alt=\"\ud83d\ude1b\" \/><em>\u00a0V\u1eadn chuy\u1ec3n n\u1ed9i th\u00e0nh \u0110\u00e0 N\u1eb5ng<\/em><\/span><\/p>\n<p><span style=\"font-family: 'times new roman', times, serif; font-size: 130%;\"><img decoding=\"async\" class=\"emoji\" role=\"img\" draggable=\"false\" src=\"https:\/\/s.w.org\/images\/core\/emoji\/14.0.0\/svg\/1f61b.svg\" alt=\"\ud83d\ude1b\" \/>\u00a0<em>Ph\u00ed v\u1eadn chuy\u1ec3n ph\u1ee5 thu\u1ed9c v\u00e0o t\u1eebng v\u1ecb tr\u00ed<\/em><\/span><\/p>\n","protected":false},"featured_media":6970,"comment_status":"closed","ping_status":"closed","template":"","meta":[],"product_cat":[139,140,145],"product_tag":[],"class_list":{"0":"post-6969","1":"product","2":"type-product","3":"status-publish","4":"has-post-thumbnail","6":"product_cat-son","7":"product_cat-bang-gia-son-mykolor-tai-da-nang","8":"product_cat-son-phu-noi-that-mykolor","10":"first","11":"instock","12":"sale","13":"shipping-taxable","14":"purchasable","15":"product-type-simple"},"yoast_head":"<!-- This site is optimized with the Yoast SEO Premium plugin v22.3 (Yoast SEO v22.8) - https:\/\/yoast.com\/wordpress\/plugins\/seo\/ -->\n<title>S\u01a1n n\u01b0\u1edbc n\u1ed9i th\u1ea5t s\u1ea1ch c\u00f4ng ngh\u1ec7 xanh - V\u1eadt Li\u1ec7u X\u00e2y D\u1ef1ng Tr\u1ea7n Th\u1ecb Chi Nh\u00e1nh H\u00e0 T\u0129nh<\/title>\n<meta name=\"robots\" content=\"index, follow, max-snippet:-1, max-image-preview:large, max-video-preview:-1\" \/>\n<link rel=\"canonical\" href=\"https:\/\/tranthi.vn\/hatinh\/son-nuoc-noi-that-sach-cong-nghe-xanh\/\" \/>\n<meta property=\"og:locale\" content=\"vi_VN\" \/>\n<meta property=\"og:type\" content=\"article\" \/>\n<meta property=\"og:title\" content=\"S\u01a1n n\u01b0\u1edbc n\u1ed9i th\u1ea5t s\u1ea1ch c\u00f4ng ngh\u1ec7 xanh\" \/>\n<meta property=\"og:description\" content=\"MYKOLOR TOUCH CLEANKOT S\u01a1n n\u01b0\u1edbc n\u1ed9i th\u1ea5t s\u1ea1ch c\u00f4ng ngh\u1ec7 xanh  \u00a0\u0110\u01a1n gi\u00e1: S\u01a1n n\u01b0\u1edbc n\u1ed9i th\u1ea5t s\u1ea1ch c\u00f4ng ngh\u1ec7 xanh.\u00a0  \u00a0\u0110\u01a1n v\u1ecb t\u00ednh:    Th\u00f9ng 17,5L \u2013 Gi\u00e1 2.430.000\u0111  Lon 4,375L \u2013 Gi\u00e1 861.000\u0111  Lon 0,875L \u2013 Gi\u00e1 342.000\u0111  \u0110\u01a1n gi\u00e1 \u00e1p d\u1ee5ng khi mua t\u1eeb 3 s\u1ea3n ph\u1ea9m tr\u1edf l\u00ean.  \u00a0V\u1eadn chuy\u1ec3n n\u1ed9i th\u00e0nh \u0110\u00e0 N\u1eb5ng  \u00a0Ph\u00ed v\u1eadn chuy\u1ec3n ph\u1ee5 thu\u1ed9c v\u00e0o t\u1eebng v\u1ecb tr\u00ed\" \/>\n<meta property=\"og:url\" content=\"https:\/\/tranthi.vn\/hatinh\/son-nuoc-noi-that-sach-cong-nghe-xanh\/\" \/>\n<meta property=\"og:site_name\" content=\"V\u1eadt Li\u1ec7u X\u00e2y D\u1ef1ng Tr\u1ea7n Th\u1ecb Chi Nh\u00e1nh H\u00e0 T\u0129nh\" \/>\n<meta property=\"article:modified_time\" content=\"2024-06-18T08:16:17+00:00\" \/>\n<meta property=\"og:image\" content=\"https:\/\/tranthi.vn\/hatinh\/wp-content\/uploads\/2024\/03\/son-nuoc-noi-that-sach-cong-nghe-xanh-gia-re-da-nang_optimized.jpg\" \/>\n\t<meta property=\"og:image:width\" content=\"320\" \/>\n\t<meta property=\"og:image:height\" content=\"360\" \/>\n\t<meta property=\"og:image:type\" content=\"image\/jpeg\" \/>\n<meta name=\"twitter:card\" content=\"summary_large_image\" \/>\n<meta name=\"twitter:label1\" content=\"Gi\u00e1\" \/>\n\t<meta name=\"twitter:data1\" content=\"2,430,000&nbsp;&#8363;\" \/>\n\t<meta name=\"twitter:label2\" content=\"Kh\u1ea3 d\u1ee5ng\" \/>\n\t<meta name=\"twitter:data2\" content=\"Trong kho\" \/>\n<script type=\"application\/ld+json\" class=\"yoast-schema-graph\">{\"@context\":\"https:\/\/schema.org\",\"@graph\":[{\"@type\":[\"WebPage\",\"ItemPage\"],\"@id\":\"https:\/\/tranthi.vn\/hatinh\/son-nuoc-noi-that-sach-cong-nghe-xanh\/\",\"url\":\"https:\/\/tranthi.vn\/hatinh\/son-nuoc-noi-that-sach-cong-nghe-xanh\/\",\"name\":\"S\u01a1n n\u01b0\u1edbc n\u1ed9i th\u1ea5t s\u1ea1ch c\u00f4ng ngh\u1ec7 xanh - V\u1eadt Li\u1ec7u X\u00e2y D\u1ef1ng Tr\u1ea7n Th\u1ecb Chi Nh\u00e1nh H\u00e0 T\u0129nh\",\"isPartOf\":{\"@id\":\"https:\/\/tranthi.vn\/hatinh\/#website\"},\"primaryImageOfPage\":{\"@id\":\"https:\/\/tranthi.vn\/hatinh\/son-nuoc-noi-that-sach-cong-nghe-xanh\/#primaryimage\"},\"image\":{\"@id\":\"https:\/\/tranthi.vn\/hatinh\/son-nuoc-noi-that-sach-cong-nghe-xanh\/#primaryimage\"},\"thumbnailUrl\":\"https:\/\/tranthi.vn\/hatinh\/wp-content\/uploads\/2024\/03\/son-nuoc-noi-that-sach-cong-nghe-xanh-gia-re-da-nang_optimized.jpg\",\"datePublished\":\"2024-03-23T06:54:04+00:00\",\"dateModified\":\"2024-06-18T08:16:17+00:00\",\"breadcrumb\":{\"@id\":\"https:\/\/tranthi.vn\/hatinh\/son-nuoc-noi-that-sach-cong-nghe-xanh\/#breadcrumb\"},\"inLanguage\":\"vi\",\"potentialAction\":[{\"@type\":\"ReadAction\",\"target\":[\"https:\/\/tranthi.vn\/hatinh\/son-nuoc-noi-that-sach-cong-nghe-xanh\/\"]}]},{\"@type\":\"ImageObject\",\"inLanguage\":\"vi\",\"@id\":\"https:\/\/tranthi.vn\/hatinh\/son-nuoc-noi-that-sach-cong-nghe-xanh\/#primaryimage\",\"url\":\"https:\/\/tranthi.vn\/hatinh\/wp-content\/uploads\/2024\/03\/son-nuoc-noi-that-sach-cong-nghe-xanh-gia-re-da-nang_optimized.jpg\",\"contentUrl\":\"https:\/\/tranthi.vn\/hatinh\/wp-content\/uploads\/2024\/03\/son-nuoc-noi-that-sach-cong-nghe-xanh-gia-re-da-nang_optimized.jpg\",\"width\":320,\"height\":360},{\"@type\":\"BreadcrumbList\",\"@id\":\"https:\/\/tranthi.vn\/hatinh\/son-nuoc-noi-that-sach-cong-nghe-xanh\/#breadcrumb\",\"itemListElement\":[{\"@type\":\"ListItem\",\"position\":1,\"name\":\"Trang ch\u1ee7\",\"item\":\"https:\/\/tranthi.vn\/hatinh\/\"},{\"@type\":\"ListItem\",\"position\":2,\"name\":\"Shop\",\"item\":\"https:\/\/tranthi.vn\/hatinh\/shop\/\"},{\"@type\":\"ListItem\",\"position\":3,\"name\":\"S\u01a1n n\u01b0\u1edbc n\u1ed9i th\u1ea5t s\u1ea1ch c\u00f4ng ngh\u1ec7 xanh\"}]},{\"@type\":\"WebSite\",\"@id\":\"https:\/\/tranthi.vn\/hatinh\/#website\",\"url\":\"https:\/\/tranthi.vn\/hatinh\/\",\"name\":\"V\u1eadt Li\u1ec7u X\u00e2y D\u1ef1ng Tr\u1ea7n Th\u1ecb Chi Nh\u00e1nh H\u00e0 T\u0129nh\",\"description\":\"V\u1eadt Li\u1ec7u X\u00e2y D\u1ef1ng - H\u00e0 T\u0129nh\",\"potentialAction\":[{\"@type\":\"SearchAction\",\"target\":{\"@type\":\"EntryPoint\",\"urlTemplate\":\"https:\/\/tranthi.vn\/hatinh\/?s={search_term_string}\"},\"query-input\":\"required name=search_term_string\"}],\"inLanguage\":\"vi\"},{\"@type\":\"ImageObject\",\"inLanguage\":\"vi\",\"@id\":\"https:\/\/tranthi.vn\/hatinh\/son-nuoc-noi-that-sach-cong-nghe-xanh\/#local-main-organization-logo\",\"url\":\"\",\"contentUrl\":\"\",\"caption\":\"V\u1eadt Li\u1ec7u X\u00e2y D\u1ef1ng Tr\u1ea7n Th\u1ecb Chi Nh\u00e1nh H\u00e0 T\u0129nh\"}]}<\/script>\n<meta property=\"product:price:amount\" content=\"2430000\" \/>\n<meta property=\"product:price:currency\" content=\"VND\" \/>\n<meta property=\"og:availability\" content=\"instock\" \/>\n<meta property=\"product:availability\" content=\"instock\" \/>\n<meta property=\"product:condition\" content=\"new\" \/>\n<!-- \/ Yoast SEO Premium plugin. -->","yoast_head_json":{"title":"S\u01a1n n\u01b0\u1edbc n\u1ed9i th\u1ea5t s\u1ea1ch c\u00f4ng ngh\u1ec7 xanh - V\u1eadt Li\u1ec7u X\u00e2y D\u1ef1ng Tr\u1ea7n Th\u1ecb Chi Nh\u00e1nh H\u00e0 T\u0129nh","robots":{"index":"index","follow":"follow","max-snippet":"max-snippet:-1","max-image-preview":"max-image-preview:large","max-video-preview":"max-video-preview:-1"},"canonical":"https:\/\/tranthi.vn\/hatinh\/son-nuoc-noi-that-sach-cong-nghe-xanh\/","og_locale":"vi_VN","og_type":"article","og_title":"S\u01a1n n\u01b0\u1edbc n\u1ed9i th\u1ea5t s\u1ea1ch c\u00f4ng ngh\u1ec7 xanh","og_description":"MYKOLOR TOUCH CLEANKOT S\u01a1n n\u01b0\u1edbc n\u1ed9i th\u1ea5t s\u1ea1ch c\u00f4ng ngh\u1ec7 xanh  \u00a0\u0110\u01a1n gi\u00e1: S\u01a1n n\u01b0\u1edbc n\u1ed9i th\u1ea5t s\u1ea1ch c\u00f4ng ngh\u1ec7 xanh.\u00a0  \u00a0\u0110\u01a1n v\u1ecb t\u00ednh:    Th\u00f9ng 17,5L \u2013 Gi\u00e1 2.430.000\u0111  Lon 4,375L \u2013 Gi\u00e1 861.000\u0111  Lon 0,875L \u2013 Gi\u00e1 342.000\u0111  \u0110\u01a1n gi\u00e1 \u00e1p d\u1ee5ng khi mua t\u1eeb 3 s\u1ea3n ph\u1ea9m tr\u1edf l\u00ean.  \u00a0V\u1eadn chuy\u1ec3n n\u1ed9i th\u00e0nh \u0110\u00e0 N\u1eb5ng  \u00a0Ph\u00ed v\u1eadn chuy\u1ec3n ph\u1ee5 thu\u1ed9c v\u00e0o t\u1eebng v\u1ecb tr\u00ed","og_url":"https:\/\/tranthi.vn\/hatinh\/son-nuoc-noi-that-sach-cong-nghe-xanh\/","og_site_name":"V\u1eadt Li\u1ec7u X\u00e2y D\u1ef1ng Tr\u1ea7n Th\u1ecb Chi Nh\u00e1nh H\u00e0 T\u0129nh","article_modified_time":"2024-06-18T08:16:17+00:00","og_image":[{"width":320,"height":360,"url":"https:\/\/tranthi.vn\/hatinh\/wp-content\/uploads\/2024\/03\/son-nuoc-noi-that-sach-cong-nghe-xanh-gia-re-da-nang_optimized.jpg","type":"image\/jpeg"}],"twitter_card":"summary_large_image","twitter_misc":{"Gi\u00e1":"2,430,000&nbsp;&#8363;","Kh\u1ea3 d\u1ee5ng":"Trong kho"},"schema":{"@context":"https:\/\/schema.org","@graph":[{"@type":["WebPage","ItemPage"],"@id":"https:\/\/tranthi.vn\/hatinh\/son-nuoc-noi-that-sach-cong-nghe-xanh\/","url":"https:\/\/tranthi.vn\/hatinh\/son-nuoc-noi-that-sach-cong-nghe-xanh\/","name":"S\u01a1n n\u01b0\u1edbc n\u1ed9i th\u1ea5t s\u1ea1ch c\u00f4ng ngh\u1ec7 xanh - V\u1eadt Li\u1ec7u X\u00e2y D\u1ef1ng Tr\u1ea7n Th\u1ecb Chi Nh\u00e1nh H\u00e0 T\u0129nh","isPartOf":{"@id":"https:\/\/tranthi.vn\/hatinh\/#website"},"primaryImageOfPage":{"@id":"https:\/\/tranthi.vn\/hatinh\/son-nuoc-noi-that-sach-cong-nghe-xanh\/#primaryimage"},"image":{"@id":"https:\/\/tranthi.vn\/hatinh\/son-nuoc-noi-that-sach-cong-nghe-xanh\/#primaryimage"},"thumbnailUrl":"https:\/\/tranthi.vn\/hatinh\/wp-content\/uploads\/2024\/03\/son-nuoc-noi-that-sach-cong-nghe-xanh-gia-re-da-nang_optimized.jpg","datePublished":"2024-03-23T06:54:04+00:00","dateModified":"2024-06-18T08:16:17+00:00","breadcrumb":{"@id":"https:\/\/tranthi.vn\/hatinh\/son-nuoc-noi-that-sach-cong-nghe-xanh\/#breadcrumb"},"inLanguage":"vi","potentialAction":[{"@type":"ReadAction","target":["https:\/\/tranthi.vn\/hatinh\/son-nuoc-noi-that-sach-cong-nghe-xanh\/"]}]},{"@type":"ImageObject","inLanguage":"vi","@id":"https:\/\/tranthi.vn\/hatinh\/son-nuoc-noi-that-sach-cong-nghe-xanh\/#primaryimage","url":"https:\/\/tranthi.vn\/hatinh\/wp-content\/uploads\/2024\/03\/son-nuoc-noi-that-sach-cong-nghe-xanh-gia-re-da-nang_optimized.jpg","contentUrl":"https:\/\/tranthi.vn\/hatinh\/wp-content\/uploads\/2024\/03\/son-nuoc-noi-that-sach-cong-nghe-xanh-gia-re-da-nang_optimized.jpg","width":320,"height":360},{"@type":"BreadcrumbList","@id":"https:\/\/tranthi.vn\/hatinh\/son-nuoc-noi-that-sach-cong-nghe-xanh\/#breadcrumb","itemListElement":[{"@type":"ListItem","position":1,"name":"Trang ch\u1ee7","item":"https:\/\/tranthi.vn\/hatinh\/"},{"@type":"ListItem","position":2,"name":"Shop","item":"https:\/\/tranthi.vn\/hatinh\/shop\/"},{"@type":"ListItem","position":3,"name":"S\u01a1n n\u01b0\u1edbc n\u1ed9i th\u1ea5t s\u1ea1ch c\u00f4ng ngh\u1ec7 xanh"}]},{"@type":"WebSite","@id":"https:\/\/tranthi.vn\/hatinh\/#website","url":"https:\/\/tranthi.vn\/hatinh\/","name":"V\u1eadt Li\u1ec7u X\u00e2y D\u1ef1ng Tr\u1ea7n Th\u1ecb Chi Nh\u00e1nh H\u00e0 T\u0129nh","description":"V\u1eadt Li\u1ec7u X\u00e2y D\u1ef1ng - H\u00e0 T\u0129nh","potentialAction":[{"@type":"SearchAction","target":{"@type":"EntryPoint","urlTemplate":"https:\/\/tranthi.vn\/hatinh\/?s={search_term_string}"},"query-input":"required name=search_term_string"}],"inLanguage":"vi"},{"@type":"ImageObject","inLanguage":"vi","@id":"https:\/\/tranthi.vn\/hatinh\/son-nuoc-noi-that-sach-cong-nghe-xanh\/#local-main-organization-logo","url":"","contentUrl":"","caption":"V\u1eadt Li\u1ec7u X\u00e2y D\u1ef1ng Tr\u1ea7n Th\u1ecb Chi Nh\u00e1nh H\u00e0 T\u0129nh"}]},"product_price_amount":"2430000","product_price_currency":"VND","og_availability":"instock","product_availability":"instock","product_condition":"new"},"_links":{"self":[{"href":"https:\/\/tranthi.vn\/hatinh\/wp-json\/wp\/v2\/product\/6969","targetHints":{"allow":["GET"]}}],"collection":[{"href":"https:\/\/tranthi.vn\/hatinh\/wp-json\/wp\/v2\/product"}],"about":[{"href":"https:\/\/tranthi.vn\/hatinh\/wp-json\/wp\/v2\/types\/product"}],"replies":[{"embeddable":true,"href":"https:\/\/tranthi.vn\/hatinh\/wp-json\/wp\/v2\/comments?post=6969"}],"wp:featuredmedia":[{"embeddable":true,"href":"https:\/\/tranthi.vn\/hatinh\/wp-json\/wp\/v2\/media\/6970"}],"wp:attachment":[{"href":"https:\/\/tranthi.vn\/hatinh\/wp-json\/wp\/v2\/media?parent=6969"}],"wp:term":[{"taxonomy":"product_cat","embeddable":true,"href":"https:\/\/tranthi.vn\/hatinh\/wp-json\/wp\/v2\/product_cat?post=6969"},{"taxonomy":"product_tag","embeddable":true,"href":"https:\/\/tranthi.vn\/hatinh\/wp-json\/wp\/v2\/product_tag?post=6969"}],"curies":[{"name":"wp","href":"https:\/\/api.w.org\/{rel}","templated":true}]}}