{"id":6616,"date":"2024-01-27T09:50:42","date_gmt":"2024-01-27T02:50:42","guid":{"rendered":"https:\/\/tranthi.vn\/quangnam\/?post_type=product&#038;p=6616"},"modified":"2024-01-31T14:24:43","modified_gmt":"2024-01-31T07:24:43","slug":"tu-bep-go-acrylic-da-nang","status":"publish","type":"product","link":"https:\/\/tranthi.vn\/hatinh\/tu-bep-go-acrylic-da-nang\/","title":{"rendered":"T\u1ee7 b\u1ebfp g\u1ed7 acrylic \u0110\u00e0 N\u1eb5ng"},"content":{"rendered":"<p><strong>\u00a0<\/strong><\/p>\n<h1 style=\"text-align: center;\"><span style=\"font-family: 'times new roman', times, serif; font-size: 130%;\"><strong><u>T\u1ee6 B\u1ebeP G\u1ed6 C\u00d4NG NGHI\u1ec6P MDF <a href=\"https:\/\/vi.wikipedia.org\/wiki\/%C4%90%C3%A0_N%E1%BA%B5ng\">\u0110\u00c0 N\u1eb4NG <\/a><\/u><\/strong><\/span><\/h1>\n<h2><span style=\"font-family: 'times new roman', times, serif; font-size: 130%; background-color: #ffffff; color: #ff0000;\">\u00a0\u00a0\u00a0\u00a0 <strong>\u00a01\u00a0\u00a0\u00a0 T\u1ee6 B\u1ebeP G\u1ed6 C\u00d4NG NGHI\u1ec6P L\u00c0 G\u00cc ?<\/strong><\/span><\/h2>\n<ul>\n<li><span style=\"font-family: 'times new roman', times, serif; font-size: 130%;\"><strong><em>T\u1ee7 b\u1ebfp g\u1ed7 c\u00f4ng nghi\u1ec7p<\/em><\/strong> l\u00e0 nh\u1eefng lo\u1ea1i t\u1ee7 b\u1ebfp l\u00e0m t\u1eeb g\u1ed7 c\u00f4ng nghi\u1ec7p MDF, MFC, HDF, Finger,&#8230; \u0111\u01b0\u1ee3c ph\u1ee7 b\u1ec1 m\u1eb7t v\u1edbi acrylic, laminate, melanine, s\u01a1n ph\u1ee7, s\u01a1n b\u1ec7t, veneer \u0111\u1ec3 \u0111\u1ea3m b\u1ea3o \u0111\u1ed9 b\u1ec1n c\u0169ng nh\u01b0 t\u00ednh th\u1ea9m m\u1ef9 cho s\u1ea3n ph\u1ea9m2<\/span><\/li>\n<li>\n<h1 class=\"style-scope ytd-watch-metadata\"><span style=\"font-family: 'times new roman', times, serif; font-size: 80%;\">N\u00ean ch\u1ecdn t\u1ee7 b\u1ebfp b\u1eb1ng nh\u1ef1a hay t\u1ee7 b\u1ebfp b\u1eb1ng g\u1ed7? Xem xong h\u00e3y ch\u1ecdn nha<\/span><\/h1>\n<\/li>\n<li><iframe loading=\"lazy\" src=\"\/\/www.youtube.com\/embed\/-sh2xUz_RSY\" width=\"560\" height=\"314\" allowfullscreen=\"allowfullscreen\"><\/iframe><\/li>\n<li>\n<h2><span style=\"font-family: 'times new roman', times, serif; font-size: 130%;\"><strong><span style=\"color: #ff0000;\">2. NGUY\u00caN LI\u1ec6U T\u1ea0O N\u00caN T\u1ee6 B\u1ebeP G\u1ed6 C\u00d4NG NGHI\u1ec6P<\/span><br \/>\n<\/strong><\/span><\/h2>\n<\/li>\n<li><span style=\"font-family: 'times new roman', times, serif; font-size: 130%;\">G\u1ed7 c\u00f4ng nghi\u1ec7p \u0111\u01b0\u1ee3c t\u1ea1o n\u00ean t\u1eeb 2 th\u00e0nh ph\u1ea7n ri\u00eang bi\u1ec7t: b\u00ean trong l\u00e0 c\u1ed1t g\u1ed7 MDF v\u00e0 \u0111\u01b0\u1ee3c ph\u1ee7 b\u1ec1 m\u1eb7t b\u1eb1ng c\u00e1c ch\u1ea5t li\u1ec7u Melamine, Acrylic, Laminate\u2026 B\u1ea1n c\u1ea7n ph\u00e2n bi\u1ec7t \u0111\u01b0\u1ee3c 2 \u0111i\u1ec1u n\u00e0y.\u00a0<\/span><\/li>\n<li><img loading=\"lazy\" decoding=\"async\" class=\"size-full wp-image-6563\" src=\"https:\/\/tranthi.vn\/quangnam\/wp-content\/uploads\/2024\/01\/tu-bep-go-cong-nghiep-mdf-canh-acrylic-da-nang.jpg\" alt=\"tu-bep-go-cong-nghiep-mdf-canh-acrylic-da-nang\" width=\"300\" height=\"300\" srcset=\"https:\/\/tranthi.vn\/hatinh\/wp-content\/uploads\/2024\/01\/tu-bep-go-cong-nghiep-mdf-canh-acrylic-da-nang.jpg 300w, https:\/\/tranthi.vn\/hatinh\/wp-content\/uploads\/2024\/01\/tu-bep-go-cong-nghiep-mdf-canh-acrylic-da-nang-100x100.jpg 100w\" sizes=\"auto, (max-width: 300px) 100vw, 300px\" \/><\/li>\n<li><span style=\"font-family: 'times new roman', times, serif; font-size: 130%;\">C\u1ed1t g\u1ed7 c\u1ee7a g\u1ed7 c\u00f4ng nghi\u1ec7p l\u00e0<em> MDF<\/em>: lo\u1ea1i g\u1ed7 sinh ra t\u1eeb c\u00e1c c\u00e2y ng\u1eafn ng\u00e0y: gi\u00e1ng h\u01b0\u01a1ng, keo l\u00e1 tr\u00e0m, b\u1ea1ch \u0111\u00e0n lai\u2026\u00a0 Tr\u1ea3i qua qu\u00e1 tr\u00ecnh x\u1eed l\u00fd c\u00f4ng nghi\u1ec7p tr\u1edf th\u00e0nh nh\u1eefng t\u1ea5m v\u00e1n g\u1ed7 r\u1eafn ch\u1eafc r\u1ed3i \u0111em \u0111i ch\u1ebf t\u00e1c th\u00e0nh c\u00e1c s\u1ea3n ph\u1ea9m n\u1ed9i th\u1ea5t kh\u00e1c nhau.\u00a0<\/span><\/li>\n<li><iframe loading=\"lazy\" src=\"\/\/www.youtube.com\/embed\/weEVc6iQq2k\" width=\"560\" height=\"314\" allowfullscreen=\"allowfullscreen\"><\/iframe><\/li>\n<li><span style=\"font-family: 'times new roman', times, serif; font-size: 130%;\">Ng\u01b0\u1eddi ta th\u01b0\u1eddng g\u1ecdi l\u00e0: t\u1ee7 b\u1ebfp <a href=\"https:\/\/noithatmanhhe.vn\/go-cong-nghiep-la-gi\">g\u1ed7 c\u00f4ng nghi\u1ec7p<\/a> Acrylic, t\u1ee7 b\u1ebfp g\u1ed7 c\u00f4ng nghi\u1ec7p MDF l\u00f5i xanh ch\u1ed1ng \u1ea9m\u2026 Nh\u01b0ng th\u1ef1c ch\u1ea5t \u0111\u00f3 ch\u1ec9 l\u00e0 c\u00e1ch n\u00f3i v\u1eafn t\u1eaft. G\u1ecdi theo t\u00ean v\u1eadt li\u1ec7u d\u00f9ng \u0111\u1ec3 ph\u1ee7 tr\u00ean b\u1ec1 m\u1eb7t g\u1ed7.<br \/>\n<\/span><span style=\"font-family: 'times new roman', times, serif; font-size: 130%;\"><strong><br \/>\n<span style=\"color: #ff0000;\">3. C\u00c1C M\u00c0U TH\u1ecaNH H\u00c0NH :<\/span><\/strong><\/span><\/li>\n<li><span style=\"font-family: 'times new roman', times, serif; font-size: 130%;\"><span style=\"font-family: 'times new roman', times, serif; font-size: 130%;\">M\u00e0u tr\u1eafng s\u00e1ng, gam m\u00e0u da v\u1ea3i ,tr\u1eafng \u0111en , t\u1ee7 b\u1ebfp ch\u1eef U,L,I v\u00e0 ngang \u0111ang l\u00e0 d\u1ea1ng \u0111ang \u0111\u01b0\u1ee3c \u01b0a chu\u1ed9ng<\/span><\/span><br \/>\n<h2><span style=\"font-family: 'times new roman', times, serif; font-size: 130%; color: #ff0000;\"><strong>4. C\u00c1CH S\u1eec D\u1ee4NG H\u1ee2P L\u00cd :<\/strong><\/span><\/h2>\n<\/li>\n<li><span style=\"font-family: 'times new roman', times, serif; font-size: 130%;\"><span style=\"font-family: 'times new roman', times, serif; font-size: 130%;\">N\u00f3i \u0111\u1ebfn c\u00e1c chi ti\u1ebft g\u1ed7 c\u00f4ng nghi\u1ec7p, c\u1ea7n ph\u00e2n bi\u1ec7t r\u00f5 r\u00e0ng gi\u1eefa c\u1ed1t g\u1ed7 l\u00e0m l\u00f5i b\u00ean trong v\u00e0 c\u1ed1t ph\u1ee7 b\u1ec1 m\u1eb7t \u0111\u1ec3 t\u1ea1o n\u00ean t\u00ednh th\u1ea9m m\u1ef9 b\u00ean ngo\u00e0i. C\u00f3 b\u1ea3y lo\u1ea1i g\u1ed7 c\u00f4ng nghi\u1ec7p ch\u00ednh:<\/span><\/span><\/li>\n<li><span style=\"font-family: 'times new roman', times, serif; font-size: 130%;\"><span style=\"font-family: 'times new roman', times, serif; font-size: 130%;\">V\u00e1n \u00e9p th\u00f4ng th\u01b0\u1eddng (MFC th\u00f4ng th\u01b0\u1eddng, g\u1ed7 t\u1ef1 nhi\u00ean ng\u1eafn ng\u00e0y, gi\u00e1 r\u1ebb).<\/span><\/span><\/li>\n<li><span style=\"font-family: 'times new roman', times, serif; font-size: 130%;\"><span style=\"font-family: 'times new roman', times, serif; font-size: 130%;\">V\u00e1n d\u0103m ch\u1ed1ng \u1ea9m (MFC ch\u1ed1ng \u1ea9m nh\u01b0 MFC th\u01b0\u1eddng nh\u01b0ng trong th\u00e0nh ph\u1ea7n c\u1ee7a n\u00f3 c\u00f3 ch\u1ee9a ch\u1ea5t ch\u1ed1ng \u1ea9m).<\/span><\/span>\n<figure id=\"attachment_6627\" aria-describedby=\"caption-attachment-6627\" style=\"width: 335px\" class=\"wp-caption aligncenter\"><img loading=\"lazy\" decoding=\"async\" class=\" wp-image-6627\" src=\"https:\/\/tranthi.vn\/quangnam\/wp-content\/uploads\/2024\/01\/chat-lieu-nhua-dac-tu-bep-da-nang.jpg\" alt=\"chat-lieu-nhua-dac-tu-bep-da-nang\" width=\"335\" height=\"335\" srcset=\"https:\/\/tranthi.vn\/hatinh\/wp-content\/uploads\/2024\/01\/chat-lieu-nhua-dac-tu-bep-da-nang.jpg 450w, https:\/\/tranthi.vn\/hatinh\/wp-content\/uploads\/2024\/01\/chat-lieu-nhua-dac-tu-bep-da-nang-400x400.jpg 400w, https:\/\/tranthi.vn\/hatinh\/wp-content\/uploads\/2024\/01\/chat-lieu-nhua-dac-tu-bep-da-nang-100x100.jpg 100w\" sizes=\"auto, (max-width: 335px) 100vw, 335px\" \/><figcaption id=\"caption-attachment-6627\" class=\"wp-caption-text\">ch\u1ea5t li\u1ec7u nh\u1ef1a \u0111\u1eb7c<\/figcaption><\/figure><\/li>\n<li><span style=\"font-family: 'times new roman', times, serif; font-size: 130%;\"><span style=\"font-family: 'times new roman', times, serif; font-size: 130%;\">MDF l\u00e0 lo\u1ea1i g\u1ed7 t\u1ef1 nhi\u00ean c\u00f3 tu\u1ed5i th\u1ecd ng\u1eafn \u0111\u01b0\u1ee3c nghi\u1ec1n m\u1ecbn v\u00e0 n\u00e9n ch\u1eb7t d\u01b0\u1edbi \u00e1p l\u1ef1c cao, \u0111\u1eb7c t\u00ednh n\u1ed5i b\u1eadt c\u1ee7a MDF l\u00e0 \u0111\u1ed9 b\u1ec1n cao, b\u1ec1 m\u1eb7t nh\u1eb5n m\u1ecbn, \u00edt cong v\u00eanh v\u00e0 ch\u1ed1ng m\u1ed1i m\u1ecdt t\u1ed1t n\u00ean c\u00f3 \u0111\u1ed9 b\u1ec1n r\u1ea5t cao so v\u1edbi c\u00e1c lo\u1ea1i g\u1ed7 <strong>c\u00f4ng nghi\u1ec7p<\/strong> kh\u00e1c.<\/span><\/span><\/li>\n<li><span style=\"font-family: 'times new roman', times, serif; font-size: 130%;\"><span style=\"font-family: 'times new roman', times, serif; font-size: 130%;\">MDF l\u00f5i xanh ch\u1ed1ng \u1ea9m: Kh\u00f4ng gi\u1ed1ng nh\u01b0 MDF th\u00f4ng th\u01b0\u1eddng, MDF l\u00f5i xanh c\u00f3 kh\u1ea3 n\u0103ng ch\u1ed1ng \u1ea9m, n\u1ea5m m\u1ed1c v\u00e0 m\u1ed1i m\u1ecdt cao h\u01a1n. N\u01b0\u1edbc ta c\u00f3 t\u00ednh ch\u1ea5t n\u00f3ng \u1ea9m, \u0111\u1ed9 \u1ea9m cao, n\u00f3ng \u1ea9m nhi\u1ec7t \u0111\u1edbi gi\u00f3 m\u00f9a n\u00ean \u0111\u1eb7c bi\u1ec7t ph\u00f9 h\u1ee3p v\u1edbi kh\u00ed h\u1eadu Vi\u1ec7t Nam. \u0110\u1ea7u ti\u00ean, n\u00f3 r\u1ebb, \u0111\u1eb7c bi\u1ec7t l\u00e0 so v\u1edbi g\u1ed7 t\u1ef1 nhi\u00ean.<\/span><\/span><iframe loading=\"lazy\" src=\"\/\/www.youtube.com\/embed\/xwBzuOtD2Qg\" width=\"560\" height=\"314\" allowfullscreen=\"allowfullscreen\"><\/iframe><\/li>\n<li><span style=\"font-family: 'times new roman', times, serif; font-size: 130%;\"><span style=\"font-family: 'times new roman', times, serif; font-size: 130%;\">T\u01b0\u01a1ng t\u1ef1 nh\u01b0 MDF, HDF r\u1ea5t c\u1ee9ng v\u00e0 n\u1eb7ng n\u00ean c\u00f4ng d\u1ee5ng ch\u00ednh l\u00e0 s\u1ea3n xu\u1ea5t s\u00e0n g\u1ed7 gi\u00e1 th\u00e0nh cao.<\/span><\/span>\n<figure id=\"attachment_6626\" aria-describedby=\"caption-attachment-6626\" style=\"width: 266px\" class=\"wp-caption aligncenter\"><img loading=\"lazy\" decoding=\"async\" class=\" wp-image-6626\" src=\"https:\/\/tranthi.vn\/quangnam\/wp-content\/uploads\/2024\/01\/mau-tu-bep-go-cong-nghiep-phu-acrylic-da-nang.jpg\" alt=\"mau-tu-bep-go-cong-nghiep-phu-acrylic-da-nang.jpg\" width=\"266\" height=\"249\" \/><figcaption id=\"caption-attachment-6626\" class=\"wp-caption-text\">M\u1eabu t\u1ee7 b\u1ebfp g\u1ed7 c\u00f4ng nghi\u1ec7p<\/figcaption><\/figure><\/li>\n<li><span style=\"font-family: 'times new roman', times, serif; font-size: 130%;\"><span style=\"font-family: 'times new roman', times, serif; font-size: 130%;\">X\u00e9t v\u1ec1 y\u1ebfu t\u1ed1 k\u1ebft c\u1ea5u, kh\u1ea3 n\u0103ng \u1ee9ng d\u1ee5ng l\u00e0m <a href=\"https:\/\/tranthi.vn\/quangnam\/tu-bep-go-acrylic-da-nang\/\">t\u1ee7 b\u1ebfp<\/a> th\u00ec MDF ch\u1ed1ng \u1ea9m Greencore l\u00e0 l\u1ef1a ch\u1ecdn h\u00e0ng \u0111\u1ea7u cho s\u1ea3n xu\u1ea5t t\u1ee7 b\u1ebfp v\u1ec1 \u0111\u1ed9 b\u00e1m v\u00edt, ch\u1ecbu l\u1ef1c, kh\u1ea3 n\u0103ng ch\u1ecbu \u1ea9m v\u00e0 ch\u1ecbu \u1ea9m.<\/span><\/span><\/li>\n<li><span style=\"font-family: 'times new roman', times, serif; font-size: 130%;\"><span style=\"font-family: 'times new roman', times, serif; font-size: 130%;\">C\u00f3 ba lo\u1ea1i l\u1edbp ph\u1ee7 b\u1ec1 m\u1eb7t: melamine, laminate v\u00e0 acrylic.<\/span><\/span>\n<figure id=\"attachment_6625\" aria-describedby=\"caption-attachment-6625\" style=\"width: 266px\" class=\"wp-caption aligncenter\"><img loading=\"lazy\" decoding=\"async\" class=\" wp-image-6625\" src=\"https:\/\/tranthi.vn\/quangnam\/wp-content\/uploads\/2024\/01\/mau-tu-bep-nhua-dac-da-nang.jpg\" alt=\"mau-tu-bep-nhua-dac-da-nang.jpg\" width=\"266\" height=\"266\" srcset=\"https:\/\/tranthi.vn\/hatinh\/wp-content\/uploads\/2024\/01\/mau-tu-bep-nhua-dac-da-nang.jpg 450w, https:\/\/tranthi.vn\/hatinh\/wp-content\/uploads\/2024\/01\/mau-tu-bep-nhua-dac-da-nang-400x400.jpg 400w, https:\/\/tranthi.vn\/hatinh\/wp-content\/uploads\/2024\/01\/mau-tu-bep-nhua-dac-da-nang-100x100.jpg 100w\" sizes=\"auto, (max-width: 266px) 100vw, 266px\" \/><figcaption id=\"caption-attachment-6625\" class=\"wp-caption-text\">M\u00e0u t\u1ee7 b\u1ebfp nh\u1ef1a \u0111\u1eb7c<\/figcaption><\/figure><\/li>\n<li><span style=\"font-family: 'times new roman', times, serif; font-size: 130%;\"><span style=\"font-family: 'times new roman', times, serif; font-size: 130%;\">B\u1ec1 m\u1eb7t melamine: \u0111a d\u1ea1ng v\u1ec1 m\u00e0u s\u1eafc, \u0111\u1ed9 b\u1ec1n va \u0111\u1eadp cao, ch\u1ed1ng tr\u1ea7y x\u01b0\u1edbc, d\u1ec5 lau ch\u00f9i, gi\u00e1 c\u1ea3 ph\u1ea3i ch\u0103ng.<\/span><\/span><\/li>\n<li><span style=\"font-family: 'times new roman', times, serif; font-size: 130%;\"><span style=\"font-family: 'times new roman', times, serif; font-size: 130%;\">B\u1ec1 m\u1eb7t laminate: m\u00e0u s\u1eafc \u0111a d\u1ea1ng t\u01b0\u01a1ng t\u1ef1 melamine, l\u1edbp s\u01a1n ph\u1ee7 d\u00e0y, ch\u1ed1ng va \u0111\u1eadp, tr\u1ea7y x\u01b0\u1edbc\u2026, gi\u00e1 th\u00e0nh cao.<\/span><\/span><\/li>\n<li><span style=\"font-family: 'times new roman', times, serif; font-size: 130%;\"><span style=\"font-family: 'times new roman', times, serif; font-size: 130%;\">B\u1ec1 m\u1eb7t acrylic: B\u1ea3ng m\u00e0u phong ph\u00fa, nhi\u1ec1u m\u00e0u \u0111\u1ed3ng nh\u1ea5t, b\u1ec1 m\u1eb7t s\u00e1ng v\u00e0 l\u1edbp tr\u00e1ng g\u01b0\u01a1ng d\u1ec5 lau ch\u00f9i nh\u01b0ng d\u1ec5 b\u1ecb tr\u1ea7y x\u01b0\u1edbc n\u00ean vi\u1ec7c lau ch\u00f9i r\u1ea5t kh\u00f3 v\u00e0 t\u1ed1n k\u00e9m. T\u00f9y v\u00e0o s\u1ed1 ti\u1ec1n \u0111\u1ea7u t\u01b0 m\u00e0 b\u1ea1n c\u00f3 th\u1ec3 l\u1ef1a ch\u1ecdn b\u1ec1 m\u1eb7t s\u01a1n t\u1ea1i nh\u00e0 ph\u00f9<\/span><\/span><\/li>\n<li><span style=\"font-family: 'times new roman', times, serif; font-size: 130%;\"><span style=\"font-family: 'times new roman', times, serif; font-size: 130%;\">G\u1ed7 Plywood: Nhi\u1ec1u l\u1edbp g\u1ed7 m\u1ecfng c\u00f9ng k\u00edch th\u01b0\u1edbc, d\u00e0y ~1mm, \u0111\u01b0\u1ee3c \u00e9p theo ph\u01b0\u01a1ng th\u1eb3ng \u0111\u1ee9ng v\u1edbi nhau b\u1eb1ng keo chuy\u00ean d\u1ee5ng. \u0110\u01b0\u1ee3c s\u1eed d\u1ee5ng cho c\u00e1c \u1ee9ng d\u1ee5ng <em><strong>g\u1ed7<\/strong> <\/em>trang tr\u00ed.<\/span><\/span><\/li>\n<li><span style=\"font-family: 'times new roman', times, serif; font-size: 130%;\">Ch\u1ecdn s\u1ea3n ph\u1ea9m g\u1ed7 ph\u00f9 h\u1ee3p , tr\u00e1nh va ch\u1ea1m m\u1ea1nh, tr\u00e1nh m\u1ed1i m\u1ecdt, tr\u00e1nh \u0111\u1ecdng n\u01b0\u1edbc v\u00ec t\u1ee7 b\u1ebfp l\u00e0 n\u01a1i r\u1ea5t d\u1ec5 \u0111\u1ecdng n\u01b0\u1edbc , v\u1ec7 sinh, ch\u00f9i r\u1eeda nh\u1eb9 nh\u00e0ng k c\u00f2 x\u00e1t v\u00e0o b\u1ec1 m\u1eb7t t\u1ee7,th\u01b0\u1eddng xuy\u00ean lau ch\u00f9i v\u00e0 ki\u1ec3m tra c\u00e1c b\u1ea3n l\u1ec1 r\u1ea3nh r\u1ec9 r\u00e9t, \u1ed1 v\u00e0ng. C\u00f3 th\u1ec3 s\u1eed d\u1ee5ng c\u00e1c lo\u1ea1i c\u00f3 t\u00ednh ch\u1ea5t nh\u1eb9 \u0111\u1ec3 lau ch\u00f9i nh\u01b0 chanh mu\u1ed1i, d\u1ea5m, kem \u0111\u00e1nh r\u0103ng\u2026<\/span><\/li>\n<\/ul>\n","protected":false},"excerpt":{"rendered":"<p>\u00a0 T\u1ee6 B\u1ebeP G\u1ed6 C\u00d4NG NGHI\u1ec6P MDF \u0110\u00c0 N\u1eb4NG \u00a0\u00a0\u00a0\u00a0 \u00a01\u00a0\u00a0\u00a0 T\u1ee6 B\u1ebeP G\u1ed6 C\u00d4NG NGHI\u1ec6P L\u00c0 G\u00cc ? T\u1ee7 b\u1ebfp g\u1ed7 c\u00f4ng nghi\u1ec7p l\u00e0 nh\u1eefng lo\u1ea1i t\u1ee7 b\u1ebfp l\u00e0m t\u1eeb g\u1ed7 c\u00f4ng nghi\u1ec7p MDF, MFC, HDF, Finger,&#8230; \u0111\u01b0\u1ee3c ph\u1ee7 b\u1ec1 m\u1eb7t v\u1edbi acrylic, laminate, melanine, s\u01a1n ph\u1ee7, s\u01a1n b\u1ec7t, veneer \u0111\u1ec3 \u0111\u1ea3m b\u1ea3o \u0111\u1ed9 [&#8230;]\n","protected":false},"featured_media":0,"comment_status":"closed","ping_status":"closed","template":"","meta":[],"product_cat":[389],"product_tag":[],"class_list":{"0":"post-6616","1":"product","2":"type-product","3":"status-publish","5":"product_cat-https-tranthi-vn-danh-muc-san-pham-cua-tu-bep-tu-quan-ao","7":"first","8":"instock","9":"shipping-taxable","10":"product-type-simple"},"yoast_head":"<!-- This site is optimized with the Yoast SEO Premium plugin v22.3 (Yoast SEO v22.8) - https:\/\/yoast.com\/wordpress\/plugins\/seo\/ -->\n<title>T\u1ee7 b\u1ebfp g\u1ed7 c\u00f4ng nghi\u1ec7p mdf c\u00e1nh ph\u1ee7 acrylic \u0110\u00e0 N\u1eb5ng - 0903.595.049<\/title>\n<meta name=\"description\" content=\"Tr\u1ea7n Th\u1ecb l\u00e0 nh\u00e0 s\u1ea3n xu\u1ea5t l\u1eafp \u0111\u1eb7t c\u00e1c b\u1ed9 ph\u1eadn \u0111\u1ebfn t\u1ee7 b\u1ebfp g\u1ed7 c\u00f4ng nghi\u1ec7p v\u1edbi nhi\u1ec1u lo\u1ea1i c\u00e1nh nh\u1ef1a ph\u1ee7 acrylic t\u1ea1i \u0110\u00e0 N\u1eb5ng\" \/>\n<meta name=\"robots\" content=\"index, follow, max-snippet:-1, max-image-preview:large, max-video-preview:-1\" \/>\n<link rel=\"canonical\" href=\"https:\/\/tranthi.vn\/hatinh\/tu-bep-go-acrylic-da-nang\/\" \/>\n<meta property=\"og:locale\" content=\"vi_VN\" \/>\n<meta property=\"og:type\" content=\"article\" \/>\n<meta property=\"og:title\" content=\"T\u1ee7 b\u1ebfp g\u1ed7 acrylic \u0110\u00e0 N\u1eb5ng\" \/>\n<meta property=\"og:description\" content=\"Tr\u1ea7n Th\u1ecb l\u00e0 nh\u00e0 s\u1ea3n xu\u1ea5t l\u1eafp \u0111\u1eb7t c\u00e1c b\u1ed9 ph\u1eadn \u0111\u1ebfn t\u1ee7 b\u1ebfp g\u1ed7 c\u00f4ng nghi\u1ec7p v\u1edbi nhi\u1ec1u lo\u1ea1i c\u00e1nh nh\u1ef1a ph\u1ee7 acrylic t\u1ea1i \u0110\u00e0 N\u1eb5ng\" \/>\n<meta property=\"og:url\" content=\"https:\/\/tranthi.vn\/hatinh\/tu-bep-go-acrylic-da-nang\/\" \/>\n<meta property=\"og:site_name\" content=\"V\u1eadt Li\u1ec7u X\u00e2y D\u1ef1ng Tr\u1ea7n Th\u1ecb Chi Nh\u00e1nh H\u00e0 T\u0129nh\" \/>\n<meta property=\"article:modified_time\" content=\"2024-01-31T07:24:43+00:00\" \/>\n<meta property=\"og:image\" content=\"https:\/\/tranthi.vn\/quangnam\/wp-content\/uploads\/2024\/01\/tu-bep-go-cong-nghiep-mdf-canh-acrylic-da-nang.jpg\" \/>\n<meta name=\"twitter:card\" content=\"summary_large_image\" \/>\n<meta name=\"twitter:label1\" content=\"Gi\u00e1\" \/>\n\t<meta name=\"twitter:data1\" content=\"\" \/>\n\t<meta name=\"twitter:label2\" content=\"Kh\u1ea3 d\u1ee5ng\" \/>\n\t<meta name=\"twitter:data2\" content=\"Trong kho\" \/>\n<script type=\"application\/ld+json\" class=\"yoast-schema-graph\">{\"@context\":\"https:\/\/schema.org\",\"@graph\":[{\"@type\":[\"WebPage\",\"ItemPage\"],\"@id\":\"https:\/\/tranthi.vn\/hatinh\/tu-bep-go-acrylic-da-nang\/\",\"url\":\"https:\/\/tranthi.vn\/hatinh\/tu-bep-go-acrylic-da-nang\/\",\"name\":\"T\u1ee7 b\u1ebfp g\u1ed7 c\u00f4ng nghi\u1ec7p mdf c\u00e1nh ph\u1ee7 acrylic \u0110\u00e0 N\u1eb5ng - 0903.595.049\",\"isPartOf\":{\"@id\":\"https:\/\/tranthi.vn\/hatinh\/#website\"},\"primaryImageOfPage\":{\"@id\":\"https:\/\/tranthi.vn\/hatinh\/tu-bep-go-acrylic-da-nang\/#primaryimage\"},\"image\":{\"@id\":\"https:\/\/tranthi.vn\/hatinh\/tu-bep-go-acrylic-da-nang\/#primaryimage\"},\"thumbnailUrl\":\"https:\/\/tranthi.vn\/quangnam\/wp-content\/uploads\/2024\/01\/tu-bep-go-cong-nghiep-mdf-canh-acrylic-da-nang.jpg\",\"datePublished\":\"2024-01-27T02:50:42+00:00\",\"dateModified\":\"2024-01-31T07:24:43+00:00\",\"description\":\"Tr\u1ea7n Th\u1ecb l\u00e0 nh\u00e0 s\u1ea3n xu\u1ea5t l\u1eafp \u0111\u1eb7t c\u00e1c b\u1ed9 ph\u1eadn \u0111\u1ebfn t\u1ee7 b\u1ebfp g\u1ed7 c\u00f4ng nghi\u1ec7p v\u1edbi nhi\u1ec1u lo\u1ea1i c\u00e1nh nh\u1ef1a ph\u1ee7 acrylic t\u1ea1i \u0110\u00e0 N\u1eb5ng\",\"breadcrumb\":{\"@id\":\"https:\/\/tranthi.vn\/hatinh\/tu-bep-go-acrylic-da-nang\/#breadcrumb\"},\"inLanguage\":\"vi\",\"potentialAction\":[{\"@type\":\"ReadAction\",\"target\":[\"https:\/\/tranthi.vn\/hatinh\/tu-bep-go-acrylic-da-nang\/\"]}]},{\"@type\":\"ImageObject\",\"inLanguage\":\"vi\",\"@id\":\"https:\/\/tranthi.vn\/hatinh\/tu-bep-go-acrylic-da-nang\/#primaryimage\",\"url\":\"https:\/\/tranthi.vn\/quangnam\/wp-content\/uploads\/2024\/01\/tu-bep-go-cong-nghiep-mdf-canh-acrylic-da-nang.jpg\",\"contentUrl\":\"https:\/\/tranthi.vn\/quangnam\/wp-content\/uploads\/2024\/01\/tu-bep-go-cong-nghiep-mdf-canh-acrylic-da-nang.jpg\"},{\"@type\":\"BreadcrumbList\",\"@id\":\"https:\/\/tranthi.vn\/hatinh\/tu-bep-go-acrylic-da-nang\/#breadcrumb\",\"itemListElement\":[{\"@type\":\"ListItem\",\"position\":1,\"name\":\"Trang ch\u1ee7\",\"item\":\"https:\/\/tranthi.vn\/hatinh\/\"},{\"@type\":\"ListItem\",\"position\":2,\"name\":\"Shop\",\"item\":\"https:\/\/tranthi.vn\/hatinh\/shop\/\"},{\"@type\":\"ListItem\",\"position\":3,\"name\":\"T\u1ee7 b\u1ebfp g\u1ed7 acrylic \u0110\u00e0 N\u1eb5ng\"}]},{\"@type\":\"WebSite\",\"@id\":\"https:\/\/tranthi.vn\/hatinh\/#website\",\"url\":\"https:\/\/tranthi.vn\/hatinh\/\",\"name\":\"V\u1eadt Li\u1ec7u X\u00e2y D\u1ef1ng Tr\u1ea7n Th\u1ecb Chi Nh\u00e1nh H\u00e0 T\u0129nh\",\"description\":\"V\u1eadt Li\u1ec7u X\u00e2y D\u1ef1ng - H\u00e0 T\u0129nh\",\"potentialAction\":[{\"@type\":\"SearchAction\",\"target\":{\"@type\":\"EntryPoint\",\"urlTemplate\":\"https:\/\/tranthi.vn\/hatinh\/?s={search_term_string}\"},\"query-input\":\"required name=search_term_string\"}],\"inLanguage\":\"vi\"},{\"@type\":\"ImageObject\",\"inLanguage\":\"vi\",\"@id\":\"https:\/\/tranthi.vn\/hatinh\/tu-bep-go-acrylic-da-nang\/#local-main-organization-logo\",\"url\":\"\",\"contentUrl\":\"\",\"caption\":\"V\u1eadt Li\u1ec7u X\u00e2y D\u1ef1ng Tr\u1ea7n Th\u1ecb Chi Nh\u00e1nh H\u00e0 T\u0129nh\"}]}<\/script>\n<meta property=\"product:price:amount\" content=\"0\" \/>\n<meta property=\"product:price:currency\" content=\"VND\" \/>\n<meta property=\"og:availability\" content=\"instock\" \/>\n<meta property=\"product:availability\" content=\"instock\" \/>\n<meta property=\"product:condition\" content=\"new\" \/>\n<!-- \/ Yoast SEO Premium plugin. -->","yoast_head_json":{"title":"T\u1ee7 b\u1ebfp g\u1ed7 c\u00f4ng nghi\u1ec7p mdf c\u00e1nh ph\u1ee7 acrylic \u0110\u00e0 N\u1eb5ng - 0903.595.049","description":"Tr\u1ea7n Th\u1ecb l\u00e0 nh\u00e0 s\u1ea3n xu\u1ea5t l\u1eafp \u0111\u1eb7t c\u00e1c b\u1ed9 ph\u1eadn \u0111\u1ebfn t\u1ee7 b\u1ebfp g\u1ed7 c\u00f4ng nghi\u1ec7p v\u1edbi nhi\u1ec1u lo\u1ea1i c\u00e1nh nh\u1ef1a ph\u1ee7 acrylic t\u1ea1i \u0110\u00e0 N\u1eb5ng","robots":{"index":"index","follow":"follow","max-snippet":"max-snippet:-1","max-image-preview":"max-image-preview:large","max-video-preview":"max-video-preview:-1"},"canonical":"https:\/\/tranthi.vn\/hatinh\/tu-bep-go-acrylic-da-nang\/","og_locale":"vi_VN","og_type":"article","og_title":"T\u1ee7 b\u1ebfp g\u1ed7 acrylic \u0110\u00e0 N\u1eb5ng","og_description":"Tr\u1ea7n Th\u1ecb l\u00e0 nh\u00e0 s\u1ea3n xu\u1ea5t l\u1eafp \u0111\u1eb7t c\u00e1c b\u1ed9 ph\u1eadn \u0111\u1ebfn t\u1ee7 b\u1ebfp g\u1ed7 c\u00f4ng nghi\u1ec7p v\u1edbi nhi\u1ec1u lo\u1ea1i c\u00e1nh nh\u1ef1a ph\u1ee7 acrylic t\u1ea1i \u0110\u00e0 N\u1eb5ng","og_url":"https:\/\/tranthi.vn\/hatinh\/tu-bep-go-acrylic-da-nang\/","og_site_name":"V\u1eadt Li\u1ec7u X\u00e2y D\u1ef1ng Tr\u1ea7n Th\u1ecb Chi Nh\u00e1nh H\u00e0 T\u0129nh","article_modified_time":"2024-01-31T07:24:43+00:00","og_image":[{"url":"https:\/\/tranthi.vn\/quangnam\/wp-content\/uploads\/2024\/01\/tu-bep-go-cong-nghiep-mdf-canh-acrylic-da-nang.jpg"}],"twitter_card":"summary_large_image","twitter_misc":{"Gi\u00e1":"","Kh\u1ea3 d\u1ee5ng":"Trong kho"},"schema":{"@context":"https:\/\/schema.org","@graph":[{"@type":["WebPage","ItemPage"],"@id":"https:\/\/tranthi.vn\/hatinh\/tu-bep-go-acrylic-da-nang\/","url":"https:\/\/tranthi.vn\/hatinh\/tu-bep-go-acrylic-da-nang\/","name":"T\u1ee7 b\u1ebfp g\u1ed7 c\u00f4ng nghi\u1ec7p mdf c\u00e1nh ph\u1ee7 acrylic \u0110\u00e0 N\u1eb5ng - 0903.595.049","isPartOf":{"@id":"https:\/\/tranthi.vn\/hatinh\/#website"},"primaryImageOfPage":{"@id":"https:\/\/tranthi.vn\/hatinh\/tu-bep-go-acrylic-da-nang\/#primaryimage"},"image":{"@id":"https:\/\/tranthi.vn\/hatinh\/tu-bep-go-acrylic-da-nang\/#primaryimage"},"thumbnailUrl":"https:\/\/tranthi.vn\/quangnam\/wp-content\/uploads\/2024\/01\/tu-bep-go-cong-nghiep-mdf-canh-acrylic-da-nang.jpg","datePublished":"2024-01-27T02:50:42+00:00","dateModified":"2024-01-31T07:24:43+00:00","description":"Tr\u1ea7n Th\u1ecb l\u00e0 nh\u00e0 s\u1ea3n xu\u1ea5t l\u1eafp \u0111\u1eb7t c\u00e1c b\u1ed9 ph\u1eadn \u0111\u1ebfn t\u1ee7 b\u1ebfp g\u1ed7 c\u00f4ng nghi\u1ec7p v\u1edbi nhi\u1ec1u lo\u1ea1i c\u00e1nh nh\u1ef1a ph\u1ee7 acrylic t\u1ea1i \u0110\u00e0 N\u1eb5ng","breadcrumb":{"@id":"https:\/\/tranthi.vn\/hatinh\/tu-bep-go-acrylic-da-nang\/#breadcrumb"},"inLanguage":"vi","potentialAction":[{"@type":"ReadAction","target":["https:\/\/tranthi.vn\/hatinh\/tu-bep-go-acrylic-da-nang\/"]}]},{"@type":"ImageObject","inLanguage":"vi","@id":"https:\/\/tranthi.vn\/hatinh\/tu-bep-go-acrylic-da-nang\/#primaryimage","url":"https:\/\/tranthi.vn\/quangnam\/wp-content\/uploads\/2024\/01\/tu-bep-go-cong-nghiep-mdf-canh-acrylic-da-nang.jpg","contentUrl":"https:\/\/tranthi.vn\/quangnam\/wp-content\/uploads\/2024\/01\/tu-bep-go-cong-nghiep-mdf-canh-acrylic-da-nang.jpg"},{"@type":"BreadcrumbList","@id":"https:\/\/tranthi.vn\/hatinh\/tu-bep-go-acrylic-da-nang\/#breadcrumb","itemListElement":[{"@type":"ListItem","position":1,"name":"Trang ch\u1ee7","item":"https:\/\/tranthi.vn\/hatinh\/"},{"@type":"ListItem","position":2,"name":"Shop","item":"https:\/\/tranthi.vn\/hatinh\/shop\/"},{"@type":"ListItem","position":3,"name":"T\u1ee7 b\u1ebfp g\u1ed7 acrylic \u0110\u00e0 N\u1eb5ng"}]},{"@type":"WebSite","@id":"https:\/\/tranthi.vn\/hatinh\/#website","url":"https:\/\/tranthi.vn\/hatinh\/","name":"V\u1eadt Li\u1ec7u X\u00e2y D\u1ef1ng Tr\u1ea7n Th\u1ecb Chi Nh\u00e1nh H\u00e0 T\u0129nh","description":"V\u1eadt Li\u1ec7u X\u00e2y D\u1ef1ng - H\u00e0 T\u0129nh","potentialAction":[{"@type":"SearchAction","target":{"@type":"EntryPoint","urlTemplate":"https:\/\/tranthi.vn\/hatinh\/?s={search_term_string}"},"query-input":"required name=search_term_string"}],"inLanguage":"vi"},{"@type":"ImageObject","inLanguage":"vi","@id":"https:\/\/tranthi.vn\/hatinh\/tu-bep-go-acrylic-da-nang\/#local-main-organization-logo","url":"","contentUrl":"","caption":"V\u1eadt Li\u1ec7u X\u00e2y D\u1ef1ng Tr\u1ea7n Th\u1ecb Chi Nh\u00e1nh H\u00e0 T\u0129nh"}]},"product_price_currency":"VND","og_availability":"instock","product_availability":"instock","product_condition":"new"},"_links":{"self":[{"href":"https:\/\/tranthi.vn\/hatinh\/wp-json\/wp\/v2\/product\/6616","targetHints":{"allow":["GET"]}}],"collection":[{"href":"https:\/\/tranthi.vn\/hatinh\/wp-json\/wp\/v2\/product"}],"about":[{"href":"https:\/\/tranthi.vn\/hatinh\/wp-json\/wp\/v2\/types\/product"}],"replies":[{"embeddable":true,"href":"https:\/\/tranthi.vn\/hatinh\/wp-json\/wp\/v2\/comments?post=6616"}],"wp:attachment":[{"href":"https:\/\/tranthi.vn\/hatinh\/wp-json\/wp\/v2\/media?parent=6616"}],"wp:term":[{"taxonomy":"product_cat","embeddable":true,"href":"https:\/\/tranthi.vn\/hatinh\/wp-json\/wp\/v2\/product_cat?post=6616"},{"taxonomy":"product_tag","embeddable":true,"href":"https:\/\/tranthi.vn\/hatinh\/wp-json\/wp\/v2\/product_tag?post=6616"}],"curies":[{"name":"wp","href":"https:\/\/api.w.org\/{rel}","templated":true}]}}