{"id":6560,"date":"2024-01-08T15:53:52","date_gmt":"2024-01-08T08:53:52","guid":{"rendered":"https:\/\/tranthi.vn\/quangnam\/?post_type=product&#038;p=6560"},"modified":"2024-08-01T09:33:36","modified_gmt":"2024-08-01T02:33:36","slug":"gia-ong-nuoc-nong-dekko-ha-tinh","status":"publish","type":"product","link":"https:\/\/tranthi.vn\/hatinh\/gia-ong-nuoc-nong-dekko-ha-tinh\/","title":{"rendered":"Gi\u00e1 \u1ed1ng n\u01b0\u1edbc n\u00f3ng dekko \u0110\u00e0 N\u1eb5ng"},"content":{"rendered":"<h1 style=\"text-align: center;\"><span style=\"font-family: 'times new roman', times, serif; font-size: 120%;\">\u1ed0ng N\u01b0\u1edbc N\u00f3ng Dekko <a href=\"https:\/\/vi.wikipedia.org\/wiki\/H%C3%A0_T%C4%A9nh\">H\u00e0 T\u0129nh<\/a><\/span><\/h1>\n<h1><strong><span style=\"font-family: 'times new roman', times, serif; font-size: 120%;\">\u1ed0ng N\u01b0\u1edbc N\u00f3ng Dekko &#8211; Gi\u1ea3i Ph\u00e1p Hi\u1ec7u Qu\u1ea3 Cho H\u1ec7 Th\u1ed1ng C\u1ea5p N\u01b0\u1edbc<\/span><\/strong><\/h1>\n<h3><span style=\"font-family: 'times new roman', times, serif; font-size: 120%;\">Trong c\u00e1c c\u00f4ng tr\u00ecnh x\u00e2y d\u1ef1ng hi\u1ec7n \u0111\u1ea1i, vi\u1ec7c l\u1ef1a ch\u1ecdn \u1ed1ng n\u01b0\u1edbc n\u00f3ng ch\u1ea5t l\u01b0\u1ee3ng cao l\u00e0 y\u1ebfu t\u1ed1 quan tr\u1ecdng \u0111\u1ec3 \u0111\u1ea3m b\u1ea3o h\u1ec7 th\u1ed1ng c\u1ea5p n\u01b0\u1edbc ho\u1ea1t \u0111\u1ed9ng hi\u1ec7u qu\u1ea3 v\u00e0 b\u1ec1n b\u1ec9. \u1ed0ng n\u01b0\u1edbc n\u00f3ng Dekko \u0111\u00e3 n\u1ed5i b\u1eadt nh\u01b0 m\u1ed9t gi\u1ea3i ph\u00e1p \u01b0u vi\u1ec7t t\u1ea1i <a href=\"https:\/\/vi.wikipedia.org\/wiki\/H%C3%A0_T%C4%A9nh\"><b><i>H\u00e0 T\u0129nh<\/i><\/b><\/a>\u00a0nh\u1edd v\u00e0o c\u00e1c t\u00ednh n\u0103ng v\u01b0\u1ee3t tr\u1ed9i v\u00e0 ch\u1ea5t l\u01b0\u1ee3ng \u0111\u00e1ng tin c\u1eady.\u00a0<\/span><\/h3>\n<h1><strong><span style=\"font-family: 'times new roman', times, serif; font-size: 120%;\">1. Gi\u1edbi Thi\u1ec7u V\u1ec1 \u1ed0ng N\u01b0\u1edbc N\u00f3ng Dekko<\/span><\/strong><\/h1>\n<h3><span style=\"font-family: 'times new roman', times, serif; font-size: 120%;\">\u1ed0ng n\u01b0\u1edbc n\u00f3ng Dekko l\u00e0 s\u1ea3n ph\u1ea9m c\u1ee7a th\u01b0\u01a1ng hi\u1ec7u Dekko, m\u1ed9t trong nh\u1eefng nh\u00e0 s\u1ea3n xu\u1ea5t \u1ed1ng nh\u1ef1a h\u00e0ng \u0111\u1ea7u t\u1ea1i Vi\u1ec7t Nam. S\u1ea3n ph\u1ea9m \u0111\u01b0\u1ee3c thi\u1ebft k\u1ebf \u0111\u1eb7c bi\u1ec7t \u0111\u1ec3 ch\u1ecbu \u0111\u01b0\u1ee3c nhi\u1ec7t \u0111\u1ed9 cao v\u00e0 \u00e1p l\u1ef1c n\u01b0\u1edbc n\u00f3ng, \u0111\u00e1p \u1ee9ng nhu c\u1ea7u s\u1eed d\u1ee5ng trong c\u00e1c h\u1ec7 th\u1ed1ng c\u1ea5p n\u01b0\u1edbc n\u00f3ng cho gia \u0111\u00ecnh, c\u00f4ng tr\u00ecnh x\u00e2y d\u1ef1ng v\u00e0 c\u00e1c \u1ee9ng d\u1ee5ng c\u00f4ng nghi\u1ec7p. \u1ed0ng n\u01b0\u1edbc n\u00f3ng Dekko \u0111\u01b0\u1ee3c l\u00e0m t\u1eeb nh\u1ef1a PVC ch\u1ecbu nhi\u1ec7t ch\u1ea5t l\u01b0\u1ee3ng cao, v\u1edbi c\u00f4ng ngh\u1ec7 s\u1ea3n xu\u1ea5t ti\u00ean ti\u1ebfn, \u0111\u1ea3m b\u1ea3o hi\u1ec7u su\u1ea5t v\u00e0 \u0111\u1ed9 b\u1ec1n l\u00e2u d\u00e0i.<\/span><\/h3>\n<p style=\"text-align: center;\"><iframe loading=\"lazy\" src=\"\/\/www.youtube.com\/embed\/IVpD1xB9LvU?pp=ygUZ4buRbmcgbsaw4bubYyBuw7NuZyBkZWtrbw\" width=\"560\" height=\"314\" allowfullscreen=\"allowfullscreen\"><\/iframe><\/p>\n<h1><strong><span style=\"font-family: 'times new roman', times, serif; font-size: 120%;\">2. C\u00e1c T\u00ednh N\u0103ng N\u1ed5i B\u1eadt C\u1ee7a \u1ed0ng N\u01b0\u1edbc N\u00f3ng Dekko<\/span><\/strong><\/h1>\n<ul>\n<li>\n<h3><span style=\"font-family: 'times new roman', times, serif; font-size: 120%;\">Kh\u1ea3 n\u0103ng ch\u1ecbu nhi\u1ec7t t\u1ed1t: \u1ed0ng n\u01b0\u1edbc n\u00f3ng Dekko \u0111\u01b0\u1ee3c thi\u1ebft k\u1ebf \u0111\u1ec3 ch\u1ecbu \u0111\u01b0\u1ee3c nhi\u1ec7t \u0111\u1ed9 l\u00ean \u0111\u1ebfn 90\u00b0C, ph\u00f9 h\u1ee3p v\u1edbi c\u00e1c h\u1ec7 th\u1ed1ng c\u1ea5p n\u01b0\u1edbc n\u00f3ng sinh ho\u1ea1t v\u00e0 c\u00f4ng nghi\u1ec7p.<\/span><\/h3>\n<\/li>\n<li>\n<h3><span style=\"font-family: 'times new roman', times, serif; font-size: 120%;\">\u0110\u1ed9 b\u1ec1n cao: V\u1edbi ch\u1ea5t li\u1ec7u nh\u1ef1a PVC ch\u1ea5t l\u01b0\u1ee3ng cao, \u1ed1ng Dekko c\u00f3 kh\u1ea3 n\u0103ng ch\u1ed1ng \u0103n m\u00f2n, ch\u1ed1ng va \u0111\u1eadp v\u00e0 ch\u1ed1ng l\u00e3o h\u00f3a, \u0111\u1ea3m b\u1ea3o \u0111\u1ed9 b\u1ec1n v\u00e0 tu\u1ed5i th\u1ecd l\u00e2u d\u00e0i.<\/span><\/h3>\n<\/li>\n<li>\n<h3><span style=\"font-family: 'times new roman', times, serif; font-size: 120%;\">Ch\u1ed1ng r\u00f2 r\u1ec9 v\u00e0 gi\u1eef \u00e1p l\u1ef1c t\u1ed1t: S\u1ea3n ph\u1ea9m c\u00f3 kh\u1ea3 n\u0103ng gi\u1eef \u00e1p l\u1ef1c n\u01b0\u1edbc \u1ed5n \u0111\u1ecbnh v\u00e0 ch\u1ed1ng r\u00f2 r\u1ec9, gi\u00fap h\u1ec7 th\u1ed1ng c\u1ea5p n\u01b0\u1edbc n\u00f3ng ho\u1ea1t \u0111\u1ed9ng hi\u1ec7u qu\u1ea3 v\u00e0 an to\u00e0n.<\/span><\/h3>\n<\/li>\n<li>\n<h3><span style=\"font-family: 'times new roman', times, serif; font-size: 120%;\">D\u1ec5 d\u00e0ng l\u1eafp \u0111\u1eb7t: \u1ed0ng n\u01b0\u1edbc n\u00f3ng Dekko c\u00f3 tr\u1ecdng l\u01b0\u1ee3ng nh\u1eb9, d\u1ec5 d\u00e0ng c\u1eaft, n\u1ed1i v\u00e0 l\u1eafp \u0111\u1eb7t, ti\u1ebft ki\u1ec7m th\u1eddi gian v\u00e0 chi ph\u00ed thi c\u00f4ng.<\/span><\/h3>\n<\/li>\n<\/ul>\n<p style=\"text-align: center;\"><iframe loading=\"lazy\" src=\"\/\/www.youtube.com\/embed\/GbU4WSwYfU0?pp=ygUZ4buRbmcgbsaw4bubYyBuw7NuZyBkZWtrbw\" width=\"560\" height=\"314\" allowfullscreen=\"allowfullscreen\"><\/iframe><\/p>\n<h1><strong><span style=\"font-family: 'times new roman', times, serif; font-size: 120%;\">3. L\u00fd Do N\u00ean Ch\u1ecdn \u1ed0ng N\u01b0\u1edbc N\u00f3ng Dekko T\u1ea1i<i> H\u00e0 T\u0129nh<\/i><\/span><\/strong><\/h1>\n<ul>\n<li>\n<h3><span style=\"font-family: 'times new roman', times, serif; font-size: 120%;\">Ch\u1ea5t l\u01b0\u1ee3ng \u0111\u1ea3m b\u1ea3o: \u1ed0ng n\u01b0\u1edbc n\u00f3ng Dekko \u0111\u01b0\u1ee3c s\u1ea3n xu\u1ea5t theo ti\u00eau chu\u1ea9n ch\u1ea5t l\u01b0\u1ee3ng qu\u1ed1c t\u1ebf, \u0111\u1ea3m b\u1ea3o hi\u1ec7u su\u1ea5t v\u00e0 \u0111\u1ed9 b\u1ec1n cao cho h\u1ec7 th\u1ed1ng c\u1ea5p n\u01b0\u1edbc n\u00f3ng.<\/span><\/h3>\n<\/li>\n<li>\n<h3><span style=\"font-family: 'times new roman', times, serif; font-size: 120%;\">D\u1ecbch v\u1ee5 chuy\u00ean nghi\u1ec7p:\u00a0 C\u00e1c \u0111\u1ea1i l\u00fd v\u00e0 nh\u00e0 ph\u00e2n ph\u1ed1i Dekko cung c\u1ea5p d\u1ecbch v\u1ee5 t\u01b0 v\u1ea5n, h\u1ed7 tr\u1ee3 k\u1ef9 thu\u1eadt v\u00e0 giao h\u00e0ng nhanh ch\u00f3ng, gi\u00fap b\u1ea1n d\u1ec5 d\u00e0ng l\u1ef1a ch\u1ecdn s\u1ea3n ph\u1ea9m ph\u00f9 h\u1ee3p.<\/span><\/h3>\n<\/li>\n<li>\n<h3><span style=\"font-family: 'times new roman', times, serif; font-size: 120%;\">Gi\u00e1 tr\u1ecb kinh t\u1ebf: V\u1edbi m\u1ee9c gi\u00e1 h\u1ee3p l\u00fd v\u00e0 \u0111\u1ed9 b\u1ec1n cao, \u1ed1ng n\u01b0\u1edbc n\u00f3ng Dekko mang l\u1ea1i gi\u00e1 tr\u1ecb kinh t\u1ebf t\u1ed1t, gi\u00fap gi\u1ea3m chi ph\u00ed b\u1ea3o tr\u00ec v\u00e0 thay th\u1ebf trong t\u01b0\u01a1ng lai.<\/span><\/h3>\n<\/li>\n<li>\n<h3><span style=\"font-family: 'times new roman', times, serif; font-size: 120%;\">\u0110a d\u1ea1ng l\u1ef1a ch\u1ecdn: S\u1ea3n ph\u1ea9m c\u00f3 nhi\u1ec1u k\u00edch th\u01b0\u1edbc v\u00e0 ki\u1ec3u d\u00e1ng kh\u00e1c nhau, \u0111\u00e1p \u1ee9ng nhu c\u1ea7u s\u1eed d\u1ee5ng cho c\u00e1c c\u00f4ng tr\u00ecnh x\u00e2y d\u1ef1ng t\u1eeb nh\u1ecf \u0111\u1ebfn l\u1edbn.<\/span><\/h3>\n<\/li>\n<\/ul>\n","protected":false},"excerpt":{"rendered":"<p>\u1ed0ng N\u01b0\u1edbc N\u00f3ng Dekko H\u00e0 T\u0129nh \u1ed0ng N\u01b0\u1edbc N\u00f3ng Dekko &#8211; Gi\u1ea3i Ph\u00e1p Hi\u1ec7u Qu\u1ea3 Cho H\u1ec7 Th\u1ed1ng C\u1ea5p N\u01b0\u1edbc Trong c\u00e1c c\u00f4ng tr\u00ecnh x\u00e2y d\u1ef1ng hi\u1ec7n \u0111\u1ea1i, vi\u1ec7c l\u1ef1a ch\u1ecdn \u1ed1ng n\u01b0\u1edbc n\u00f3ng ch\u1ea5t l\u01b0\u1ee3ng cao l\u00e0 y\u1ebfu t\u1ed1 quan tr\u1ecdng \u0111\u1ec3 \u0111\u1ea3m b\u1ea3o h\u1ec7 th\u1ed1ng c\u1ea5p n\u01b0\u1edbc ho\u1ea1t \u0111\u1ed9ng hi\u1ec7u qu\u1ea3 v\u00e0 b\u1ec1n [&#8230;]\n","protected":false},"featured_media":6561,"comment_status":"closed","ping_status":"closed","template":"","meta":[],"product_cat":[402],"product_tag":[489],"class_list":{"0":"post-6560","1":"product","2":"type-product","3":"status-publish","4":"has-post-thumbnail","6":"product_cat-ong-nuoc","7":"product_tag-gia-ong-nuoc-dekko-ha-tinh","9":"first","10":"instock","11":"shipping-taxable","12":"product-type-simple"},"yoast_head":"<!-- This site is optimized with the Yoast SEO Premium plugin v22.3 (Yoast SEO v22.8) - https:\/\/yoast.com\/wordpress\/plugins\/seo\/ -->\n<title>gi\u00e1 \u1ed1ng n\u01b0\u1edbc n\u00f3ng dekko r\u1ebb H\u00e0 T\u0129nh- 0947335871<\/title>\n<meta name=\"description\" content=\"Tr\u1ea7n Th\u1ecb l\u00e0 \u0111\u1ea1i l\u00fd cung c\u1ea5p c\u00e1c lo\u1ea1i \u1ed1ng n\u01b0\u1edbc n\u00f3ng v\u00e0 l\u1ea1nh c\u00e1c th\u01b0\u01a1ng hi\u1ec7u dekko t\u1ea1i H\u00e0 T\u0129nh - ch\u00fang t\u00f4i cung c\u1ea5p th\u00eam c\u00e1c thi\u1ebft b\u1ecb n\u01b0\u1edbc\" \/>\n<meta name=\"robots\" content=\"index, follow, max-snippet:-1, max-image-preview:large, max-video-preview:-1\" \/>\n<link rel=\"canonical\" href=\"https:\/\/tranthi.vn\/hatinh\/gia-ong-nuoc-nong-dekko-ha-tinh\/\" \/>\n<meta property=\"og:locale\" content=\"vi_VN\" \/>\n<meta property=\"og:type\" content=\"article\" \/>\n<meta property=\"og:title\" content=\"Gi\u00e1 \u1ed1ng n\u01b0\u1edbc n\u00f3ng dekko \u0110\u00e0 N\u1eb5ng\" \/>\n<meta property=\"og:description\" content=\"Tr\u1ea7n Th\u1ecb l\u00e0 \u0111\u1ea1i l\u00fd cung c\u1ea5p c\u00e1c lo\u1ea1i \u1ed1ng n\u01b0\u1edbc n\u00f3ng v\u00e0 l\u1ea1nh c\u00e1c th\u01b0\u01a1ng hi\u1ec7u dekko t\u1ea1i H\u00e0 T\u0129nh - ch\u00fang t\u00f4i cung c\u1ea5p th\u00eam c\u00e1c thi\u1ebft b\u1ecb n\u01b0\u1edbc\" \/>\n<meta property=\"og:url\" content=\"https:\/\/tranthi.vn\/hatinh\/gia-ong-nuoc-nong-dekko-ha-tinh\/\" \/>\n<meta property=\"og:site_name\" content=\"V\u1eadt Li\u1ec7u X\u00e2y D\u1ef1ng Tr\u1ea7n Th\u1ecb Chi Nh\u00e1nh H\u00e0 T\u0129nh\" \/>\n<meta property=\"article:modified_time\" content=\"2024-08-01T02:33:36+00:00\" \/>\n<meta property=\"og:image\" content=\"https:\/\/tranthi.vn\/hatinh\/wp-content\/uploads\/2024\/01\/gia-ong-nuoc-nong-deko-da-nang-1.jpg\" \/>\n\t<meta property=\"og:image:width\" content=\"300\" \/>\n\t<meta property=\"og:image:height\" content=\"300\" \/>\n\t<meta property=\"og:image:type\" content=\"image\/jpeg\" \/>\n<meta name=\"twitter:card\" content=\"summary_large_image\" \/>\n<meta name=\"twitter:label1\" content=\"Gi\u00e1\" \/>\n\t<meta name=\"twitter:data1\" content=\"\" \/>\n\t<meta name=\"twitter:label2\" content=\"Kh\u1ea3 d\u1ee5ng\" \/>\n\t<meta name=\"twitter:data2\" content=\"Trong kho\" \/>\n<script type=\"application\/ld+json\" class=\"yoast-schema-graph\">{\"@context\":\"https:\/\/schema.org\",\"@graph\":[{\"@type\":[\"WebPage\",\"ItemPage\"],\"@id\":\"https:\/\/tranthi.vn\/hatinh\/gia-ong-nuoc-nong-dekko-ha-tinh\/\",\"url\":\"https:\/\/tranthi.vn\/hatinh\/gia-ong-nuoc-nong-dekko-ha-tinh\/\",\"name\":\"gi\u00e1 \u1ed1ng n\u01b0\u1edbc n\u00f3ng dekko r\u1ebb H\u00e0 T\u0129nh- 0947335871\",\"isPartOf\":{\"@id\":\"https:\/\/tranthi.vn\/hatinh\/#website\"},\"primaryImageOfPage\":{\"@id\":\"https:\/\/tranthi.vn\/hatinh\/gia-ong-nuoc-nong-dekko-ha-tinh\/#primaryimage\"},\"image\":{\"@id\":\"https:\/\/tranthi.vn\/hatinh\/gia-ong-nuoc-nong-dekko-ha-tinh\/#primaryimage\"},\"thumbnailUrl\":\"https:\/\/tranthi.vn\/hatinh\/wp-content\/uploads\/2024\/01\/gia-ong-nuoc-nong-deko-da-nang-1.jpg\",\"datePublished\":\"2024-01-08T08:53:52+00:00\",\"dateModified\":\"2024-08-01T02:33:36+00:00\",\"description\":\"Tr\u1ea7n Th\u1ecb l\u00e0 \u0111\u1ea1i l\u00fd cung c\u1ea5p c\u00e1c lo\u1ea1i \u1ed1ng n\u01b0\u1edbc n\u00f3ng v\u00e0 l\u1ea1nh c\u00e1c th\u01b0\u01a1ng hi\u1ec7u dekko t\u1ea1i H\u00e0 T\u0129nh - ch\u00fang t\u00f4i cung c\u1ea5p th\u00eam c\u00e1c thi\u1ebft b\u1ecb n\u01b0\u1edbc\",\"breadcrumb\":{\"@id\":\"https:\/\/tranthi.vn\/hatinh\/gia-ong-nuoc-nong-dekko-ha-tinh\/#breadcrumb\"},\"inLanguage\":\"vi\",\"potentialAction\":[{\"@type\":\"ReadAction\",\"target\":[\"https:\/\/tranthi.vn\/hatinh\/gia-ong-nuoc-nong-dekko-ha-tinh\/\"]}]},{\"@type\":\"ImageObject\",\"inLanguage\":\"vi\",\"@id\":\"https:\/\/tranthi.vn\/hatinh\/gia-ong-nuoc-nong-dekko-ha-tinh\/#primaryimage\",\"url\":\"https:\/\/tranthi.vn\/hatinh\/wp-content\/uploads\/2024\/01\/gia-ong-nuoc-nong-deko-da-nang-1.jpg\",\"contentUrl\":\"https:\/\/tranthi.vn\/hatinh\/wp-content\/uploads\/2024\/01\/gia-ong-nuoc-nong-deko-da-nang-1.jpg\",\"width\":300,\"height\":300,\"caption\":\"gia-ong-nuoc-nong-deko-da-nang-1\"},{\"@type\":\"BreadcrumbList\",\"@id\":\"https:\/\/tranthi.vn\/hatinh\/gia-ong-nuoc-nong-dekko-ha-tinh\/#breadcrumb\",\"itemListElement\":[{\"@type\":\"ListItem\",\"position\":1,\"name\":\"Trang ch\u1ee7\",\"item\":\"https:\/\/tranthi.vn\/hatinh\/\"},{\"@type\":\"ListItem\",\"position\":2,\"name\":\"Shop\",\"item\":\"https:\/\/tranthi.vn\/hatinh\/shop\/\"},{\"@type\":\"ListItem\",\"position\":3,\"name\":\"Gi\u00e1 \u1ed1ng n\u01b0\u1edbc n\u00f3ng dekko \u0110\u00e0 N\u1eb5ng\"}]},{\"@type\":\"WebSite\",\"@id\":\"https:\/\/tranthi.vn\/hatinh\/#website\",\"url\":\"https:\/\/tranthi.vn\/hatinh\/\",\"name\":\"V\u1eadt Li\u1ec7u X\u00e2y D\u1ef1ng Tr\u1ea7n Th\u1ecb Chi Nh\u00e1nh H\u00e0 T\u0129nh\",\"description\":\"V\u1eadt Li\u1ec7u X\u00e2y D\u1ef1ng - H\u00e0 T\u0129nh\",\"potentialAction\":[{\"@type\":\"SearchAction\",\"target\":{\"@type\":\"EntryPoint\",\"urlTemplate\":\"https:\/\/tranthi.vn\/hatinh\/?s={search_term_string}\"},\"query-input\":\"required name=search_term_string\"}],\"inLanguage\":\"vi\"},{\"@type\":\"ImageObject\",\"inLanguage\":\"vi\",\"@id\":\"https:\/\/tranthi.vn\/hatinh\/gia-ong-nuoc-nong-dekko-ha-tinh\/#local-main-organization-logo\",\"url\":\"\",\"contentUrl\":\"\",\"caption\":\"V\u1eadt Li\u1ec7u X\u00e2y D\u1ef1ng Tr\u1ea7n Th\u1ecb Chi Nh\u00e1nh H\u00e0 T\u0129nh\"}]}<\/script>\n<meta property=\"product:price:amount\" content=\"0\" \/>\n<meta property=\"product:price:currency\" content=\"VND\" \/>\n<meta property=\"og:availability\" content=\"instock\" \/>\n<meta property=\"product:availability\" content=\"instock\" \/>\n<meta property=\"product:condition\" content=\"new\" \/>\n<!-- \/ Yoast SEO Premium plugin. -->","yoast_head_json":{"title":"gi\u00e1 \u1ed1ng n\u01b0\u1edbc n\u00f3ng dekko r\u1ebb H\u00e0 T\u0129nh- 0947335871","description":"Tr\u1ea7n Th\u1ecb l\u00e0 \u0111\u1ea1i l\u00fd cung c\u1ea5p c\u00e1c lo\u1ea1i \u1ed1ng n\u01b0\u1edbc n\u00f3ng v\u00e0 l\u1ea1nh c\u00e1c th\u01b0\u01a1ng hi\u1ec7u dekko t\u1ea1i H\u00e0 T\u0129nh - ch\u00fang t\u00f4i cung c\u1ea5p th\u00eam c\u00e1c thi\u1ebft b\u1ecb n\u01b0\u1edbc","robots":{"index":"index","follow":"follow","max-snippet":"max-snippet:-1","max-image-preview":"max-image-preview:large","max-video-preview":"max-video-preview:-1"},"canonical":"https:\/\/tranthi.vn\/hatinh\/gia-ong-nuoc-nong-dekko-ha-tinh\/","og_locale":"vi_VN","og_type":"article","og_title":"Gi\u00e1 \u1ed1ng n\u01b0\u1edbc n\u00f3ng dekko \u0110\u00e0 N\u1eb5ng","og_description":"Tr\u1ea7n Th\u1ecb l\u00e0 \u0111\u1ea1i l\u00fd cung c\u1ea5p c\u00e1c lo\u1ea1i \u1ed1ng n\u01b0\u1edbc n\u00f3ng v\u00e0 l\u1ea1nh c\u00e1c th\u01b0\u01a1ng hi\u1ec7u dekko t\u1ea1i H\u00e0 T\u0129nh - ch\u00fang t\u00f4i cung c\u1ea5p th\u00eam c\u00e1c thi\u1ebft b\u1ecb n\u01b0\u1edbc","og_url":"https:\/\/tranthi.vn\/hatinh\/gia-ong-nuoc-nong-dekko-ha-tinh\/","og_site_name":"V\u1eadt Li\u1ec7u X\u00e2y D\u1ef1ng Tr\u1ea7n Th\u1ecb Chi Nh\u00e1nh H\u00e0 T\u0129nh","article_modified_time":"2024-08-01T02:33:36+00:00","og_image":[{"width":300,"height":300,"url":"https:\/\/tranthi.vn\/hatinh\/wp-content\/uploads\/2024\/01\/gia-ong-nuoc-nong-deko-da-nang-1.jpg","type":"image\/jpeg"}],"twitter_card":"summary_large_image","twitter_misc":{"Gi\u00e1":"","Kh\u1ea3 d\u1ee5ng":"Trong kho"},"schema":{"@context":"https:\/\/schema.org","@graph":[{"@type":["WebPage","ItemPage"],"@id":"https:\/\/tranthi.vn\/hatinh\/gia-ong-nuoc-nong-dekko-ha-tinh\/","url":"https:\/\/tranthi.vn\/hatinh\/gia-ong-nuoc-nong-dekko-ha-tinh\/","name":"gi\u00e1 \u1ed1ng n\u01b0\u1edbc n\u00f3ng dekko r\u1ebb H\u00e0 T\u0129nh- 0947335871","isPartOf":{"@id":"https:\/\/tranthi.vn\/hatinh\/#website"},"primaryImageOfPage":{"@id":"https:\/\/tranthi.vn\/hatinh\/gia-ong-nuoc-nong-dekko-ha-tinh\/#primaryimage"},"image":{"@id":"https:\/\/tranthi.vn\/hatinh\/gia-ong-nuoc-nong-dekko-ha-tinh\/#primaryimage"},"thumbnailUrl":"https:\/\/tranthi.vn\/hatinh\/wp-content\/uploads\/2024\/01\/gia-ong-nuoc-nong-deko-da-nang-1.jpg","datePublished":"2024-01-08T08:53:52+00:00","dateModified":"2024-08-01T02:33:36+00:00","description":"Tr\u1ea7n Th\u1ecb l\u00e0 \u0111\u1ea1i l\u00fd cung c\u1ea5p c\u00e1c lo\u1ea1i \u1ed1ng n\u01b0\u1edbc n\u00f3ng v\u00e0 l\u1ea1nh c\u00e1c th\u01b0\u01a1ng hi\u1ec7u dekko t\u1ea1i H\u00e0 T\u0129nh - ch\u00fang t\u00f4i cung c\u1ea5p th\u00eam c\u00e1c thi\u1ebft b\u1ecb n\u01b0\u1edbc","breadcrumb":{"@id":"https:\/\/tranthi.vn\/hatinh\/gia-ong-nuoc-nong-dekko-ha-tinh\/#breadcrumb"},"inLanguage":"vi","potentialAction":[{"@type":"ReadAction","target":["https:\/\/tranthi.vn\/hatinh\/gia-ong-nuoc-nong-dekko-ha-tinh\/"]}]},{"@type":"ImageObject","inLanguage":"vi","@id":"https:\/\/tranthi.vn\/hatinh\/gia-ong-nuoc-nong-dekko-ha-tinh\/#primaryimage","url":"https:\/\/tranthi.vn\/hatinh\/wp-content\/uploads\/2024\/01\/gia-ong-nuoc-nong-deko-da-nang-1.jpg","contentUrl":"https:\/\/tranthi.vn\/hatinh\/wp-content\/uploads\/2024\/01\/gia-ong-nuoc-nong-deko-da-nang-1.jpg","width":300,"height":300,"caption":"gia-ong-nuoc-nong-deko-da-nang-1"},{"@type":"BreadcrumbList","@id":"https:\/\/tranthi.vn\/hatinh\/gia-ong-nuoc-nong-dekko-ha-tinh\/#breadcrumb","itemListElement":[{"@type":"ListItem","position":1,"name":"Trang ch\u1ee7","item":"https:\/\/tranthi.vn\/hatinh\/"},{"@type":"ListItem","position":2,"name":"Shop","item":"https:\/\/tranthi.vn\/hatinh\/shop\/"},{"@type":"ListItem","position":3,"name":"Gi\u00e1 \u1ed1ng n\u01b0\u1edbc n\u00f3ng dekko \u0110\u00e0 N\u1eb5ng"}]},{"@type":"WebSite","@id":"https:\/\/tranthi.vn\/hatinh\/#website","url":"https:\/\/tranthi.vn\/hatinh\/","name":"V\u1eadt Li\u1ec7u X\u00e2y D\u1ef1ng Tr\u1ea7n Th\u1ecb Chi Nh\u00e1nh H\u00e0 T\u0129nh","description":"V\u1eadt Li\u1ec7u X\u00e2y D\u1ef1ng - H\u00e0 T\u0129nh","potentialAction":[{"@type":"SearchAction","target":{"@type":"EntryPoint","urlTemplate":"https:\/\/tranthi.vn\/hatinh\/?s={search_term_string}"},"query-input":"required name=search_term_string"}],"inLanguage":"vi"},{"@type":"ImageObject","inLanguage":"vi","@id":"https:\/\/tranthi.vn\/hatinh\/gia-ong-nuoc-nong-dekko-ha-tinh\/#local-main-organization-logo","url":"","contentUrl":"","caption":"V\u1eadt Li\u1ec7u X\u00e2y D\u1ef1ng Tr\u1ea7n Th\u1ecb Chi Nh\u00e1nh H\u00e0 T\u0129nh"}]},"product_price_currency":"VND","og_availability":"instock","product_availability":"instock","product_condition":"new"},"_links":{"self":[{"href":"https:\/\/tranthi.vn\/hatinh\/wp-json\/wp\/v2\/product\/6560","targetHints":{"allow":["GET"]}}],"collection":[{"href":"https:\/\/tranthi.vn\/hatinh\/wp-json\/wp\/v2\/product"}],"about":[{"href":"https:\/\/tranthi.vn\/hatinh\/wp-json\/wp\/v2\/types\/product"}],"replies":[{"embeddable":true,"href":"https:\/\/tranthi.vn\/hatinh\/wp-json\/wp\/v2\/comments?post=6560"}],"wp:featuredmedia":[{"embeddable":true,"href":"https:\/\/tranthi.vn\/hatinh\/wp-json\/wp\/v2\/media\/6561"}],"wp:attachment":[{"href":"https:\/\/tranthi.vn\/hatinh\/wp-json\/wp\/v2\/media?parent=6560"}],"wp:term":[{"taxonomy":"product_cat","embeddable":true,"href":"https:\/\/tranthi.vn\/hatinh\/wp-json\/wp\/v2\/product_cat?post=6560"},{"taxonomy":"product_tag","embeddable":true,"href":"https:\/\/tranthi.vn\/hatinh\/wp-json\/wp\/v2\/product_tag?post=6560"}],"curies":[{"name":"wp","href":"https:\/\/api.w.org\/{rel}","templated":true}]}}