{"id":5887,"date":"2023-08-23T08:06:50","date_gmt":"2023-08-23T01:06:50","guid":{"rendered":"https:\/\/tranthi.vn\/quangnam\/?post_type=product&#038;p=5887"},"modified":"2024-06-12T16:22:16","modified_gmt":"2024-06-12T09:22:16","slug":"jotun-jotashield-primer-17l-son-lot-chong-kiem-tdp","status":"publish","type":"product","link":"https:\/\/tranthi.vn\/hatinh\/jotun-jotashield-primer-17l-son-lot-chong-kiem-tdp\/","title":{"rendered":"S\u01a1n l\u00f3t ch\u1ed1ng ki\u1ec1m ngo\u1ea1i Jotun Jotashield Primer-17L- T"},"content":{"rendered":"","protected":false},"excerpt":{"rendered":"<p><span style=\"font-family: 'times new roman', times, serif; font-size: 130%;\"><strong>\ud83e\udd70\u01afu \u0111i\u1ec3m:<\/strong><\/span><\/p>\n<ul>\n<li><span style=\"font-family: 'times new roman', times, serif; font-size: 130%;\"><strong>Kh\u00e1ng ki\u1ec1m t\u1ed1t<\/strong><\/span><\/li>\n<li><span style=\"font-family: 'times new roman', times, serif; font-size: 130%;\"><strong>Ch\u1ed1ng th\u1ea5m n\u1ea5m m\u1ed1c<\/strong><\/span><\/li>\n<li><span style=\"font-family: 'times new roman', times, serif; font-size: 130%;\"><strong>Gi\u00fap s\u01a1n ph\u1ee7 \u0111\u1ec1u m\u00e0u<\/strong><\/span><\/li>\n<\/ul>\n<p><span style=\"font-family: 'times new roman', times, serif; font-size: 130%;\">\u00a0S\u01a1n l\u00f3t ch\u1ed1ng ki\u1ec1m tuy\u1ec7t h\u1ea3o cao c\u1ea5p ngo\u1ea1i th\u1ea5t, t\u0103ng c\u01b0\u1eddng \u0111\u1ed9 b\u00e1m d\u00ednh v\u00e0 cho b\u1ec1 m\u1eb7t s\u01a1n ph\u1ee7 l\u00e1ng m\u1ecbn<\/span><\/p>\n<p><span style=\"font-family: 'times new roman', times, serif; font-size: 130%;\"> \ud83e\udd70\u0110\u01a1n v\u1ecb t\u00ednh: th\u00f9ng<\/span><\/p>\n<p><span style=\"font-family: 'times new roman', times, serif; font-size: 130%;\"> \ud83e\udd70\u0110\u01a1n<em>\u00a0<a href=\"https:\/\/www.jotun.com\/vn\/vi\/b2c\/products\/exterior\/jotashield-primer.aspx\"><strong>gi\u00e1 s\u01a1n l\u00f3t ch\u1ed1ng ki\u1ec1m ngo\u1ea1i th\u1ea5t cao c\u1ea5p jotun jotashield Primer<\/strong><\/a><\/em><\/span><\/p>\n<ul>\n<li><span style=\"font-family: 'times new roman', times, serif; font-size: 130%; color: #ed1c24;\"><strong>1.900.000\u0111\/17L (m\u00e0u tr\u1eafng)\u00a0<\/strong><\/span><\/li>\n<li><span style=\"font-family: 'times new roman', times, serif; font-size: 130%; color: #ed1c24;\"><strong>660.000\u0111\/5L<\/strong> <strong>(m\u00e0u tr\u1eafng)<\/strong><\/span><\/li>\n<\/ul>\n<p><span style=\"font-family: 'times new roman', times, serif; font-size: 130%;\"><strong><span style=\"color: #ed1c24;\">\ud83e\udd70<\/span><em>\u0110\u01a1n gi\u00e1 \u00e1p d\u1ee5ng khi mua tr\u00ean 5 s\u1ea3n ph\u1ea9m, d\u01b0\u1edbi 5 s\u1ea3n ph\u1ea9m qu\u00fd kh\u00e1ch vui l\u00f2ng ch\u1ecbu ph\u00ed v\u1eadn chuy\u1ec3n<\/em><\/strong><\/span><\/p>\n<p><span style=\"font-family: 'times new roman', times, serif; font-size: 130%;\">\u00a0Giao h\u00e0ng trong \u0111\u1ecba b\u00e0n\u00a0<em><strong><a href=\"https:\/\/fr.wikipedia.org\/wiki\/Da_Nang\">\u0110\u00e0 N\u1eb5ng<\/a><\/strong><\/em><\/span><\/p>\n","protected":false},"featured_media":5888,"comment_status":"closed","ping_status":"closed","template":"","meta":[],"product_cat":[139,153,155],"product_tag":[],"class_list":{"0":"post-5887","1":"product","2":"type-product","3":"status-publish","4":"has-post-thumbnail","6":"product_cat-son","7":"product_cat-son-jotun-tai-da-nang","8":"product_cat-son-lot-chong-kiem-jotun","10":"first","11":"instock","12":"sale","13":"shipping-taxable","14":"purchasable","15":"product-type-simple"},"yoast_head":"<!-- This site is optimized with the Yoast SEO Premium plugin v22.3 (Yoast SEO v22.8) - https:\/\/yoast.com\/wordpress\/plugins\/seo\/ -->\n<title>S\u01a1n l\u00f3t ch\u1ed1ng ki\u1ec1m ngo\u1ea1i Jotun Jotashield Primer-17L- T - V\u1eadt Li\u1ec7u X\u00e2y D\u1ef1ng Tr\u1ea7n Th\u1ecb Chi Nh\u00e1nh H\u00e0 T\u0129nh<\/title>\n<meta name=\"robots\" content=\"index, follow, max-snippet:-1, max-image-preview:large, max-video-preview:-1\" \/>\n<link rel=\"canonical\" href=\"https:\/\/tranthi.vn\/hatinh\/jotun-jotashield-primer-17l-son-lot-chong-kiem-tdp\/\" \/>\n<meta property=\"og:locale\" content=\"vi_VN\" \/>\n<meta property=\"og:type\" content=\"article\" \/>\n<meta property=\"og:title\" content=\"S\u01a1n l\u00f3t ch\u1ed1ng ki\u1ec1m ngo\u1ea1i Jotun Jotashield Primer-17L- T\" \/>\n<meta property=\"og:description\" content=\"\ud83e\udd70\u01afu \u0111i\u1ec3m:   Kh\u00e1ng ki\u1ec1m t\u1ed1t  Ch\u1ed1ng th\u1ea5m n\u1ea5m m\u1ed1c  Gi\u00fap s\u01a1n ph\u1ee7 \u0111\u1ec1u m\u00e0u  \u00a0S\u01a1n l\u00f3t ch\u1ed1ng ki\u1ec1m tuy\u1ec7t h\u1ea3o cao c\u1ea5p ngo\u1ea1i th\u1ea5t, t\u0103ng c\u01b0\u1eddng \u0111\u1ed9 b\u00e1m d\u00ednh v\u00e0 cho b\u1ec1 m\u1eb7t s\u01a1n ph\u1ee7 l\u00e1ng m\u1ecbn   \ud83e\udd70\u0110\u01a1n v\u1ecb t\u00ednh: th\u00f9ng   \ud83e\udd70\u0110\u01a1n\u00a0gi\u00e1 s\u01a1n l\u00f3t ch\u1ed1ng ki\u1ec1m ngo\u1ea1i th\u1ea5t cao c\u1ea5p jotun jotashield Primer   1.900.000\u0111\/17L (m\u00e0u tr\u1eafng)\u00a0  660.000\u0111\/5L (m\u00e0u tr\u1eafng)  \ud83e\udd70\u0110\u01a1n gi\u00e1 \u00e1p d\u1ee5ng khi mua tr\u00ean 5 s\u1ea3n ph\u1ea9m, d\u01b0\u1edbi 5 s\u1ea3n ph\u1ea9m qu\u00fd kh\u00e1ch vui l\u00f2ng ch\u1ecbu ph\u00ed v\u1eadn chuy\u1ec3n  \u00a0Giao h\u00e0ng trong \u0111\u1ecba b\u00e0n\u00a0\u0110\u00e0 N\u1eb5ng\" \/>\n<meta property=\"og:url\" content=\"https:\/\/tranthi.vn\/hatinh\/jotun-jotashield-primer-17l-son-lot-chong-kiem-tdp\/\" \/>\n<meta property=\"og:site_name\" content=\"V\u1eadt Li\u1ec7u X\u00e2y D\u1ef1ng Tr\u1ea7n Th\u1ecb Chi Nh\u00e1nh H\u00e0 T\u0129nh\" \/>\n<meta property=\"article:modified_time\" content=\"2024-06-12T09:22:16+00:00\" \/>\n<meta property=\"og:image\" content=\"https:\/\/tranthi.vn\/hatinh\/wp-content\/uploads\/2023\/08\/son-jotun-lot-chong-kiem_da-nang.jpeg\" \/>\n\t<meta property=\"og:image:width\" content=\"400\" \/>\n\t<meta property=\"og:image:height\" content=\"350\" \/>\n\t<meta property=\"og:image:type\" content=\"image\/jpeg\" \/>\n<meta name=\"twitter:card\" content=\"summary_large_image\" \/>\n<meta name=\"twitter:label1\" content=\"Gi\u00e1\" \/>\n\t<meta name=\"twitter:data1\" content=\"1,900,000&nbsp;&#8363;\" \/>\n\t<meta name=\"twitter:label2\" content=\"Kh\u1ea3 d\u1ee5ng\" \/>\n\t<meta name=\"twitter:data2\" content=\"Trong kho\" \/>\n<script type=\"application\/ld+json\" class=\"yoast-schema-graph\">{\"@context\":\"https:\/\/schema.org\",\"@graph\":[{\"@type\":[\"WebPage\",\"ItemPage\"],\"@id\":\"https:\/\/tranthi.vn\/hatinh\/jotun-jotashield-primer-17l-son-lot-chong-kiem-tdp\/\",\"url\":\"https:\/\/tranthi.vn\/hatinh\/jotun-jotashield-primer-17l-son-lot-chong-kiem-tdp\/\",\"name\":\"S\u01a1n l\u00f3t ch\u1ed1ng ki\u1ec1m ngo\u1ea1i Jotun Jotashield Primer-17L- T - V\u1eadt Li\u1ec7u X\u00e2y D\u1ef1ng Tr\u1ea7n Th\u1ecb Chi Nh\u00e1nh H\u00e0 T\u0129nh\",\"isPartOf\":{\"@id\":\"https:\/\/tranthi.vn\/hatinh\/#website\"},\"primaryImageOfPage\":{\"@id\":\"https:\/\/tranthi.vn\/hatinh\/jotun-jotashield-primer-17l-son-lot-chong-kiem-tdp\/#primaryimage\"},\"image\":{\"@id\":\"https:\/\/tranthi.vn\/hatinh\/jotun-jotashield-primer-17l-son-lot-chong-kiem-tdp\/#primaryimage\"},\"thumbnailUrl\":\"https:\/\/tranthi.vn\/hatinh\/wp-content\/uploads\/2023\/08\/son-jotun-lot-chong-kiem_da-nang.jpeg\",\"datePublished\":\"2023-08-23T01:06:50+00:00\",\"dateModified\":\"2024-06-12T09:22:16+00:00\",\"breadcrumb\":{\"@id\":\"https:\/\/tranthi.vn\/hatinh\/jotun-jotashield-primer-17l-son-lot-chong-kiem-tdp\/#breadcrumb\"},\"inLanguage\":\"vi\",\"potentialAction\":[{\"@type\":\"ReadAction\",\"target\":[\"https:\/\/tranthi.vn\/hatinh\/jotun-jotashield-primer-17l-son-lot-chong-kiem-tdp\/\"]}]},{\"@type\":\"ImageObject\",\"inLanguage\":\"vi\",\"@id\":\"https:\/\/tranthi.vn\/hatinh\/jotun-jotashield-primer-17l-son-lot-chong-kiem-tdp\/#primaryimage\",\"url\":\"https:\/\/tranthi.vn\/hatinh\/wp-content\/uploads\/2023\/08\/son-jotun-lot-chong-kiem_da-nang.jpeg\",\"contentUrl\":\"https:\/\/tranthi.vn\/hatinh\/wp-content\/uploads\/2023\/08\/son-jotun-lot-chong-kiem_da-nang.jpeg\",\"width\":400,\"height\":350,\"caption\":\"s\u01a1n-jotun-l\u00f3t-ch\u1ed1ng-ki\u1ec1m_\u0111\u00e0 n\u1eb5ng\"},{\"@type\":\"BreadcrumbList\",\"@id\":\"https:\/\/tranthi.vn\/hatinh\/jotun-jotashield-primer-17l-son-lot-chong-kiem-tdp\/#breadcrumb\",\"itemListElement\":[{\"@type\":\"ListItem\",\"position\":1,\"name\":\"Trang ch\u1ee7\",\"item\":\"https:\/\/tranthi.vn\/hatinh\/\"},{\"@type\":\"ListItem\",\"position\":2,\"name\":\"Shop\",\"item\":\"https:\/\/tranthi.vn\/hatinh\/shop\/\"},{\"@type\":\"ListItem\",\"position\":3,\"name\":\"S\u01a1n l\u00f3t ch\u1ed1ng ki\u1ec1m ngo\u1ea1i Jotun Jotashield Primer-17L- T\"}]},{\"@type\":\"WebSite\",\"@id\":\"https:\/\/tranthi.vn\/hatinh\/#website\",\"url\":\"https:\/\/tranthi.vn\/hatinh\/\",\"name\":\"V\u1eadt Li\u1ec7u X\u00e2y D\u1ef1ng Tr\u1ea7n Th\u1ecb Chi Nh\u00e1nh H\u00e0 T\u0129nh\",\"description\":\"V\u1eadt Li\u1ec7u X\u00e2y D\u1ef1ng - H\u00e0 T\u0129nh\",\"potentialAction\":[{\"@type\":\"SearchAction\",\"target\":{\"@type\":\"EntryPoint\",\"urlTemplate\":\"https:\/\/tranthi.vn\/hatinh\/?s={search_term_string}\"},\"query-input\":\"required name=search_term_string\"}],\"inLanguage\":\"vi\"},{\"@type\":\"ImageObject\",\"inLanguage\":\"vi\",\"@id\":\"https:\/\/tranthi.vn\/hatinh\/jotun-jotashield-primer-17l-son-lot-chong-kiem-tdp\/#local-main-organization-logo\",\"url\":\"\",\"contentUrl\":\"\",\"caption\":\"V\u1eadt Li\u1ec7u X\u00e2y D\u1ef1ng Tr\u1ea7n Th\u1ecb Chi Nh\u00e1nh H\u00e0 T\u0129nh\"}]}<\/script>\n<meta property=\"product:price:amount\" content=\"1900000\" \/>\n<meta property=\"product:price:currency\" content=\"VND\" \/>\n<meta property=\"og:availability\" content=\"instock\" \/>\n<meta property=\"product:availability\" content=\"instock\" \/>\n<meta property=\"product:condition\" content=\"new\" \/>\n<!-- \/ Yoast SEO Premium plugin. -->","yoast_head_json":{"title":"S\u01a1n l\u00f3t ch\u1ed1ng ki\u1ec1m ngo\u1ea1i Jotun Jotashield Primer-17L- T - V\u1eadt Li\u1ec7u X\u00e2y D\u1ef1ng Tr\u1ea7n Th\u1ecb Chi Nh\u00e1nh H\u00e0 T\u0129nh","robots":{"index":"index","follow":"follow","max-snippet":"max-snippet:-1","max-image-preview":"max-image-preview:large","max-video-preview":"max-video-preview:-1"},"canonical":"https:\/\/tranthi.vn\/hatinh\/jotun-jotashield-primer-17l-son-lot-chong-kiem-tdp\/","og_locale":"vi_VN","og_type":"article","og_title":"S\u01a1n l\u00f3t ch\u1ed1ng ki\u1ec1m ngo\u1ea1i Jotun Jotashield Primer-17L- T","og_description":"\ud83e\udd70\u01afu \u0111i\u1ec3m:   Kh\u00e1ng ki\u1ec1m t\u1ed1t  Ch\u1ed1ng th\u1ea5m n\u1ea5m m\u1ed1c  Gi\u00fap s\u01a1n ph\u1ee7 \u0111\u1ec1u m\u00e0u  \u00a0S\u01a1n l\u00f3t ch\u1ed1ng ki\u1ec1m tuy\u1ec7t h\u1ea3o cao c\u1ea5p ngo\u1ea1i th\u1ea5t, t\u0103ng c\u01b0\u1eddng \u0111\u1ed9 b\u00e1m d\u00ednh v\u00e0 cho b\u1ec1 m\u1eb7t s\u01a1n ph\u1ee7 l\u00e1ng m\u1ecbn   \ud83e\udd70\u0110\u01a1n v\u1ecb t\u00ednh: th\u00f9ng   \ud83e\udd70\u0110\u01a1n\u00a0gi\u00e1 s\u01a1n l\u00f3t ch\u1ed1ng ki\u1ec1m ngo\u1ea1i th\u1ea5t cao c\u1ea5p jotun jotashield Primer   1.900.000\u0111\/17L (m\u00e0u tr\u1eafng)\u00a0  660.000\u0111\/5L (m\u00e0u tr\u1eafng)  \ud83e\udd70\u0110\u01a1n gi\u00e1 \u00e1p d\u1ee5ng khi mua tr\u00ean 5 s\u1ea3n ph\u1ea9m, d\u01b0\u1edbi 5 s\u1ea3n ph\u1ea9m qu\u00fd kh\u00e1ch vui l\u00f2ng ch\u1ecbu ph\u00ed v\u1eadn chuy\u1ec3n  \u00a0Giao h\u00e0ng trong \u0111\u1ecba b\u00e0n\u00a0\u0110\u00e0 N\u1eb5ng","og_url":"https:\/\/tranthi.vn\/hatinh\/jotun-jotashield-primer-17l-son-lot-chong-kiem-tdp\/","og_site_name":"V\u1eadt Li\u1ec7u X\u00e2y D\u1ef1ng Tr\u1ea7n Th\u1ecb Chi Nh\u00e1nh H\u00e0 T\u0129nh","article_modified_time":"2024-06-12T09:22:16+00:00","og_image":[{"width":400,"height":350,"url":"https:\/\/tranthi.vn\/hatinh\/wp-content\/uploads\/2023\/08\/son-jotun-lot-chong-kiem_da-nang.jpeg","type":"image\/jpeg"}],"twitter_card":"summary_large_image","twitter_misc":{"Gi\u00e1":"1,900,000&nbsp;&#8363;","Kh\u1ea3 d\u1ee5ng":"Trong kho"},"schema":{"@context":"https:\/\/schema.org","@graph":[{"@type":["WebPage","ItemPage"],"@id":"https:\/\/tranthi.vn\/hatinh\/jotun-jotashield-primer-17l-son-lot-chong-kiem-tdp\/","url":"https:\/\/tranthi.vn\/hatinh\/jotun-jotashield-primer-17l-son-lot-chong-kiem-tdp\/","name":"S\u01a1n l\u00f3t ch\u1ed1ng ki\u1ec1m ngo\u1ea1i Jotun Jotashield Primer-17L- T - V\u1eadt Li\u1ec7u X\u00e2y D\u1ef1ng Tr\u1ea7n Th\u1ecb Chi Nh\u00e1nh H\u00e0 T\u0129nh","isPartOf":{"@id":"https:\/\/tranthi.vn\/hatinh\/#website"},"primaryImageOfPage":{"@id":"https:\/\/tranthi.vn\/hatinh\/jotun-jotashield-primer-17l-son-lot-chong-kiem-tdp\/#primaryimage"},"image":{"@id":"https:\/\/tranthi.vn\/hatinh\/jotun-jotashield-primer-17l-son-lot-chong-kiem-tdp\/#primaryimage"},"thumbnailUrl":"https:\/\/tranthi.vn\/hatinh\/wp-content\/uploads\/2023\/08\/son-jotun-lot-chong-kiem_da-nang.jpeg","datePublished":"2023-08-23T01:06:50+00:00","dateModified":"2024-06-12T09:22:16+00:00","breadcrumb":{"@id":"https:\/\/tranthi.vn\/hatinh\/jotun-jotashield-primer-17l-son-lot-chong-kiem-tdp\/#breadcrumb"},"inLanguage":"vi","potentialAction":[{"@type":"ReadAction","target":["https:\/\/tranthi.vn\/hatinh\/jotun-jotashield-primer-17l-son-lot-chong-kiem-tdp\/"]}]},{"@type":"ImageObject","inLanguage":"vi","@id":"https:\/\/tranthi.vn\/hatinh\/jotun-jotashield-primer-17l-son-lot-chong-kiem-tdp\/#primaryimage","url":"https:\/\/tranthi.vn\/hatinh\/wp-content\/uploads\/2023\/08\/son-jotun-lot-chong-kiem_da-nang.jpeg","contentUrl":"https:\/\/tranthi.vn\/hatinh\/wp-content\/uploads\/2023\/08\/son-jotun-lot-chong-kiem_da-nang.jpeg","width":400,"height":350,"caption":"s\u01a1n-jotun-l\u00f3t-ch\u1ed1ng-ki\u1ec1m_\u0111\u00e0 n\u1eb5ng"},{"@type":"BreadcrumbList","@id":"https:\/\/tranthi.vn\/hatinh\/jotun-jotashield-primer-17l-son-lot-chong-kiem-tdp\/#breadcrumb","itemListElement":[{"@type":"ListItem","position":1,"name":"Trang ch\u1ee7","item":"https:\/\/tranthi.vn\/hatinh\/"},{"@type":"ListItem","position":2,"name":"Shop","item":"https:\/\/tranthi.vn\/hatinh\/shop\/"},{"@type":"ListItem","position":3,"name":"S\u01a1n l\u00f3t ch\u1ed1ng ki\u1ec1m ngo\u1ea1i Jotun Jotashield Primer-17L- T"}]},{"@type":"WebSite","@id":"https:\/\/tranthi.vn\/hatinh\/#website","url":"https:\/\/tranthi.vn\/hatinh\/","name":"V\u1eadt Li\u1ec7u X\u00e2y D\u1ef1ng Tr\u1ea7n Th\u1ecb Chi Nh\u00e1nh H\u00e0 T\u0129nh","description":"V\u1eadt Li\u1ec7u X\u00e2y D\u1ef1ng - H\u00e0 T\u0129nh","potentialAction":[{"@type":"SearchAction","target":{"@type":"EntryPoint","urlTemplate":"https:\/\/tranthi.vn\/hatinh\/?s={search_term_string}"},"query-input":"required name=search_term_string"}],"inLanguage":"vi"},{"@type":"ImageObject","inLanguage":"vi","@id":"https:\/\/tranthi.vn\/hatinh\/jotun-jotashield-primer-17l-son-lot-chong-kiem-tdp\/#local-main-organization-logo","url":"","contentUrl":"","caption":"V\u1eadt Li\u1ec7u X\u00e2y D\u1ef1ng Tr\u1ea7n Th\u1ecb Chi Nh\u00e1nh H\u00e0 T\u0129nh"}]},"product_price_amount":"1900000","product_price_currency":"VND","og_availability":"instock","product_availability":"instock","product_condition":"new"},"_links":{"self":[{"href":"https:\/\/tranthi.vn\/hatinh\/wp-json\/wp\/v2\/product\/5887","targetHints":{"allow":["GET"]}}],"collection":[{"href":"https:\/\/tranthi.vn\/hatinh\/wp-json\/wp\/v2\/product"}],"about":[{"href":"https:\/\/tranthi.vn\/hatinh\/wp-json\/wp\/v2\/types\/product"}],"replies":[{"embeddable":true,"href":"https:\/\/tranthi.vn\/hatinh\/wp-json\/wp\/v2\/comments?post=5887"}],"wp:featuredmedia":[{"embeddable":true,"href":"https:\/\/tranthi.vn\/hatinh\/wp-json\/wp\/v2\/media\/5888"}],"wp:attachment":[{"href":"https:\/\/tranthi.vn\/hatinh\/wp-json\/wp\/v2\/media?parent=5887"}],"wp:term":[{"taxonomy":"product_cat","embeddable":true,"href":"https:\/\/tranthi.vn\/hatinh\/wp-json\/wp\/v2\/product_cat?post=5887"},{"taxonomy":"product_tag","embeddable":true,"href":"https:\/\/tranthi.vn\/hatinh\/wp-json\/wp\/v2\/product_tag?post=5887"}],"curies":[{"name":"wp","href":"https:\/\/api.w.org\/{rel}","templated":true}]}}