{"id":4426,"date":"2022-11-19T08:43:20","date_gmt":"2022-11-19T01:43:20","guid":{"rendered":"https:\/\/tranthi.vn\/quangnam\/?post_type=product&#038;p=4426"},"modified":"2024-07-30T13:30:17","modified_gmt":"2024-07-30T06:30:17","slug":"sen-voi-lavabo-nong-lanh-gia-re-ha-tinh","status":"publish","type":"product","link":"https:\/\/tranthi.vn\/hatinh\/sen-voi-lavabo-nong-lanh-gia-re-ha-tinh\/","title":{"rendered":"V\u00f2i Lavabo N\u00f3ng L\u1ea1nh CA330-TL"},"content":{"rendered":"<h1 style=\"text-align: center;\"><span style=\"font-family: 'times new roman', times, serif; font-size: 140%;\">V\u00f2i Lavabo N\u00f3ng L\u1ea1nh <a href=\"https:\/\/vi.wikipedia.org\/wiki\/H%C3%A0_T%C4%A9nh\">H\u00e0 T\u0129nh<\/a><\/span><\/h1>\n<h1><strong><span style=\"font-family: 'times new roman', times, serif; font-size: 120%;\">V\u00f2i Lavabo N\u00f3ng L\u1ea1nh -S\u1ef1 L\u1ef1a Ch\u1ecdn Ho\u00e0n H\u1ea3o Cho M\u1ecdi Kh\u00f4ng Gian Ph\u00f2ng T\u1eafm<\/span><\/strong><\/h1>\n<h3><span style=\"font-family: 'times new roman', times, serif; font-size: 120%;\">Ph\u00f2ng t\u1eafm l\u00e0 m\u1ed9t trong nh\u1eefng kh\u00f4ng gian quan tr\u1ecdng nh\u1ea5t trong m\u1ed7i ng\u00f4i nh\u00e0, v\u00e0 vi\u1ec7c trang b\u1ecb c\u00e1c thi\u1ebft b\u1ecb ti\u1ec7n nghi, hi\u1ec7n \u0111\u1ea1i l\u00e0 \u0111i\u1ec1u c\u1ea7n thi\u1ebft \u0111\u1ec3 n\u00e2ng cao ch\u1ea5t l\u01b0\u1ee3ng cu\u1ed9c s\u1ed1ng. V\u00f2i lavabo n\u00f3ng l\u1ea1nh l\u00e0 m\u1ed9t trong nh\u1eefng s\u1ea3n ph\u1ea9m \u0111\u01b0\u1ee3c \u01b0a chu\u1ed9ng t\u1ea1i<a href=\"https:\/\/vi.wikipedia.org\/wiki\/H%C3%A0_T%C4%A9nh\"><b><i> H\u00e0 T\u0129nh<\/i><\/b><\/a>\u00a0nh\u1edd v\u00e0o t\u00ednh n\u0103ng ti\u1ec7n d\u1ee5ng v\u00e0 th\u1ea9m m\u1ef9 cao.<\/span><\/h3>\n<h1><strong><span style=\"font-family: 'times new roman', times, serif; font-size: 120%;\">1. V\u00f2i Lavabo N\u00f3ng L\u1ea1nh L\u00e0 G\u00ec?<\/span><\/strong><\/h1>\n<h3><span style=\"font-family: 'times new roman', times, serif; font-size: 120%;\">V\u00f2i lavabo n\u00f3ng l\u1ea1nh l\u00e0 thi\u1ebft b\u1ecb v\u1ec7 sinh \u0111\u01b0\u1ee3c thi\u1ebft k\u1ebf \u0111\u1ec3 cung c\u1ea5p c\u1ea3 n\u01b0\u1edbc n\u00f3ng v\u00e0 n\u01b0\u1edbc l\u1ea1nh, cho ph\u00e9p ng\u01b0\u1eddi s\u1eed d\u1ee5ng d\u1ec5 d\u00e0ng \u0111i\u1ec1u ch\u1ec9nh nhi\u1ec7t \u0111\u1ed9 n\u01b0\u1edbc theo nhu c\u1ea7u. Lo\u1ea1i v\u00f2i n\u00e0y th\u01b0\u1eddng \u0111\u01b0\u1ee3c l\u1eafp \u0111\u1eb7t t\u1ea1i lavabo (ch\u1eadu r\u1eeda m\u1eb7t) trong ph\u00f2ng t\u1eafm ho\u1eb7c nh\u00e0 v\u1ec7 sinh. V\u1edbi thi\u1ebft k\u1ebf hi\u1ec7n \u0111\u1ea1i v\u00e0 \u0111a d\u1ea1ng v\u1ec1 ki\u1ec3u d\u00e1ng, v\u00f2i lavabo n\u00f3ng l\u1ea1nh kh\u00f4ng ch\u1ec9 mang l\u1ea1i s\u1ef1 ti\u1ec7n nghi m\u00e0 c\u00f2n t\u0103ng t\u00ednh th\u1ea9m m\u1ef9 cho kh\u00f4ng gian ph\u00f2ng t\u1eafm.<\/span><\/h3>\n<p style=\"text-align: center;\"><iframe loading=\"lazy\" src=\"\/\/www.youtube.com\/embed\/g4IC-4cu5O8\" width=\"560\" height=\"314\" allowfullscreen=\"allowfullscreen\"><\/iframe><\/p>\n<h1><strong><span style=\"font-family: 'times new roman', times, serif; font-size: 120%;\">2. C\u00e1c Lo\u1ea1i V\u00f2i Lavabo N\u00f3ng L\u1ea1nh Ph\u1ed5 Bi\u1ebfn<\/span><\/strong><\/h1>\n<h3><span style=\"font-family: 'times new roman', times, serif; font-size: 120%;\">T\u1ea1i<a href=\"https:\/\/vi.wikipedia.org\/wiki\/H%C3%A0_T%C4%A9nh\"><b><i> H\u00e0 T\u0129nh<\/i><\/b><\/a>, th\u1ecb tr\u01b0\u1eddng v\u00f2i lavabo n\u00f3ng l\u1ea1nh r\u1ea5t \u0111a d\u1ea1ng v\u1edbi nhi\u1ec1u lo\u1ea1i s\u1ea3n ph\u1ea9m kh\u00e1c nhau:<\/span><\/h3>\n<ul>\n<li>\n<h3><span style=\"font-family: 'times new roman', times, serif; font-size: 120%;\">V\u00f2i lavabo n\u00f3ng l\u1ea1nh g\u1eafn t\u01b0\u1eddng: Lo\u1ea1i v\u00f2i n\u00e0y \u0111\u01b0\u1ee3c l\u1eafp \u0111\u1eb7t tr\u1ef1c ti\u1ebfp tr\u00ean t\u01b0\u1eddng, gi\u00fap ti\u1ebft ki\u1ec7m kh\u00f4ng gian v\u00e0 t\u1ea1o n\u00ean v\u1ebb \u0111\u1eb9p hi\u1ec7n \u0111\u1ea1i cho ph\u00f2ng t\u1eafm. V\u00f2i g\u1eafn t\u01b0\u1eddng th\u01b0\u1eddng c\u00f3 thi\u1ebft k\u1ebf tinh t\u1ebf, ph\u00f9 h\u1ee3p v\u1edbi c\u00e1c kh\u00f4ng gian ph\u00f2ng t\u1eafm nh\u1ecf g\u1ecdn.<\/span><\/h3>\n<\/li>\n<li>\n<h3><span style=\"font-family: 'times new roman', times, serif; font-size: 120%;\">V\u00f2i lavabo n\u00f3ng l\u1ea1nh \u0111\u1eb7t b\u00e0n: \u0110\u00e2y l\u00e0 lo\u1ea1i v\u00f2i \u0111\u01b0\u1ee3c l\u1eafp \u0111\u1eb7t tr\u00ean m\u1eb7t b\u00e0n lavabo, mang l\u1ea1i s\u1ef1 ti\u1ec7n l\u1ee3i khi s\u1eed d\u1ee5ng. V\u00f2i \u0111\u1eb7t b\u00e0n c\u00f3 nhi\u1ec1u ki\u1ec3u d\u00e1ng v\u00e0 ch\u1ea5t li\u1ec7u kh\u00e1c nhau, t\u1eeb inox, \u0111\u1ed3ng thau \u0111\u1ebfn c\u00e1c lo\u1ea1i h\u1ee3p kim cao c\u1ea5p.<\/span><\/h3>\n<\/li>\n<li>\n<h3><span style=\"font-family: 'times new roman', times, serif; font-size: 120%;\">V\u00f2i lavabo c\u1ea3m \u1ee9ng: Lo\u1ea1i v\u00f2i n\u00e0y \u0111\u01b0\u1ee3c trang b\u1ecb c\u00f4ng ngh\u1ec7 c\u1ea3m \u1ee9ng, cho ph\u00e9p ng\u01b0\u1eddi d\u00f9ng \u0111i\u1ec1u ch\u1ec9nh nhi\u1ec7t \u0111\u1ed9 v\u00e0 l\u01b0u l\u01b0\u1ee3ng n\u01b0\u1edbc m\u00e0 kh\u00f4ng c\u1ea7n ch\u1ea1m tay. V\u00f2i c\u1ea3m \u1ee9ng mang l\u1ea1i s\u1ef1 ti\u1ec7n nghi v\u00e0 v\u1ec7 sinh, \u0111\u1eb7c bi\u1ec7t ph\u00f9 h\u1ee3p cho c\u00e1c gia \u0111\u00ecnh c\u00f3 tr\u1ebb nh\u1ecf ho\u1eb7c ng\u01b0\u1eddi cao tu\u1ed5i.<\/span><\/h3>\n<\/li>\n<\/ul>\n<p style=\"text-align: center;\"><iframe loading=\"lazy\" src=\"\/\/www.youtube.com\/embed\/DCdrgy-tJmw?pp=ygUpVsOyaSBMYXZhYm8gTsOzbmcgTOG6oW5oIGPDsyBt4bqleSBsb-G6oWk\" width=\"560\" height=\"314\" allowfullscreen=\"allowfullscreen\"><\/iframe><\/p>\n<h1><strong><span style=\"font-family: 'times new roman', times, serif; font-size: 120%;\">3. L\u1ee3i \u00cdch Khi S\u1eed D\u1ee5ng V\u00f2i Lavabo N\u00f3ng L\u1ea1nh<\/span><\/strong><\/h1>\n<ul>\n<li>\n<h3><span style=\"font-family: 'times new roman', times, serif; font-size: 120%;\">Ti\u1ec7n nghi v\u00e0 linh ho\u1ea1t: V\u00f2i lavabo n\u00f3ng l\u1ea1nh cho ph\u00e9p ng\u01b0\u1eddi d\u00f9ng d\u1ec5 d\u00e0ng \u0111i\u1ec1u ch\u1ec9nh nhi\u1ec7t \u0111\u1ed9 n\u01b0\u1edbc theo \u00fd mu\u1ed1n, mang l\u1ea1i s\u1ef1 tho\u1ea3i m\u00e1i khi s\u1eed d\u1ee5ng, \u0111\u1eb7c bi\u1ec7t l\u00e0 trong nh\u1eefng ng\u00e0y th\u1eddi ti\u1ebft l\u1ea1nh.<\/span><\/h3>\n<\/li>\n<li>\n<h3><span style=\"font-family: 'times new roman', times, serif; font-size: 120%;\">Ti\u1ebft ki\u1ec7m n\u01b0\u1edbc: Nhi\u1ec1u lo\u1ea1i v\u00f2i lavabo n\u00f3ng l\u1ea1nh \u0111\u01b0\u1ee3c thi\u1ebft k\u1ebf v\u1edbi c\u00f4ng ngh\u1ec7 ti\u1ebft ki\u1ec7m n\u01b0\u1edbc, gi\u00fap gi\u1ea3m thi\u1ec3u l\u01b0\u1ee3ng n\u01b0\u1edbc ti\u00eau th\u1ee5 m\u00e0 v\u1eabn \u0111\u1ea3m b\u1ea3o hi\u1ec7u qu\u1ea3 s\u1eed d\u1ee5ng.<\/span><\/h3>\n<\/li>\n<li>\n<h3><span style=\"font-family: 'times new roman', times, serif; font-size: 120%;\">T\u0103ng t\u00ednh th\u1ea9m m\u1ef9: V\u1edbi thi\u1ebft k\u1ebf hi\u1ec7n \u0111\u1ea1i v\u00e0 \u0111a d\u1ea1ng, v\u00f2i lavabo n\u00f3ng l\u1ea1nh kh\u00f4ng ch\u1ec9 l\u00e0 thi\u1ebft b\u1ecb v\u1ec7 sinh ti\u1ec7n d\u1ee5ng m\u00e0 c\u00f2n l\u00e0 v\u1eadt trang tr\u00ed, t\u1ea1o n\u00ean v\u1ebb \u0111\u1eb9p sang tr\u1ecdng v\u00e0 hi\u1ec7n \u0111\u1ea1i cho kh\u00f4ng gian ph\u00f2ng t\u1eafm.<\/span><\/h3>\n<\/li>\n<li>\n<h3><span style=\"font-family: 'times new roman', times, serif; font-size: 120%;\">An to\u00e0n v\u00e0 b\u1ec1n b\u1ec9: C\u00e1c s\u1ea3n ph\u1ea9m v\u00f2i lavabo n\u00f3ng l\u1ea1nh th\u01b0\u1eddng \u0111\u01b0\u1ee3c l\u00e0m t\u1eeb ch\u1ea5t li\u1ec7u cao c\u1ea5p, \u0111\u1ea3m b\u1ea3o \u0111\u1ed9 b\u1ec1n v\u00e0 an to\u00e0n cho ng\u01b0\u1eddi s\u1eed d\u1ee5ng. Nhi\u1ec1u lo\u1ea1i v\u00f2i c\u00f2n \u0111\u01b0\u1ee3c trang b\u1ecb h\u1ec7 th\u1ed1ng ch\u1ed1ng b\u1ecfng, gi\u00fap b\u1ea3o v\u1ec7 ng\u01b0\u1eddi d\u00f9ng kh\u1ecfi nguy c\u01a1 b\u1ecb b\u1ecfng n\u01b0\u1edbc n\u00f3ng.<\/span><\/h3>\n<\/li>\n<\/ul>\n<h1><strong><span style=\"font-family: 'times new roman', times, serif; font-size: 120%;\">4. L\u00fd Do N\u00ean Ch\u1ecdn V\u00f2i Lavabo N\u00f3ng L\u1ea1nh T\u1ea1i <a href=\"https:\/\/vi.wikipedia.org\/wiki\/H%C3%A0_T%C4%A9nh\"><i>H\u00e0 T\u0129nh<\/i><\/a><\/span><\/strong><\/h1>\n<ul>\n<li>\n<h3><span style=\"font-family: 'times new roman', times, serif; font-size: 120%;\">\u0110a d\u1ea1ng m\u1eabu m\u00e3 v\u00e0 gi\u00e1 c\u1ea3: , b\u1ea1n c\u00f3 th\u1ec3 d\u1ec5 d\u00e0ng t\u00ecm th\u1ea5y nhi\u1ec1u lo\u1ea1i v\u00f2i lavabo n\u00f3ng l\u1ea1nh t\u1eeb c\u00e1c th\u01b0\u01a1ng hi\u1ec7u n\u1ed5i ti\u1ebfng v\u1edbi m\u1ee9c gi\u00e1 h\u1ee3p l\u00fd, ph\u00f9 h\u1ee3p v\u1edbi nhu c\u1ea7u v\u00e0 ng\u00e2n s\u00e1ch c\u1ee7a m\u00ecnh.<\/span><\/h3>\n<\/li>\n<li>\n<h3><span style=\"font-family: 'times new roman', times, serif; font-size: 120%;\">Ch\u1ea5t l\u01b0\u1ee3ng \u0111\u1ea3m b\u1ea3o: C\u00e1c nh\u00e0 cung c\u1ea5p t\u1ea1i \u0111\u00e2y cam k\u1ebft mang \u0111\u1ebfn nh\u1eefng s\u1ea3n ph\u1ea9m ch\u1ea5t l\u01b0\u1ee3ng cao, \u0111\u01b0\u1ee3c ki\u1ec3m \u0111\u1ecbnh k\u1ef9 l\u01b0\u1ee1ng tr\u01b0\u1edbc khi \u0111\u1ebfn tay ng\u01b0\u1eddi ti\u00eau d\u00f9ng.<\/span><\/h3>\n<\/li>\n<li>\n<h3><span style=\"font-family: 'times new roman', times, serif; font-size: 120%;\">D\u1ecbch v\u1ee5 h\u1eadu m\u00e3i t\u1ed1t: Nhi\u1ec1u c\u1eeda h\u00e0ng v\u00e0 nh\u00e0 ph\u00e2n ph\u1ed1i\u00a0 cung c\u1ea5p d\u1ecbch v\u1ee5 l\u1eafp \u0111\u1eb7t, b\u1ea3o h\u00e0nh v\u00e0 b\u1ea3o tr\u00ec chuy\u00ean nghi\u1ec7p, gi\u00fap b\u1ea1n y\u00ean t\u00e2m khi s\u1eed d\u1ee5ng s\u1ea3n ph\u1ea9m.<\/span><\/h3>\n<\/li>\n<li>\n<h3><span style=\"font-family: 'times new roman', times, serif; font-size: 120%;\">T\u01b0 v\u1ea5n nhi\u1ec7t t\u00ecnh: \u0110\u1ed9i ng\u0169 nh\u00e2n vi\u00ean b\u00e1n h\u00e0ng lu\u00f4n s\u1eb5n s\u00e0ng t\u01b0 v\u1ea5n, gi\u1ea3i \u0111\u00e1p m\u1ecdi th\u1eafc m\u1eafc c\u1ee7a kh\u00e1ch h\u00e0ng, gi\u00fap b\u1ea1n l\u1ef1a ch\u1ecdn s\u1ea3n ph\u1ea9m ph\u00f9 h\u1ee3p nh\u1ea5t v\u1edbi nhu c\u1ea7u s\u1eed d\u1ee5ng.<\/span><\/h3>\n<\/li>\n<\/ul>\n","protected":false},"excerpt":{"rendered":"<p><span style=\"font-family: 'times new roman', times, serif;\"><strong><span style=\"font-size: 130%;\"><img decoding=\"async\" class=\"emoji\" draggable=\"false\" src=\"https:\/\/s.w.org\/images\/core\/emoji\/12.0.0-1\/svg\/1f61b.svg\" alt=\"\ud83d\ude1b\" \/><\/span><\/strong><span style=\"font-size: 130%;\">Ch\u1ea5t Li\u1ec7u: <em>\u0111\u1ed3ng thau m\u1ea1 crom<\/em><\/span><\/span><\/p>\n<p><span style=\"font-family: 'times new roman', times, serif; font-size: 130%;\"><img decoding=\"async\" class=\"emoji\" draggable=\"false\" src=\"https:\/\/s.w.org\/images\/core\/emoji\/12.0.0-1\/svg\/1f61b.svg\" alt=\"\ud83d\ude1b\" \/> \u0110\u01a1n v\u1ecb t\u00ednh: C\u00e1i<\/span><\/p>\n<p><span style=\"font-family: 'times new roman', times, serif; font-size: 130%;\"><strong><img decoding=\"async\" class=\"emoji\" draggable=\"false\" src=\"https:\/\/s.w.org\/images\/core\/emoji\/12.0.0-1\/svg\/1f61b.svg\" alt=\"\ud83d\ude1b\" \/>\u00a0\u0110\u01a1n gi\u00e1<em>:<\/em><\/strong><\/span><\/p>\n<ul>\n<li><span style=\"font-family: 'times new roman', times, serif; font-size: 130%;\"><strong><span style=\"color: #d83131;\">cao 30cm &#8211;<\/span><span style=\"color: #d83131;\">Gi\u00e1: 750.000 \u0111\/C\u00e1i\u00a0<\/span><\/strong><\/span><\/li>\n<li><span style=\"font-family: 'times new roman', times, serif; font-size: 130%;\"><strong style=\"color: #555555;\"><span style=\"color: #d83131;\">cao 20cm -Gi\u00e1: 700.000 \u0111\/C\u00e1i\u00a0<\/span><\/strong><\/span><\/li>\n<\/ul>\n<p><span style=\"font-family: 'times new roman', times, serif; font-size: 130%;\"><strong><img decoding=\"async\" class=\"emoji\" draggable=\"false\" src=\"https:\/\/s.w.org\/images\/core\/emoji\/12.0.0-1\/svg\/1f61b.svg\" alt=\"\ud83d\ude1b\" \/><\/strong>Gi\u00e1 ch\u01b0a bao g\u1ed3m d\u00e2y c\u1ea5p (40.000\u0111\/d\u00e2y )<\/span><\/p>\n<p><span style=\"font-family: 'times new roman', times, serif; font-size: 130%;\"><strong><span style=\"color: #3366ff;\"><img decoding=\"async\" class=\"emoji\" draggable=\"false\" src=\"https:\/\/s.w.org\/images\/core\/emoji\/12.0.0-1\/svg\/1f61b.svg\" alt=\"\ud83d\ude1b\" \/> Giao h\u00e0ng trong \u0111\u1ecba b\u00e0n <a href=\"https:\/\/vi.wikipedia.org\/wiki\/H%C3%A0_T%C4%A9nh\">H\u00e0 T\u0129nh<\/a><\/span><\/strong><\/span><\/p>\n","protected":false},"featured_media":4427,"comment_status":"closed","ping_status":"closed","template":"","meta":[],"product_cat":[179,186,375],"product_tag":[477],"class_list":{"0":"post-4426","1":"product","2":"type-product","3":"status-publish","4":"has-post-thumbnail","6":"product_cat-thiet-bi-ve-sinh-da-nang","7":"product_cat-sen-voi","8":"product_cat-thiet-bi-ve-sinh-sen-voi-sen-voi-nong-lanh-voi-lavabo-nong-lanh","9":"product_tag-gia-voi-lavabo-nong-lanh-ha-tinh","11":"first","12":"instock","13":"sale","14":"shipping-taxable","15":"purchasable","16":"product-type-simple"},"yoast_head":"<!-- This site is optimized with the Yoast SEO Premium plugin v22.3 (Yoast SEO v22.8) - https:\/\/yoast.com\/wordpress\/plugins\/seo\/ -->\n<title>V\u00f2i lavabo n\u00f3ng l\u1ea1nh t\u1ea1i H\u00e0 T\u0129nh- 0947335871<\/title>\n<meta name=\"description\" content=\"Tr\u1ea7n Th\u1ecb chuy\u00ean cung c\u1ea5p v\u00f2i lavabo n\u00f3ng l\u1ea1nh inox 304 gi\u00e1 r\u1ebb t\u1ea1i H\u00e0 T\u0129nh, v\u1edbi nh\u1eefng m\u1eabu v\u00f2i lavabo chi ph\u00ed th\u1ea5p ti\u1ec7n l\u1ee3i v\u00e0 b\u1ec1n \u0111\u1eb9p\" \/>\n<meta name=\"robots\" content=\"index, follow, max-snippet:-1, max-image-preview:large, max-video-preview:-1\" \/>\n<link rel=\"canonical\" href=\"https:\/\/tranthi.vn\/hatinh\/sen-voi-lavabo-nong-lanh-gia-re-ha-tinh\/\" \/>\n<meta property=\"og:locale\" content=\"vi_VN\" \/>\n<meta property=\"og:type\" content=\"article\" \/>\n<meta property=\"og:title\" content=\"V\u00f2i Lavabo N\u00f3ng L\u1ea1nh CA330-TL\" \/>\n<meta property=\"og:description\" content=\"Tr\u1ea7n Th\u1ecb chuy\u00ean cung c\u1ea5p v\u00f2i lavabo n\u00f3ng l\u1ea1nh inox 304 gi\u00e1 r\u1ebb t\u1ea1i H\u00e0 T\u0129nh, v\u1edbi nh\u1eefng m\u1eabu v\u00f2i lavabo chi ph\u00ed th\u1ea5p ti\u1ec7n l\u1ee3i v\u00e0 b\u1ec1n \u0111\u1eb9p\" \/>\n<meta property=\"og:url\" content=\"https:\/\/tranthi.vn\/hatinh\/sen-voi-lavabo-nong-lanh-gia-re-ha-tinh\/\" \/>\n<meta property=\"og:site_name\" content=\"V\u1eadt Li\u1ec7u X\u00e2y D\u1ef1ng Tr\u1ea7n Th\u1ecb Chi Nh\u00e1nh H\u00e0 T\u0129nh\" \/>\n<meta property=\"article:modified_time\" content=\"2024-07-30T06:30:17+00:00\" \/>\n<meta property=\"og:image\" content=\"https:\/\/tranthi.vn\/hatinh\/wp-content\/uploads\/2022\/11\/sen-voi-lavabo-nong-lanh-ma-crom-trang-tai-da-nang_optimized.jpg\" \/>\n\t<meta property=\"og:image:width\" content=\"400\" \/>\n\t<meta property=\"og:image:height\" content=\"400\" \/>\n\t<meta property=\"og:image:type\" content=\"image\/jpeg\" \/>\n<meta name=\"twitter:card\" content=\"summary_large_image\" \/>\n<meta name=\"twitter:label1\" content=\"Gi\u00e1\" \/>\n\t<meta name=\"twitter:data1\" content=\"750,000&nbsp;&#8363;\" \/>\n\t<meta name=\"twitter:label2\" content=\"Kh\u1ea3 d\u1ee5ng\" \/>\n\t<meta name=\"twitter:data2\" content=\"Trong kho\" \/>\n<script type=\"application\/ld+json\" class=\"yoast-schema-graph\">{\"@context\":\"https:\/\/schema.org\",\"@graph\":[{\"@type\":[\"WebPage\",\"ItemPage\"],\"@id\":\"https:\/\/tranthi.vn\/hatinh\/sen-voi-lavabo-nong-lanh-gia-re-ha-tinh\/\",\"url\":\"https:\/\/tranthi.vn\/hatinh\/sen-voi-lavabo-nong-lanh-gia-re-ha-tinh\/\",\"name\":\"V\u00f2i lavabo n\u00f3ng l\u1ea1nh t\u1ea1i H\u00e0 T\u0129nh- 0947335871\",\"isPartOf\":{\"@id\":\"https:\/\/tranthi.vn\/hatinh\/#website\"},\"primaryImageOfPage\":{\"@id\":\"https:\/\/tranthi.vn\/hatinh\/sen-voi-lavabo-nong-lanh-gia-re-ha-tinh\/#primaryimage\"},\"image\":{\"@id\":\"https:\/\/tranthi.vn\/hatinh\/sen-voi-lavabo-nong-lanh-gia-re-ha-tinh\/#primaryimage\"},\"thumbnailUrl\":\"https:\/\/tranthi.vn\/hatinh\/wp-content\/uploads\/2022\/11\/sen-voi-lavabo-nong-lanh-ma-crom-trang-tai-da-nang_optimized.jpg\",\"datePublished\":\"2022-11-19T01:43:20+00:00\",\"dateModified\":\"2024-07-30T06:30:17+00:00\",\"description\":\"Tr\u1ea7n Th\u1ecb chuy\u00ean cung c\u1ea5p v\u00f2i lavabo n\u00f3ng l\u1ea1nh inox 304 gi\u00e1 r\u1ebb t\u1ea1i H\u00e0 T\u0129nh, v\u1edbi nh\u1eefng m\u1eabu v\u00f2i lavabo chi ph\u00ed th\u1ea5p ti\u1ec7n l\u1ee3i v\u00e0 b\u1ec1n \u0111\u1eb9p\",\"breadcrumb\":{\"@id\":\"https:\/\/tranthi.vn\/hatinh\/sen-voi-lavabo-nong-lanh-gia-re-ha-tinh\/#breadcrumb\"},\"inLanguage\":\"vi\",\"potentialAction\":[{\"@type\":\"ReadAction\",\"target\":[\"https:\/\/tranthi.vn\/hatinh\/sen-voi-lavabo-nong-lanh-gia-re-ha-tinh\/\"]}]},{\"@type\":\"ImageObject\",\"inLanguage\":\"vi\",\"@id\":\"https:\/\/tranthi.vn\/hatinh\/sen-voi-lavabo-nong-lanh-gia-re-ha-tinh\/#primaryimage\",\"url\":\"https:\/\/tranthi.vn\/hatinh\/wp-content\/uploads\/2022\/11\/sen-voi-lavabo-nong-lanh-ma-crom-trang-tai-da-nang_optimized.jpg\",\"contentUrl\":\"https:\/\/tranthi.vn\/hatinh\/wp-content\/uploads\/2022\/11\/sen-voi-lavabo-nong-lanh-ma-crom-trang-tai-da-nang_optimized.jpg\",\"width\":400,\"height\":400},{\"@type\":\"BreadcrumbList\",\"@id\":\"https:\/\/tranthi.vn\/hatinh\/sen-voi-lavabo-nong-lanh-gia-re-ha-tinh\/#breadcrumb\",\"itemListElement\":[{\"@type\":\"ListItem\",\"position\":1,\"name\":\"Trang ch\u1ee7\",\"item\":\"https:\/\/tranthi.vn\/hatinh\/\"},{\"@type\":\"ListItem\",\"position\":2,\"name\":\"Shop\",\"item\":\"https:\/\/tranthi.vn\/hatinh\/shop\/\"},{\"@type\":\"ListItem\",\"position\":3,\"name\":\"V\u00f2i Lavabo N\u00f3ng L\u1ea1nh CA330-TL\"}]},{\"@type\":\"WebSite\",\"@id\":\"https:\/\/tranthi.vn\/hatinh\/#website\",\"url\":\"https:\/\/tranthi.vn\/hatinh\/\",\"name\":\"V\u1eadt Li\u1ec7u X\u00e2y D\u1ef1ng Tr\u1ea7n Th\u1ecb Chi Nh\u00e1nh H\u00e0 T\u0129nh\",\"description\":\"V\u1eadt Li\u1ec7u X\u00e2y D\u1ef1ng - H\u00e0 T\u0129nh\",\"potentialAction\":[{\"@type\":\"SearchAction\",\"target\":{\"@type\":\"EntryPoint\",\"urlTemplate\":\"https:\/\/tranthi.vn\/hatinh\/?s={search_term_string}\"},\"query-input\":\"required name=search_term_string\"}],\"inLanguage\":\"vi\"},{\"@type\":\"ImageObject\",\"inLanguage\":\"vi\",\"@id\":\"https:\/\/tranthi.vn\/hatinh\/sen-voi-lavabo-nong-lanh-gia-re-ha-tinh\/#local-main-organization-logo\",\"url\":\"\",\"contentUrl\":\"\",\"caption\":\"V\u1eadt Li\u1ec7u X\u00e2y D\u1ef1ng Tr\u1ea7n Th\u1ecb Chi Nh\u00e1nh H\u00e0 T\u0129nh\"}]}<\/script>\n<meta property=\"product:price:amount\" content=\"750000\" \/>\n<meta property=\"product:price:currency\" content=\"VND\" \/>\n<meta property=\"og:availability\" content=\"instock\" \/>\n<meta property=\"product:availability\" content=\"instock\" \/>\n<meta property=\"product:condition\" content=\"new\" \/>\n<!-- \/ Yoast SEO Premium plugin. -->","yoast_head_json":{"title":"V\u00f2i lavabo n\u00f3ng l\u1ea1nh t\u1ea1i H\u00e0 T\u0129nh- 0947335871","description":"Tr\u1ea7n Th\u1ecb chuy\u00ean cung c\u1ea5p v\u00f2i lavabo n\u00f3ng l\u1ea1nh inox 304 gi\u00e1 r\u1ebb t\u1ea1i H\u00e0 T\u0129nh, v\u1edbi nh\u1eefng m\u1eabu v\u00f2i lavabo chi ph\u00ed th\u1ea5p ti\u1ec7n l\u1ee3i v\u00e0 b\u1ec1n \u0111\u1eb9p","robots":{"index":"index","follow":"follow","max-snippet":"max-snippet:-1","max-image-preview":"max-image-preview:large","max-video-preview":"max-video-preview:-1"},"canonical":"https:\/\/tranthi.vn\/hatinh\/sen-voi-lavabo-nong-lanh-gia-re-ha-tinh\/","og_locale":"vi_VN","og_type":"article","og_title":"V\u00f2i Lavabo N\u00f3ng L\u1ea1nh CA330-TL","og_description":"Tr\u1ea7n Th\u1ecb chuy\u00ean cung c\u1ea5p v\u00f2i lavabo n\u00f3ng l\u1ea1nh inox 304 gi\u00e1 r\u1ebb t\u1ea1i H\u00e0 T\u0129nh, v\u1edbi nh\u1eefng m\u1eabu v\u00f2i lavabo chi ph\u00ed th\u1ea5p ti\u1ec7n l\u1ee3i v\u00e0 b\u1ec1n \u0111\u1eb9p","og_url":"https:\/\/tranthi.vn\/hatinh\/sen-voi-lavabo-nong-lanh-gia-re-ha-tinh\/","og_site_name":"V\u1eadt Li\u1ec7u X\u00e2y D\u1ef1ng Tr\u1ea7n Th\u1ecb Chi Nh\u00e1nh H\u00e0 T\u0129nh","article_modified_time":"2024-07-30T06:30:17+00:00","og_image":[{"width":400,"height":400,"url":"https:\/\/tranthi.vn\/hatinh\/wp-content\/uploads\/2022\/11\/sen-voi-lavabo-nong-lanh-ma-crom-trang-tai-da-nang_optimized.jpg","type":"image\/jpeg"}],"twitter_card":"summary_large_image","twitter_misc":{"Gi\u00e1":"750,000&nbsp;&#8363;","Kh\u1ea3 d\u1ee5ng":"Trong kho"},"schema":{"@context":"https:\/\/schema.org","@graph":[{"@type":["WebPage","ItemPage"],"@id":"https:\/\/tranthi.vn\/hatinh\/sen-voi-lavabo-nong-lanh-gia-re-ha-tinh\/","url":"https:\/\/tranthi.vn\/hatinh\/sen-voi-lavabo-nong-lanh-gia-re-ha-tinh\/","name":"V\u00f2i lavabo n\u00f3ng l\u1ea1nh t\u1ea1i H\u00e0 T\u0129nh- 0947335871","isPartOf":{"@id":"https:\/\/tranthi.vn\/hatinh\/#website"},"primaryImageOfPage":{"@id":"https:\/\/tranthi.vn\/hatinh\/sen-voi-lavabo-nong-lanh-gia-re-ha-tinh\/#primaryimage"},"image":{"@id":"https:\/\/tranthi.vn\/hatinh\/sen-voi-lavabo-nong-lanh-gia-re-ha-tinh\/#primaryimage"},"thumbnailUrl":"https:\/\/tranthi.vn\/hatinh\/wp-content\/uploads\/2022\/11\/sen-voi-lavabo-nong-lanh-ma-crom-trang-tai-da-nang_optimized.jpg","datePublished":"2022-11-19T01:43:20+00:00","dateModified":"2024-07-30T06:30:17+00:00","description":"Tr\u1ea7n Th\u1ecb chuy\u00ean cung c\u1ea5p v\u00f2i lavabo n\u00f3ng l\u1ea1nh inox 304 gi\u00e1 r\u1ebb t\u1ea1i H\u00e0 T\u0129nh, v\u1edbi nh\u1eefng m\u1eabu v\u00f2i lavabo chi ph\u00ed th\u1ea5p ti\u1ec7n l\u1ee3i v\u00e0 b\u1ec1n \u0111\u1eb9p","breadcrumb":{"@id":"https:\/\/tranthi.vn\/hatinh\/sen-voi-lavabo-nong-lanh-gia-re-ha-tinh\/#breadcrumb"},"inLanguage":"vi","potentialAction":[{"@type":"ReadAction","target":["https:\/\/tranthi.vn\/hatinh\/sen-voi-lavabo-nong-lanh-gia-re-ha-tinh\/"]}]},{"@type":"ImageObject","inLanguage":"vi","@id":"https:\/\/tranthi.vn\/hatinh\/sen-voi-lavabo-nong-lanh-gia-re-ha-tinh\/#primaryimage","url":"https:\/\/tranthi.vn\/hatinh\/wp-content\/uploads\/2022\/11\/sen-voi-lavabo-nong-lanh-ma-crom-trang-tai-da-nang_optimized.jpg","contentUrl":"https:\/\/tranthi.vn\/hatinh\/wp-content\/uploads\/2022\/11\/sen-voi-lavabo-nong-lanh-ma-crom-trang-tai-da-nang_optimized.jpg","width":400,"height":400},{"@type":"BreadcrumbList","@id":"https:\/\/tranthi.vn\/hatinh\/sen-voi-lavabo-nong-lanh-gia-re-ha-tinh\/#breadcrumb","itemListElement":[{"@type":"ListItem","position":1,"name":"Trang ch\u1ee7","item":"https:\/\/tranthi.vn\/hatinh\/"},{"@type":"ListItem","position":2,"name":"Shop","item":"https:\/\/tranthi.vn\/hatinh\/shop\/"},{"@type":"ListItem","position":3,"name":"V\u00f2i Lavabo N\u00f3ng L\u1ea1nh CA330-TL"}]},{"@type":"WebSite","@id":"https:\/\/tranthi.vn\/hatinh\/#website","url":"https:\/\/tranthi.vn\/hatinh\/","name":"V\u1eadt Li\u1ec7u X\u00e2y D\u1ef1ng Tr\u1ea7n Th\u1ecb Chi Nh\u00e1nh H\u00e0 T\u0129nh","description":"V\u1eadt Li\u1ec7u X\u00e2y D\u1ef1ng - H\u00e0 T\u0129nh","potentialAction":[{"@type":"SearchAction","target":{"@type":"EntryPoint","urlTemplate":"https:\/\/tranthi.vn\/hatinh\/?s={search_term_string}"},"query-input":"required name=search_term_string"}],"inLanguage":"vi"},{"@type":"ImageObject","inLanguage":"vi","@id":"https:\/\/tranthi.vn\/hatinh\/sen-voi-lavabo-nong-lanh-gia-re-ha-tinh\/#local-main-organization-logo","url":"","contentUrl":"","caption":"V\u1eadt Li\u1ec7u X\u00e2y D\u1ef1ng Tr\u1ea7n Th\u1ecb Chi Nh\u00e1nh H\u00e0 T\u0129nh"}]},"product_price_amount":"750000","product_price_currency":"VND","og_availability":"instock","product_availability":"instock","product_condition":"new"},"_links":{"self":[{"href":"https:\/\/tranthi.vn\/hatinh\/wp-json\/wp\/v2\/product\/4426","targetHints":{"allow":["GET"]}}],"collection":[{"href":"https:\/\/tranthi.vn\/hatinh\/wp-json\/wp\/v2\/product"}],"about":[{"href":"https:\/\/tranthi.vn\/hatinh\/wp-json\/wp\/v2\/types\/product"}],"replies":[{"embeddable":true,"href":"https:\/\/tranthi.vn\/hatinh\/wp-json\/wp\/v2\/comments?post=4426"}],"wp:featuredmedia":[{"embeddable":true,"href":"https:\/\/tranthi.vn\/hatinh\/wp-json\/wp\/v2\/media\/4427"}],"wp:attachment":[{"href":"https:\/\/tranthi.vn\/hatinh\/wp-json\/wp\/v2\/media?parent=4426"}],"wp:term":[{"taxonomy":"product_cat","embeddable":true,"href":"https:\/\/tranthi.vn\/hatinh\/wp-json\/wp\/v2\/product_cat?post=4426"},{"taxonomy":"product_tag","embeddable":true,"href":"https:\/\/tranthi.vn\/hatinh\/wp-json\/wp\/v2\/product_tag?post=4426"}],"curies":[{"name":"wp","href":"https:\/\/api.w.org\/{rel}","templated":true}]}}