{"id":4078,"date":"2022-06-10T11:15:28","date_gmt":"2022-06-10T04:15:28","guid":{"rendered":"https:\/\/tranthi.vn\/quangnam\/?post_type=product&#038;p=4078"},"modified":"2024-07-31T09:03:11","modified_gmt":"2024-07-31T02:03:11","slug":"tu-do-kho-gia-re-ha-tinh","status":"publish","type":"product","link":"https:\/\/tranthi.vn\/hatinh\/tu-do-kho-gia-re-ha-tinh\/","title":{"rendered":"T\u1ee7 \u0110\u1ed3 Kh\u00f4 5 t\u1ea7ng GG450-T\u0110P"},"content":{"rendered":"<h1 style=\"text-align: center;\"><span style=\"font-family: 'times new roman', times, serif; font-size: 140%;\">T\u1ee7 \u0111\u1ed3 kh\u00f4 H\u00e0 T\u0129nh<\/span><\/h1>\n<h1><strong><span style=\"font-family: 'times new roman', times, serif; font-size: 120%;\">T\u1ee7 \u0110\u1ef1ng \u0110\u1ed3 Kh\u00f4 &#8211; Gi\u1ea3i Ph\u00e1p Tinh T\u1ebf Cho Kh\u00f4ng Gian B\u1ebfp G\u1ecdn G\u00e0ng<\/span><\/strong><\/h1>\n<h3><span style=\"font-family: 'times new roman', times, serif; font-size: 120%;\">T\u1ee7 \u0111\u1ef1ng \u0111\u1ed3 kh\u00f4 \u0111ang tr\u1edf th\u00e0nh m\u1ed9t ph\u1ea7n quan tr\u1ecdng trong thi\u1ebft k\u1ebf b\u1ebfp hi\u1ec7n \u0111\u1ea1i t\u1ea1i <a href=\"https:\/\/vi.wikipedia.org\/wiki\/H%C3%A0_T%C4%A9nh\"><i>H\u00e0 T\u0129nh<\/i><\/a>. V\u1edbi s\u1ef1 ph\u00e1t tri\u1ec3n nhanh ch\u00f3ng c\u1ee7a \u0111\u00f4 th\u1ecb v\u00e0 nhu c\u1ea7u ng\u00e0y c\u00e0ng cao v\u1ec1 t\u1ed5 ch\u1ee9c kh\u00f4ng gian s\u1ed1ng, vi\u1ec7c s\u1edf h\u1eefu m\u1ed9t chi\u1ebfc t\u1ee7 \u0111\u1ef1ng \u0111\u1ed3 kh\u00f4 kh\u00f4ng ch\u1ec9 gi\u00fap c\u0103n b\u1ebfp tr\u1edf n\u00ean g\u1ecdn g\u00e0ng m\u00e0 c\u00f2n n\u00e2ng cao t\u00ednh th\u1ea9m m\u1ef9 v\u00e0 ti\u1ec7n nghi.<\/span><\/h3>\n<h1><strong><span style=\"font-family: 'times new roman', times, serif; font-size: 120%;\">1. Gi\u1edbi Thi\u1ec7u V\u1ec1 T\u1ee7 \u0110\u1ef1ng \u0110\u1ed3 Kh\u00f4<\/span><\/strong><\/h1>\n<h3><span style=\"font-family: 'times new roman', times, serif; font-size: 120%;\">T\u1ee7 \u0111\u1ef1ng \u0111\u1ed3 kh\u00f4 l\u00e0 m\u1ed9t lo\u1ea1i t\u1ee7 thi\u1ebft k\u1ebf \u0111\u1eb7c bi\u1ec7t \u0111\u1ec3 l\u01b0u tr\u1eef c\u00e1c lo\u1ea1i th\u1ef1c ph\u1ea9m kh\u00f4 nh\u01b0 g\u1ea1o, \u0111\u1eadu, m\u00ec, gia v\u1ecb, v\u00e0 c\u00e1c s\u1ea3n ph\u1ea9m kh\u00e1c kh\u00f4ng c\u1ea7n b\u1ea3o qu\u1ea3n l\u1ea1nh. T\u1ee7 th\u01b0\u1eddng \u0111\u01b0\u1ee3c thi\u1ebft k\u1ebf v\u1edbi nhi\u1ec1u ng\u0103n k\u1ec7, h\u1ed9p \u0111\u1ef1ng, v\u00e0 h\u1ec7 th\u1ed1ng ph\u00e2n chia th\u00f4ng minh \u0111\u1ec3 t\u1ed1i \u01b0u h\u00f3a kh\u00f4ng gian l\u01b0u tr\u1eef v\u00e0 gi\u00fap ng\u01b0\u1eddi s\u1eed d\u1ee5ng d\u1ec5 d\u00e0ng t\u00ecm ki\u1ebfm v\u00e0 l\u1ea5y \u0111\u1ed3. C\u00e1c m\u1eabu t\u1ee7 \u0111\u1ef1ng \u0111\u1ed3 kh\u00f4 hi\u1ec7n \u0111\u1ea1i th\u01b0\u1eddng \u0111\u01b0\u1ee3c l\u00e0m t\u1eeb ch\u1ea5t li\u1ec7u g\u1ed7 c\u00f4ng nghi\u1ec7p, nh\u1ef1a cao c\u1ea5p ho\u1eb7c kim lo\u1ea1i, v\u1edbi thi\u1ebft k\u1ebf sang tr\u1ecdng v\u00e0 ti\u1ec7n \u00edch.<\/span><\/h3>\n<p style=\"text-align: center;\"><iframe loading=\"lazy\" src=\"\/\/www.youtube.com\/embed\/dMpunIWarsE?pp=ygUXdOG7pyDEkeG7sW5nIMSR4buTIGtow7Q\" width=\"560\" height=\"314\" allowfullscreen=\"allowfullscreen\"><\/iframe><\/p>\n<h1><strong><span style=\"font-family: 'times new roman', times, serif; font-size: 120%;\">2. L\u1ee3i \u00cdch C\u1ee7a T\u1ee7 \u0110\u1ef1ng \u0110\u1ed3 Kh\u00f4\u00a0<\/span><\/strong><\/h1>\n<ul>\n<li>\n<h3><span style=\"font-family: 'times new roman', times, serif; font-size: 120%;\">T\u1ed1i \u01b0u h\u00f3a kh\u00f4ng gian: T\u1ee7 \u0111\u1ef1ng \u0111\u1ed3 kh\u00f4 gi\u00fap t\u1eadn d\u1ee5ng t\u1ed1i \u0111a kh\u00f4ng gian b\u1ebfp, \u0111\u1eb7c bi\u1ec7t l\u00e0 trong nh\u1eefng c\u0103n b\u1ebfp nh\u1ecf h\u1eb9p. V\u1edbi thi\u1ebft k\u1ebf nhi\u1ec1u ng\u0103n k\u1ec7 v\u00e0 h\u1ed9p \u0111\u1ef1ng, b\u1ea1n c\u00f3 th\u1ec3 d\u1ec5 d\u00e0ng s\u1eafp x\u1ebfp c\u00e1c lo\u1ea1i th\u1ef1c ph\u1ea9m kh\u00f4 m\u1ed9t c\u00e1ch g\u1ecdn g\u00e0ng v\u00e0 ng\u0103n n\u1eafp.<\/span><\/h3>\n<\/li>\n<li>\n<h3><span style=\"font-family: 'times new roman', times, serif; font-size: 120%;\">D\u1ec5 d\u00e0ng t\u00ecm ki\u1ebfm v\u00e0 s\u1eed d\u1ee5ng: V\u1edbi h\u1ec7 th\u1ed1ng ph\u00e2n chia th\u00f4ng minh, t\u1ee7 \u0111\u1ef1ng \u0111\u1ed3 kh\u00f4 gi\u00fap b\u1ea1n d\u1ec5 d\u00e0ng t\u00ecm ki\u1ebfm v\u00e0 l\u1ea5y c\u00e1c s\u1ea3n ph\u1ea9m c\u1ea7n thi\u1ebft m\u00e0 kh\u00f4ng m\u1ea5t nhi\u1ec1u th\u1eddi gian. \u0110i\u1ec1u n\u00e0y \u0111\u1eb7c bi\u1ec7t h\u1eefu \u00edch trong c\u00e1c b\u1eefa \u0103n b\u1eadn r\u1ed9n khi b\u1ea1n c\u1ea7n nhanh ch\u00f3ng chu\u1ea9n b\u1ecb m\u00f3n \u0103n.<\/span><\/h3>\n<\/li>\n<li>\n<h3><span style=\"font-family: 'times new roman', times, serif; font-size: 120%;\">B\u1ea3o qu\u1ea3n th\u1ef1c ph\u1ea9m l\u00e2u d\u00e0i: T\u1ee7 \u0111\u1ef1ng \u0111\u1ed3 kh\u00f4 \u0111\u01b0\u1ee3c thi\u1ebft k\u1ebf v\u1edbi ch\u1ea5t li\u1ec7u ch\u1ed1ng \u1ea9m v\u00e0 ch\u1ed1ng b\u1ee5i, gi\u00fap b\u1ea3o qu\u1ea3n th\u1ef1c ph\u1ea9m kh\u00f4 l\u00e2u d\u00e0i m\u00e0 kh\u00f4ng b\u1ecb \u1ea9m m\u1ed1c hay h\u1ecfng h\u00f3c. \u0110i\u1ec1u n\u00e0y gi\u00fap duy tr\u00ec ch\u1ea5t l\u01b0\u1ee3ng v\u00e0 h\u01b0\u01a1ng v\u1ecb c\u1ee7a th\u1ef1c ph\u1ea9m.<\/span><\/h3>\n<\/li>\n<li>\n<h3><span style=\"font-family: 'times new roman', times, serif; font-size: 120%;\">T\u0103ng t\u00ednh th\u1ea9m m\u1ef9 cho b\u1ebfp: V\u1edbi thi\u1ebft k\u1ebf hi\u1ec7n \u0111\u1ea1i v\u00e0 sang tr\u1ecdng, t\u1ee7 \u0111\u1ef1ng \u0111\u1ed3 kh\u00f4 kh\u00f4ng ch\u1ec9 mang l\u1ea1i s\u1ef1 ti\u1ec7n nghi m\u00e0 c\u00f2n l\u00e0m t\u0103ng v\u1ebb \u0111\u1eb9p t\u1ed5ng th\u1ec3 c\u1ee7a kh\u00f4ng gian b\u1ebfp. B\u1ea1n c\u00f3 th\u1ec3 l\u1ef1a ch\u1ecdn t\u1ee7 v\u1edbi m\u00e0u s\u1eafc v\u00e0 ki\u1ec3u d\u00e1ng ph\u00f9 h\u1ee3p v\u1edbi phong c\u00e1ch thi\u1ebft k\u1ebf c\u1ee7a c\u0103n b\u1ebfp.<\/span><\/h3>\n<\/li>\n<\/ul>\n<p style=\"text-align: center;\"><iframe loading=\"lazy\" src=\"\/\/www.youtube.com\/embed\/MqIgmSomZqY?pp=ygUXdOG7pyDEkeG7sW5nIMSR4buTIGtow7Q\" width=\"560\" height=\"314\" allowfullscreen=\"allowfullscreen\"><\/iframe><\/p>\n<h1><strong><span style=\"font-family: 'times new roman', times, serif; font-size: 120%;\">3. L\u00fd Do N\u00ean Ch\u1ecdn T\u1ee7 \u0110\u1ef1ng \u0110\u1ed3 Kh\u00f4\u00a0<\/span><\/strong><\/h1>\n<ul>\n<li>\n<h3><span style=\"font-family: 'times new roman', times, serif; font-size: 120%;\">Kh\u00ed h\u1eadu v\u00e0 m\u00f4i tr\u01b0\u1eddng \u0111\u1ecba ph\u01b0\u01a1ng: <a href=\"https:\/\/vi.wikipedia.org\/wiki\/H%C3%A0_T%C4%A9nh\"><i>H\u00e0 T\u0129nh<\/i><\/a>\u00a0c\u00f3 kh\u00ed h\u1eadu nhi\u1ec7t \u0111\u1edbi v\u1edbi \u0111\u1ed9 \u1ea9m cao, vi\u1ec7c s\u1eed d\u1ee5ng t\u1ee7 \u0111\u1ef1ng \u0111\u1ed3 kh\u00f4 gi\u00fap b\u1ea3o qu\u1ea3n th\u1ef1c ph\u1ea9m kh\u00f4 m\u1ed9t c\u00e1ch hi\u1ec7u qu\u1ea3, ng\u0103n ng\u1eeba t\u00ecnh tr\u1ea1ng \u1ea9m m\u1ed1c v\u00e0 h\u01b0 h\u1ecfng.<\/span><\/h3>\n<\/li>\n<li>\n<h3><span style=\"font-family: 'times new roman', times, serif; font-size: 120%;\">Th\u1ecb tr\u01b0\u1eddng \u0111a d\u1ea1ng: C\u00f3 nhi\u1ec1u c\u1eeda h\u00e0ng v\u00e0 showroom cung c\u1ea5p t\u1ee7 \u0111\u1ef1ng \u0111\u1ed3 kh\u00f4 v\u1edbi \u0111a d\u1ea1ng m\u1eabu m\u00e3, ch\u1ea5t li\u1ec7u v\u00e0 gi\u00e1 c\u1ea3. B\u1ea1n c\u00f3 th\u1ec3 d\u1ec5 d\u00e0ng t\u00ecm th\u1ea5y s\u1ea3n ph\u1ea9m ph\u00f9 h\u1ee3p v\u1edbi nhu c\u1ea7u v\u00e0 phong c\u00e1ch thi\u1ebft k\u1ebf c\u1ee7a m\u00ecnh.<\/span><\/h3>\n<\/li>\n<li>\n<h3><span style=\"font-family: 'times new roman', times, serif; font-size: 120%;\">D\u1ecbch v\u1ee5 h\u1ed7 tr\u1ee3 ch\u1ea5t l\u01b0\u1ee3ng: C\u00e1c nh\u00e0 cung c\u1ea5p t\u1ee7 \u0111\u1ef1ng \u0111\u1ed3 kh\u00f4 t\u1ea1i<a href=\"https:\/\/vi.wikipedia.org\/wiki\/H%C3%A0_T%C4%A9nh\"> H\u00e0 T\u0129nh<\/a>\u00a0th\u01b0\u1eddng cung c\u1ea5p d\u1ecbch v\u1ee5 t\u01b0 v\u1ea5n, l\u1eafp \u0111\u1eb7t v\u00e0 b\u1ea3o tr\u00ec chuy\u00ean nghi\u1ec7p, gi\u00fap b\u1ea1n y\u00ean t\u00e2m v\u1ec1 ch\u1ea5t l\u01b0\u1ee3ng v\u00e0 hi\u1ec7u qu\u1ea3 s\u1eed d\u1ee5ng s\u1ea3n ph\u1ea9m.<\/span><\/h3>\n<\/li>\n<\/ul>\n","protected":false},"excerpt":{"rendered":"<p><span style=\"font-family: 'times new roman', times, serif; font-size: 130%; color: #000000;\">\ud83d\ude1b \u0110\u01a1n gi\u00e1<em><strong>:\u00a0 T\u1ee7 \u0111\u1ef1ng \u0111\u1ed3 kh\u00f4\u00a0<\/strong><\/em><\/span><\/p>\n<p><span style=\"color: #008000; font-family: 'times new roman', times, serif; font-size: 130%;\"><strong>K\u00edch th\u01b0\u1edbc: r\u1ed9ng x s\u00e2u x cao<\/strong><\/span><\/p>\n<p><span style=\"font-family: 'times new roman', times, serif; font-size: 130%; color: #000000;\">+ 365*530*1620-1920: <strong><span style=\"color: #ff0000;\">4.850.000\u0111 <\/span><\/strong><em>( 5 t\u1ea7ng )<\/em><\/span><\/p>\n<p><span style=\"font-family: 'times new roman', times, serif; font-size: 130%; color: #000000;\">+ 365*530*1620-1920: <strong><span style=\"color: #ff0000;\">5.394.000\u0111 <\/span><\/strong><em>( 6 t\u1ea7ng )<\/em><\/span><\/p>\n<p><span style=\"color: #008000; font-family: 'times new roman', times, serif; font-size: 130%;\"><strong>Ch\u1ea5t li\u1ec7u:<\/strong><span style=\"color: #000000;\"> Inox 304 x\u1eed l\u00fd b\u1eb1ng c\u00f4ng ngh\u1ec7 \u0111i\u1ec7n h\u00f3a<\/span><\/span><\/p>\n<p><span style=\"font-family: 'times new roman', times, serif; font-size: 130%; color: #008000;\">+ C\u00e1c N\u1ed9i Dung S\u1ea3n Ph\u1ea9m \u0110\u01b0\u1ee3c B\u1ea3o H\u00e0nh:<\/span><\/p>\n<ul>\n<li><span style=\"font-family: 'times new roman', times, serif; font-size: 130%; color: #000000;\">Gi\u1ecf b\u1ea3o h\u00e0nh r\u1ec9 s\u00e9t 2 n\u0103m<\/span><\/li>\n<li><span style=\"font-family: 'times new roman', times, serif; font-size: 130%; color: #000000;\">H\u1ec7 th\u1ed1ng khung, ray b\u1ea3o h\u00e0nh 2 n\u0103m<\/span><\/li>\n<\/ul>\n<p><span style=\"font-family: 'times new roman', times, serif; font-size: 130%; color: #008000;\">+ C\u00e1c Tr\u01b0\u1eddng H\u1ee3p S\u1ea3n Ph\u1ea9m Kh\u00f4ng \u0110\u01b0\u1ee3c B\u1ea3o H\u00e0nh:<\/span><\/p>\n<ul>\n<li><span style=\"font-family: 'times new roman', times, serif; font-size: 130%; color: #000000;\">\u00a0S\u1ea3n ph\u1ea9m s\u1eed d\u1ee5ng trong m\u00f4i tr\u01b0\u1eddng \u1ea9m \u01b0\u1edbt<\/span><\/li>\n<li><span style=\"font-family: 'times new roman', times, serif; font-size: 130%; color: #000000;\">S\u1ea3n ph\u1ea9m s\u1eed d\u1ee5ng trong m\u00f4i tr\u01b0\u1eddng c\u00f3 axit, \u0111\u1ed9 m\u1eb7n cao<\/span><\/li>\n<li><span style=\"font-family: 'times new roman', times, serif; font-size: 130%; color: #000000;\">\u00a0S\u1ea3n ph\u1ea9m b\u1ecb d\u1eabm \u0111\u1ea1p, l\u00e0m bi\u1ebfn d\u1ea1ng do t\u00e1c \u0111\u1ed9ng b\u00ean ngo\u00e0i<\/span><\/li>\n<\/ul>\n<p><span style=\"font-family: 'times new roman', times, serif; font-size: 130%;\"><span style=\"color: #000000;\">\ud83d\ude1b <span style=\"color: #008000;\"><em>S<\/em><\/span><\/span><span style=\"color: #008000;\"><em>\u1eed d\u1ee5ng chung s\u1ea3n ph\u1ea9m v\u1edbi l\u1eafp \u0111\u1eb7t t\u1ee7 b\u1ebfp s\u1ebd nh\u1eadn \u0111\u01b0\u1ee3c gi\u00e1 \u01b0u \u0111\u00e3i<\/em><\/span><\/span><\/p>\n<p><span style=\"color: #008000; font-size: 130%; font-family: 'times new roman', times, serif;\">V\u1eadn chuy\u1ec3n mi\u1ec5n ph\u00ed trong n\u1ed9i th\u00e0nh <a href=\"https:\/\/vi.wikipedia.org\/wiki\/H%C3%A0_T%C4%A9nh\">H\u00e0 T\u0129nh<\/a>.<\/span><\/p>\n","protected":false},"featured_media":5502,"comment_status":"closed","ping_status":"closed","template":"","meta":[],"product_cat":[312,383],"product_tag":[472,481],"class_list":{"0":"post-4078","1":"product","2":"type-product","3":"status-publish","4":"has-post-thumbnail","6":"product_cat-phu-kien-tu-bep-thong-minh","7":"product_cat-phu-kien-nha-bep-phu-kien-tu-bep-thong-minh-tu-kho","8":"product_tag-gia-tu-dung-do-kho","9":"product_tag-gia-tu-dung-do-kho-ha-tinh","11":"first","12":"instock","13":"sale","14":"shipping-taxable","15":"purchasable","16":"product-type-simple"},"yoast_head":"<!-- This site is optimized with the Yoast SEO Premium plugin v22.3 (Yoast SEO v22.8) - https:\/\/yoast.com\/wordpress\/plugins\/seo\/ -->\n<title>T\u1ee7 \u0111\u1ed3 kh\u00f4 gi\u00e1 r\u1ebb t\u1ea1i H\u00e0 T\u0129nh- 0947335871<\/title>\n<meta name=\"description\" content=\"Tr\u1ea7n Th\u1ecb - chuy\u00ean cung c\u1ea5p ph\u1ee5 ki\u1ec7n nh\u00e0 b\u1ebfp th\u00f4ng minh, k\u1ec7 \u0111\u1ec3 xoong n\u1ed3i \u0111a n\u0103ng l\u1eafp \u0111\u1eb7t t\u1ee7 b\u1ebfp d\u01b0\u1edbi, T\u1ee7 \u0111\u1ed3 kh\u00f4 t\u1ea1i H\u00e0 T\u0129nh- 0947335871\" \/>\n<meta name=\"robots\" content=\"index, follow, max-snippet:-1, max-image-preview:large, max-video-preview:-1\" \/>\n<link rel=\"canonical\" href=\"https:\/\/tranthi.vn\/hatinh\/tu-do-kho-gia-re-ha-tinh\/\" \/>\n<meta property=\"og:locale\" content=\"vi_VN\" \/>\n<meta property=\"og:type\" content=\"article\" \/>\n<meta property=\"og:title\" content=\"T\u1ee7 \u0110\u1ed3 Kh\u00f4 5 t\u1ea7ng GG450-T\u0110P\" \/>\n<meta property=\"og:description\" content=\"Tr\u1ea7n Th\u1ecb - chuy\u00ean cung c\u1ea5p ph\u1ee5 ki\u1ec7n nh\u00e0 b\u1ebfp th\u00f4ng minh, k\u1ec7 \u0111\u1ec3 xoong n\u1ed3i \u0111a n\u0103ng l\u1eafp \u0111\u1eb7t t\u1ee7 b\u1ebfp d\u01b0\u1edbi, T\u1ee7 \u0111\u1ed3 kh\u00f4 t\u1ea1i H\u00e0 T\u0129nh- 0947335871\" \/>\n<meta property=\"og:url\" content=\"https:\/\/tranthi.vn\/hatinh\/tu-do-kho-gia-re-ha-tinh\/\" \/>\n<meta property=\"og:site_name\" content=\"V\u1eadt Li\u1ec7u X\u00e2y D\u1ef1ng Tr\u1ea7n Th\u1ecb Chi Nh\u00e1nh H\u00e0 T\u0129nh\" \/>\n<meta property=\"article:modified_time\" content=\"2024-07-31T02:03:11+00:00\" \/>\n<meta property=\"og:image\" content=\"https:\/\/tranthi.vn\/hatinh\/wp-content\/uploads\/2022\/06\/Tu-do-kho-da-nang.jpg\" \/>\n\t<meta property=\"og:image:width\" content=\"400\" \/>\n\t<meta property=\"og:image:height\" content=\"350\" \/>\n\t<meta property=\"og:image:type\" content=\"image\/jpeg\" \/>\n<meta name=\"twitter:card\" content=\"summary_large_image\" \/>\n<meta name=\"twitter:label1\" content=\"Gi\u00e1\" \/>\n\t<meta name=\"twitter:data1\" content=\"4,850,000&nbsp;&#8363;\" \/>\n\t<meta name=\"twitter:label2\" content=\"Kh\u1ea3 d\u1ee5ng\" \/>\n\t<meta name=\"twitter:data2\" content=\"Trong kho\" \/>\n<script type=\"application\/ld+json\" class=\"yoast-schema-graph\">{\"@context\":\"https:\/\/schema.org\",\"@graph\":[{\"@type\":[\"WebPage\",\"ItemPage\"],\"@id\":\"https:\/\/tranthi.vn\/hatinh\/tu-do-kho-gia-re-ha-tinh\/\",\"url\":\"https:\/\/tranthi.vn\/hatinh\/tu-do-kho-gia-re-ha-tinh\/\",\"name\":\"T\u1ee7 \u0111\u1ed3 kh\u00f4 gi\u00e1 r\u1ebb t\u1ea1i H\u00e0 T\u0129nh- 0947335871\",\"isPartOf\":{\"@id\":\"https:\/\/tranthi.vn\/hatinh\/#website\"},\"primaryImageOfPage\":{\"@id\":\"https:\/\/tranthi.vn\/hatinh\/tu-do-kho-gia-re-ha-tinh\/#primaryimage\"},\"image\":{\"@id\":\"https:\/\/tranthi.vn\/hatinh\/tu-do-kho-gia-re-ha-tinh\/#primaryimage\"},\"thumbnailUrl\":\"https:\/\/tranthi.vn\/hatinh\/wp-content\/uploads\/2022\/06\/Tu-do-kho-da-nang.jpg\",\"datePublished\":\"2022-06-10T04:15:28+00:00\",\"dateModified\":\"2024-07-31T02:03:11+00:00\",\"description\":\"Tr\u1ea7n Th\u1ecb - chuy\u00ean cung c\u1ea5p ph\u1ee5 ki\u1ec7n nh\u00e0 b\u1ebfp th\u00f4ng minh, k\u1ec7 \u0111\u1ec3 xoong n\u1ed3i \u0111a n\u0103ng l\u1eafp \u0111\u1eb7t t\u1ee7 b\u1ebfp d\u01b0\u1edbi, T\u1ee7 \u0111\u1ed3 kh\u00f4 t\u1ea1i H\u00e0 T\u0129nh- 0947335871\",\"breadcrumb\":{\"@id\":\"https:\/\/tranthi.vn\/hatinh\/tu-do-kho-gia-re-ha-tinh\/#breadcrumb\"},\"inLanguage\":\"vi\",\"potentialAction\":[{\"@type\":\"ReadAction\",\"target\":[\"https:\/\/tranthi.vn\/hatinh\/tu-do-kho-gia-re-ha-tinh\/\"]}]},{\"@type\":\"ImageObject\",\"inLanguage\":\"vi\",\"@id\":\"https:\/\/tranthi.vn\/hatinh\/tu-do-kho-gia-re-ha-tinh\/#primaryimage\",\"url\":\"https:\/\/tranthi.vn\/hatinh\/wp-content\/uploads\/2022\/06\/Tu-do-kho-da-nang.jpg\",\"contentUrl\":\"https:\/\/tranthi.vn\/hatinh\/wp-content\/uploads\/2022\/06\/Tu-do-kho-da-nang.jpg\",\"width\":400,\"height\":350,\"caption\":\"T\u1ee7 \u0111\u1ed3 kh\u00f4 \u0111\u00e0 n\u1eb5ng\"},{\"@type\":\"BreadcrumbList\",\"@id\":\"https:\/\/tranthi.vn\/hatinh\/tu-do-kho-gia-re-ha-tinh\/#breadcrumb\",\"itemListElement\":[{\"@type\":\"ListItem\",\"position\":1,\"name\":\"Trang ch\u1ee7\",\"item\":\"https:\/\/tranthi.vn\/hatinh\/\"},{\"@type\":\"ListItem\",\"position\":2,\"name\":\"Shop\",\"item\":\"https:\/\/tranthi.vn\/hatinh\/shop\/\"},{\"@type\":\"ListItem\",\"position\":3,\"name\":\"T\u1ee7 \u0110\u1ed3 Kh\u00f4 5 t\u1ea7ng GG450-T\u0110P\"}]},{\"@type\":\"WebSite\",\"@id\":\"https:\/\/tranthi.vn\/hatinh\/#website\",\"url\":\"https:\/\/tranthi.vn\/hatinh\/\",\"name\":\"V\u1eadt Li\u1ec7u X\u00e2y D\u1ef1ng Tr\u1ea7n Th\u1ecb Chi Nh\u00e1nh H\u00e0 T\u0129nh\",\"description\":\"V\u1eadt Li\u1ec7u X\u00e2y D\u1ef1ng - H\u00e0 T\u0129nh\",\"potentialAction\":[{\"@type\":\"SearchAction\",\"target\":{\"@type\":\"EntryPoint\",\"urlTemplate\":\"https:\/\/tranthi.vn\/hatinh\/?s={search_term_string}\"},\"query-input\":\"required name=search_term_string\"}],\"inLanguage\":\"vi\"},{\"@type\":\"ImageObject\",\"inLanguage\":\"vi\",\"@id\":\"https:\/\/tranthi.vn\/hatinh\/tu-do-kho-gia-re-ha-tinh\/#local-main-organization-logo\",\"url\":\"\",\"contentUrl\":\"\",\"caption\":\"V\u1eadt Li\u1ec7u X\u00e2y D\u1ef1ng Tr\u1ea7n Th\u1ecb Chi Nh\u00e1nh H\u00e0 T\u0129nh\"}]}<\/script>\n<meta property=\"product:price:amount\" content=\"4850000\" \/>\n<meta property=\"product:price:currency\" content=\"VND\" \/>\n<meta property=\"og:availability\" content=\"instock\" \/>\n<meta property=\"product:availability\" content=\"instock\" \/>\n<meta property=\"product:condition\" content=\"new\" \/>\n<!-- \/ Yoast SEO Premium plugin. -->","yoast_head_json":{"title":"T\u1ee7 \u0111\u1ed3 kh\u00f4 gi\u00e1 r\u1ebb t\u1ea1i H\u00e0 T\u0129nh- 0947335871","description":"Tr\u1ea7n Th\u1ecb - chuy\u00ean cung c\u1ea5p ph\u1ee5 ki\u1ec7n nh\u00e0 b\u1ebfp th\u00f4ng minh, k\u1ec7 \u0111\u1ec3 xoong n\u1ed3i \u0111a n\u0103ng l\u1eafp \u0111\u1eb7t t\u1ee7 b\u1ebfp d\u01b0\u1edbi, T\u1ee7 \u0111\u1ed3 kh\u00f4 t\u1ea1i H\u00e0 T\u0129nh- 0947335871","robots":{"index":"index","follow":"follow","max-snippet":"max-snippet:-1","max-image-preview":"max-image-preview:large","max-video-preview":"max-video-preview:-1"},"canonical":"https:\/\/tranthi.vn\/hatinh\/tu-do-kho-gia-re-ha-tinh\/","og_locale":"vi_VN","og_type":"article","og_title":"T\u1ee7 \u0110\u1ed3 Kh\u00f4 5 t\u1ea7ng GG450-T\u0110P","og_description":"Tr\u1ea7n Th\u1ecb - chuy\u00ean cung c\u1ea5p ph\u1ee5 ki\u1ec7n nh\u00e0 b\u1ebfp th\u00f4ng minh, k\u1ec7 \u0111\u1ec3 xoong n\u1ed3i \u0111a n\u0103ng l\u1eafp \u0111\u1eb7t t\u1ee7 b\u1ebfp d\u01b0\u1edbi, T\u1ee7 \u0111\u1ed3 kh\u00f4 t\u1ea1i H\u00e0 T\u0129nh- 0947335871","og_url":"https:\/\/tranthi.vn\/hatinh\/tu-do-kho-gia-re-ha-tinh\/","og_site_name":"V\u1eadt Li\u1ec7u X\u00e2y D\u1ef1ng Tr\u1ea7n Th\u1ecb Chi Nh\u00e1nh H\u00e0 T\u0129nh","article_modified_time":"2024-07-31T02:03:11+00:00","og_image":[{"width":400,"height":350,"url":"https:\/\/tranthi.vn\/hatinh\/wp-content\/uploads\/2022\/06\/Tu-do-kho-da-nang.jpg","type":"image\/jpeg"}],"twitter_card":"summary_large_image","twitter_misc":{"Gi\u00e1":"4,850,000&nbsp;&#8363;","Kh\u1ea3 d\u1ee5ng":"Trong kho"},"schema":{"@context":"https:\/\/schema.org","@graph":[{"@type":["WebPage","ItemPage"],"@id":"https:\/\/tranthi.vn\/hatinh\/tu-do-kho-gia-re-ha-tinh\/","url":"https:\/\/tranthi.vn\/hatinh\/tu-do-kho-gia-re-ha-tinh\/","name":"T\u1ee7 \u0111\u1ed3 kh\u00f4 gi\u00e1 r\u1ebb t\u1ea1i H\u00e0 T\u0129nh- 0947335871","isPartOf":{"@id":"https:\/\/tranthi.vn\/hatinh\/#website"},"primaryImageOfPage":{"@id":"https:\/\/tranthi.vn\/hatinh\/tu-do-kho-gia-re-ha-tinh\/#primaryimage"},"image":{"@id":"https:\/\/tranthi.vn\/hatinh\/tu-do-kho-gia-re-ha-tinh\/#primaryimage"},"thumbnailUrl":"https:\/\/tranthi.vn\/hatinh\/wp-content\/uploads\/2022\/06\/Tu-do-kho-da-nang.jpg","datePublished":"2022-06-10T04:15:28+00:00","dateModified":"2024-07-31T02:03:11+00:00","description":"Tr\u1ea7n Th\u1ecb - chuy\u00ean cung c\u1ea5p ph\u1ee5 ki\u1ec7n nh\u00e0 b\u1ebfp th\u00f4ng minh, k\u1ec7 \u0111\u1ec3 xoong n\u1ed3i \u0111a n\u0103ng l\u1eafp \u0111\u1eb7t t\u1ee7 b\u1ebfp d\u01b0\u1edbi, T\u1ee7 \u0111\u1ed3 kh\u00f4 t\u1ea1i H\u00e0 T\u0129nh- 0947335871","breadcrumb":{"@id":"https:\/\/tranthi.vn\/hatinh\/tu-do-kho-gia-re-ha-tinh\/#breadcrumb"},"inLanguage":"vi","potentialAction":[{"@type":"ReadAction","target":["https:\/\/tranthi.vn\/hatinh\/tu-do-kho-gia-re-ha-tinh\/"]}]},{"@type":"ImageObject","inLanguage":"vi","@id":"https:\/\/tranthi.vn\/hatinh\/tu-do-kho-gia-re-ha-tinh\/#primaryimage","url":"https:\/\/tranthi.vn\/hatinh\/wp-content\/uploads\/2022\/06\/Tu-do-kho-da-nang.jpg","contentUrl":"https:\/\/tranthi.vn\/hatinh\/wp-content\/uploads\/2022\/06\/Tu-do-kho-da-nang.jpg","width":400,"height":350,"caption":"T\u1ee7 \u0111\u1ed3 kh\u00f4 \u0111\u00e0 n\u1eb5ng"},{"@type":"BreadcrumbList","@id":"https:\/\/tranthi.vn\/hatinh\/tu-do-kho-gia-re-ha-tinh\/#breadcrumb","itemListElement":[{"@type":"ListItem","position":1,"name":"Trang ch\u1ee7","item":"https:\/\/tranthi.vn\/hatinh\/"},{"@type":"ListItem","position":2,"name":"Shop","item":"https:\/\/tranthi.vn\/hatinh\/shop\/"},{"@type":"ListItem","position":3,"name":"T\u1ee7 \u0110\u1ed3 Kh\u00f4 5 t\u1ea7ng GG450-T\u0110P"}]},{"@type":"WebSite","@id":"https:\/\/tranthi.vn\/hatinh\/#website","url":"https:\/\/tranthi.vn\/hatinh\/","name":"V\u1eadt Li\u1ec7u X\u00e2y D\u1ef1ng Tr\u1ea7n Th\u1ecb Chi Nh\u00e1nh H\u00e0 T\u0129nh","description":"V\u1eadt Li\u1ec7u X\u00e2y D\u1ef1ng - H\u00e0 T\u0129nh","potentialAction":[{"@type":"SearchAction","target":{"@type":"EntryPoint","urlTemplate":"https:\/\/tranthi.vn\/hatinh\/?s={search_term_string}"},"query-input":"required name=search_term_string"}],"inLanguage":"vi"},{"@type":"ImageObject","inLanguage":"vi","@id":"https:\/\/tranthi.vn\/hatinh\/tu-do-kho-gia-re-ha-tinh\/#local-main-organization-logo","url":"","contentUrl":"","caption":"V\u1eadt Li\u1ec7u X\u00e2y D\u1ef1ng Tr\u1ea7n Th\u1ecb Chi Nh\u00e1nh H\u00e0 T\u0129nh"}]},"product_price_amount":"4850000","product_price_currency":"VND","og_availability":"instock","product_availability":"instock","product_condition":"new"},"_links":{"self":[{"href":"https:\/\/tranthi.vn\/hatinh\/wp-json\/wp\/v2\/product\/4078","targetHints":{"allow":["GET"]}}],"collection":[{"href":"https:\/\/tranthi.vn\/hatinh\/wp-json\/wp\/v2\/product"}],"about":[{"href":"https:\/\/tranthi.vn\/hatinh\/wp-json\/wp\/v2\/types\/product"}],"replies":[{"embeddable":true,"href":"https:\/\/tranthi.vn\/hatinh\/wp-json\/wp\/v2\/comments?post=4078"}],"wp:featuredmedia":[{"embeddable":true,"href":"https:\/\/tranthi.vn\/hatinh\/wp-json\/wp\/v2\/media\/5502"}],"wp:attachment":[{"href":"https:\/\/tranthi.vn\/hatinh\/wp-json\/wp\/v2\/media?parent=4078"}],"wp:term":[{"taxonomy":"product_cat","embeddable":true,"href":"https:\/\/tranthi.vn\/hatinh\/wp-json\/wp\/v2\/product_cat?post=4078"},{"taxonomy":"product_tag","embeddable":true,"href":"https:\/\/tranthi.vn\/hatinh\/wp-json\/wp\/v2\/product_tag?post=4078"}],"curies":[{"name":"wp","href":"https:\/\/api.w.org\/{rel}","templated":true}]}}