{"id":1551,"date":"2021-02-18T13:30:09","date_gmt":"2021-02-18T06:30:09","guid":{"rendered":"http:\/\/new-tranthi.test\/san-pham\/xi-mang-song-gianh-pc40\/"},"modified":"2024-07-29T15:19:46","modified_gmt":"2024-07-29T08:19:46","slug":"gia-xi-mang-song-gianh-pc-40-ha-tinh","status":"publish","type":"product","link":"https:\/\/tranthi.vn\/hatinh\/gia-xi-mang-song-gianh-pc-40-ha-tinh\/","title":{"rendered":"Xi M\u0103ng S\u00f4ng Gianh PCB40"},"content":{"rendered":"<p><span style=\"font-size: 120%; font-family: 'times new roman', times, serif;\">\u00a0 \u00a0 \u00a0 \u00a0 \u00a0 \u00a0 \u00a0 \u00a0 \u00a0 \u00a0 \u00a0 \u00a0 \u00a0 \u00a0 \u00a0 \u00a0 \u00a0 \u00a0 \u00a0 \u00a0 \u00a0 \u00a0 \u00a0 \u00a0 \u00a0 \u00a0 <span style=\"font-size: 140%;\"><strong>\u0110\u00f4i n\u00e9t v\u1ec1 Xi m\u0103ng S\u00f4ng Gianh H\u00e0 T\u0129nh<\/strong><\/span><\/span><\/p>\n<p><span style=\"font-size: 120%; font-family: 'times new roman', times, serif;\"><a href=\"https:\/\/tranthi.vn\/quangnam\/\">Tranthi.vn<\/a> chuy\u00ean cung c\u1ea5p Xi m\u0103ng d\u00e2n d\u1ee5ng.<\/span><\/p>\n<p><span style=\"font-size: 120%; font-family: 'times new roman', times, serif;\">Th\u01b0\u1eddng \u0111\u01b0\u1ee3c s\u1eed d\u1ee5ng cho x\u00e2y d\u1ef1ng c\u00f4ng tr\u00ecnh d\u00e2n sinh v\u00e0 nh\u00e0 \u1edf. S\u1ea3n ph\u1ea9m gi\u00fap t\u1ea1o ra \u0111\u01b0\u1ee3c b\u00ea-t\u00f4ng v\u00e0 v\u1eefa c\u00f3 \u0111\u1ed9 b\u1ec1n cao, d\u1ec5 d\u00e0ng thi c\u00f4ng c\u00e1c c\u00f4ng \u0111o\u1ea1n \u0111\u1ed5 m\u00f3ng, c\u1ed9t tr\u1ee5, x\u00e2y t\u00f4 v\u00e0 c\u00e1c h\u1ea1ng m\u1ee5c kh\u00e1c.<\/span><\/p>\n<p><span style=\"font-size: 120%; font-family: 'times new roman', times, serif;\"><img loading=\"lazy\" decoding=\"async\" class=\"alignnone size-full wp-image-7279\" src=\"https:\/\/tranthi.vn\/quangnam\/wp-content\/uploads\/2021\/02\/xi-mang-song-gianh-da-nang_optimized.jpg\" alt=\"\" width=\"671\" height=\"281\" \/><\/span><\/p>\n<p>&nbsp;<\/p>\n<p>&nbsp;<\/p>\n<p>&nbsp;<\/p>\n","protected":false},"excerpt":{"rendered":"<p><span style=\"font-size: 130%; color: #000000; font-family: 'times new roman', times, serif;\"><strong>\ud83e\udd70\u1ee8ng d\u1ee5ng:<\/strong><\/span><\/p>\n<ul>\n<li><span style=\"font-size: 130%; color: #000000; font-family: 'times new roman', times, serif;\"><strong>S\u1eed d\u1ee5ng \u0111\u1ec3 x\u00e2y d\u1ef1ng c\u00e1c c\u00f4ng tr\u00ecnh d\u00e2n d\u1ee5ng v\u00e0 d\u00e2n d\u1ee5ng. <\/strong><\/span><\/li>\n<li><span style=\"font-size: 130%; color: #000000; font-family: 'times new roman', times, serif;\"><strong>T\u1ea1o ra v\u1eefa v\u00e0 b\u00ea t\u00f4ng c\u00f3 c\u01b0\u1eddng \u0111\u1ed9 cao.<\/strong><\/span><\/li>\n<li><span style=\"font-size: 130%; color: #000000; font-family: 'times new roman', times, serif;\"><strong>D\u1ec5 d\u00e0ng thi c\u00f4ng c\u00e1c c\u00f4ng \u0111o\u1ea1n nh\u01b0 \u0111\u1ed5 m\u00f3ng, tr\u1ee5, m\u00f3ng, tr\u00e1t\u2026<\/strong><\/span><\/li>\n<\/ul>\n<p><span style=\"font-family: 'times new roman', times, serif; font-size: 130%; color: #000000;\">\ud83e\udd70 Giao h\u00e0ng trong \u0111\u1ecba b\u00e0n <a href=\"https:\/\/vi.wikipedia.org\/wiki\/H%C3%A0_T%C4%A9nh\">H\u00e0 T\u0129nh<\/a><\/span><\/p>\n<p><span style=\"font-family: 'times new roman', times, serif; font-size: 130%; color: #000000;\">\ud83e\udd70\u0110\u01a1n gi\u00e1 <a style=\"color: #000000;\" href=\"https:\/\/tranthi.vn\/quangnam\/xi-mang-song-gianh-pc40\/\"><strong>xi m\u0103ng S\u00f4ng Gianh PCB40<\/strong><\/a> : <span style=\"color: #ff0000;\"><strong>1.830.000\/t\u1ea5n<\/strong><\/span><\/span><\/p>\n<p><span style=\"font-size: 130%; color: #000000; font-family: 'times new roman', times, serif;\"><strong>&#8211; Tr\u1ecdng l\u01b0\u1ee3ng: 50 kg\/bao &#8211; 1 t\u1ea5n = 20 bao.<\/strong><\/span><\/p>\n<p><span style=\"font-family: 'times new roman', times, serif; font-size: 130%;\"><strong><em>\ud83e\udd70\u0110\u01a1n gi\u00e1 tr\u00ean ch\u1ec9 mang t\u00ednh ch\u1ea5t tham kh\u1ea3o. Gi\u00e1 c\u00f3 th\u1ec3 thay \u0111\u1ed5i theo t\u1eebng th\u1eddi \u0111i\u1ec3m.<\/em><\/strong><\/span><\/p>\n<p><span style=\"font-size: 130%; color: #0000ff; font-family: 'times new roman', times, serif;\"><em>\u0110\u01a1n gi\u00e1 tr\u00ean \u00e1p d\u1ee5ng t\u1eeb 5 t\u1ea5n tr\u1edf l\u00ean, t\u00f9y thu\u1ed9c v\u00e0o khu v\u1ef1c nh\u1eadn h\u00e0ng s\u1ebd c\u00f3 th\u00eam ph\u00ed v\u1eadn chuy\u1ec3n. D\u01b0\u1edbi 5 t\u1ea5n vui l\u00f2ng li\u00ean h\u1ec7 s\u1ed1 hotline: 0947.335.871<\/em><\/span><\/p>\n<p><span style=\"font-size: 130%; font-family: 'times new roman', times, serif; color: #0000ff;\"><em>Kh\u00f4ng bao g\u1ed3m h\u00f3a \u0111\u01a1n vat<\/em><\/span><\/p>\n","protected":false},"featured_media":1550,"comment_status":"open","ping_status":"closed","template":"","meta":[],"product_cat":[203,208,357],"product_tag":[],"class_list":{"0":"post-1551","1":"product","2":"type-product","3":"status-publish","4":"has-post-thumbnail","6":"product_cat-vat-lieu-xay-dung","7":"product_cat-xi-mang","8":"product_cat-xi-mang-xi-mang-song-gianh-pc30-da-nang","10":"first","11":"instock","12":"sale","13":"shipping-taxable","14":"purchasable","15":"product-type-simple"},"yoast_head":"<!-- This site is optimized with the Yoast SEO Premium plugin v22.3 (Yoast SEO v22.8) - https:\/\/yoast.com\/wordpress\/plugins\/seo\/ -->\n<title>Gi\u00e1 xi m\u0103ng S\u00f4ng Gianh pc40 t\u1ea1i Qu\u1ea3ng Nam-0947.335.871<\/title>\n<meta name=\"description\" content=\"Tr\u1ea7n Th\u1ecb l\u00e0 nh\u00e0 cung c\u1ea5p &quot;b\u1ea3ng Gi\u00e1 xi m\u0103ng S\u00f4ng Gianh pc40 t\u1ea1i Qu\u1ea3ng Nam-0947.335.871&quot;. Ph\u1ee5c v\u1ee5 t\u1eadn ch\u00e2n c\u00f4ng tr\u00ecnh 24\/07.\" \/>\n<meta name=\"robots\" content=\"index, follow, max-snippet:-1, max-image-preview:large, max-video-preview:-1\" \/>\n<link rel=\"canonical\" href=\"https:\/\/tranthi.vn\/hatinh\/gia-xi-mang-song-gianh-pc-40-ha-tinh\/\" \/>\n<meta property=\"og:locale\" content=\"vi_VN\" \/>\n<meta property=\"og:type\" content=\"article\" \/>\n<meta property=\"og:title\" content=\"Xi M\u0103ng S\u00f4ng Gianh PCB40\" \/>\n<meta property=\"og:description\" content=\"Tr\u1ea7n Th\u1ecb l\u00e0 nh\u00e0 cung c\u1ea5p &quot;b\u1ea3ng Gi\u00e1 xi m\u0103ng S\u00f4ng Gianh pc40 t\u1ea1i Qu\u1ea3ng Nam-0947.335.871&quot;. Ph\u1ee5c v\u1ee5 t\u1eadn ch\u00e2n c\u00f4ng tr\u00ecnh 24\/07.\" \/>\n<meta property=\"og:url\" content=\"https:\/\/tranthi.vn\/hatinh\/gia-xi-mang-song-gianh-pc-40-ha-tinh\/\" \/>\n<meta property=\"og:site_name\" content=\"V\u1eadt Li\u1ec7u X\u00e2y D\u1ef1ng Tr\u1ea7n Th\u1ecb Chi Nh\u00e1nh H\u00e0 T\u0129nh\" \/>\n<meta property=\"article:modified_time\" content=\"2024-07-29T08:19:46+00:00\" \/>\n<meta property=\"og:image\" content=\"https:\/\/tranthi.vn\/hatinh\/wp-content\/uploads\/2021\/02\/song-gianh-po-300x300-1.jpg\" \/>\n\t<meta property=\"og:image:width\" content=\"300\" \/>\n\t<meta property=\"og:image:height\" content=\"300\" \/>\n\t<meta property=\"og:image:type\" content=\"image\/jpeg\" \/>\n<meta name=\"twitter:card\" content=\"summary_large_image\" \/>\n<meta name=\"twitter:label1\" content=\"Gi\u00e1\" \/>\n\t<meta name=\"twitter:data1\" content=\"1,830,000&nbsp;&#8363;\" \/>\n\t<meta name=\"twitter:label2\" content=\"Kh\u1ea3 d\u1ee5ng\" \/>\n\t<meta name=\"twitter:data2\" content=\"Trong kho\" \/>\n<script type=\"application\/ld+json\" class=\"yoast-schema-graph\">{\"@context\":\"https:\/\/schema.org\",\"@graph\":[{\"@type\":[\"WebPage\",\"ItemPage\"],\"@id\":\"https:\/\/tranthi.vn\/hatinh\/gia-xi-mang-song-gianh-pc-40-ha-tinh\/\",\"url\":\"https:\/\/tranthi.vn\/hatinh\/gia-xi-mang-song-gianh-pc-40-ha-tinh\/\",\"name\":\"Gi\u00e1 xi m\u0103ng S\u00f4ng Gianh pc40 t\u1ea1i Qu\u1ea3ng Nam-0947.335.871\",\"isPartOf\":{\"@id\":\"https:\/\/tranthi.vn\/hatinh\/#website\"},\"primaryImageOfPage\":{\"@id\":\"https:\/\/tranthi.vn\/hatinh\/gia-xi-mang-song-gianh-pc-40-ha-tinh\/#primaryimage\"},\"image\":{\"@id\":\"https:\/\/tranthi.vn\/hatinh\/gia-xi-mang-song-gianh-pc-40-ha-tinh\/#primaryimage\"},\"thumbnailUrl\":\"https:\/\/tranthi.vn\/hatinh\/wp-content\/uploads\/2021\/02\/song-gianh-po-300x300-1.jpg\",\"datePublished\":\"2021-02-18T06:30:09+00:00\",\"dateModified\":\"2024-07-29T08:19:46+00:00\",\"description\":\"Tr\u1ea7n Th\u1ecb l\u00e0 nh\u00e0 cung c\u1ea5p \\\"b\u1ea3ng Gi\u00e1 xi m\u0103ng S\u00f4ng Gianh pc40 t\u1ea1i Qu\u1ea3ng Nam-0947.335.871\\\". Ph\u1ee5c v\u1ee5 t\u1eadn ch\u00e2n c\u00f4ng tr\u00ecnh 24\/07.\",\"breadcrumb\":{\"@id\":\"https:\/\/tranthi.vn\/hatinh\/gia-xi-mang-song-gianh-pc-40-ha-tinh\/#breadcrumb\"},\"inLanguage\":\"vi\",\"potentialAction\":[{\"@type\":\"ReadAction\",\"target\":[\"https:\/\/tranthi.vn\/hatinh\/gia-xi-mang-song-gianh-pc-40-ha-tinh\/\"]}]},{\"@type\":\"ImageObject\",\"inLanguage\":\"vi\",\"@id\":\"https:\/\/tranthi.vn\/hatinh\/gia-xi-mang-song-gianh-pc-40-ha-tinh\/#primaryimage\",\"url\":\"https:\/\/tranthi.vn\/hatinh\/wp-content\/uploads\/2021\/02\/song-gianh-po-300x300-1.jpg\",\"contentUrl\":\"https:\/\/tranthi.vn\/hatinh\/wp-content\/uploads\/2021\/02\/song-gianh-po-300x300-1.jpg\",\"width\":300,\"height\":300},{\"@type\":\"BreadcrumbList\",\"@id\":\"https:\/\/tranthi.vn\/hatinh\/gia-xi-mang-song-gianh-pc-40-ha-tinh\/#breadcrumb\",\"itemListElement\":[{\"@type\":\"ListItem\",\"position\":1,\"name\":\"Trang ch\u1ee7\",\"item\":\"https:\/\/tranthi.vn\/hatinh\/\"},{\"@type\":\"ListItem\",\"position\":2,\"name\":\"Shop\",\"item\":\"https:\/\/tranthi.vn\/hatinh\/shop\/\"},{\"@type\":\"ListItem\",\"position\":3,\"name\":\"Xi M\u0103ng S\u00f4ng Gianh PCB40\"}]},{\"@type\":\"WebSite\",\"@id\":\"https:\/\/tranthi.vn\/hatinh\/#website\",\"url\":\"https:\/\/tranthi.vn\/hatinh\/\",\"name\":\"V\u1eadt Li\u1ec7u X\u00e2y D\u1ef1ng Tr\u1ea7n Th\u1ecb Chi Nh\u00e1nh H\u00e0 T\u0129nh\",\"description\":\"V\u1eadt Li\u1ec7u X\u00e2y D\u1ef1ng - H\u00e0 T\u0129nh\",\"potentialAction\":[{\"@type\":\"SearchAction\",\"target\":{\"@type\":\"EntryPoint\",\"urlTemplate\":\"https:\/\/tranthi.vn\/hatinh\/?s={search_term_string}\"},\"query-input\":\"required name=search_term_string\"}],\"inLanguage\":\"vi\"},{\"@type\":\"ImageObject\",\"inLanguage\":\"vi\",\"@id\":\"https:\/\/tranthi.vn\/hatinh\/gia-xi-mang-song-gianh-pc-40-ha-tinh\/#local-main-organization-logo\",\"url\":\"\",\"contentUrl\":\"\",\"caption\":\"V\u1eadt Li\u1ec7u X\u00e2y D\u1ef1ng Tr\u1ea7n Th\u1ecb Chi Nh\u00e1nh H\u00e0 T\u0129nh\"}]}<\/script>\n<meta property=\"product:price:amount\" content=\"1830000\" \/>\n<meta property=\"product:price:currency\" content=\"VND\" \/>\n<meta property=\"og:availability\" content=\"instock\" \/>\n<meta property=\"product:availability\" content=\"instock\" \/>\n<meta property=\"product:condition\" content=\"new\" \/>\n<!-- \/ Yoast SEO Premium plugin. -->","yoast_head_json":{"title":"Gi\u00e1 xi m\u0103ng S\u00f4ng Gianh pc40 t\u1ea1i Qu\u1ea3ng Nam-0947.335.871","description":"Tr\u1ea7n Th\u1ecb l\u00e0 nh\u00e0 cung c\u1ea5p \"b\u1ea3ng Gi\u00e1 xi m\u0103ng S\u00f4ng Gianh pc40 t\u1ea1i Qu\u1ea3ng Nam-0947.335.871\". Ph\u1ee5c v\u1ee5 t\u1eadn ch\u00e2n c\u00f4ng tr\u00ecnh 24\/07.","robots":{"index":"index","follow":"follow","max-snippet":"max-snippet:-1","max-image-preview":"max-image-preview:large","max-video-preview":"max-video-preview:-1"},"canonical":"https:\/\/tranthi.vn\/hatinh\/gia-xi-mang-song-gianh-pc-40-ha-tinh\/","og_locale":"vi_VN","og_type":"article","og_title":"Xi M\u0103ng S\u00f4ng Gianh PCB40","og_description":"Tr\u1ea7n Th\u1ecb l\u00e0 nh\u00e0 cung c\u1ea5p \"b\u1ea3ng Gi\u00e1 xi m\u0103ng S\u00f4ng Gianh pc40 t\u1ea1i Qu\u1ea3ng Nam-0947.335.871\". Ph\u1ee5c v\u1ee5 t\u1eadn ch\u00e2n c\u00f4ng tr\u00ecnh 24\/07.","og_url":"https:\/\/tranthi.vn\/hatinh\/gia-xi-mang-song-gianh-pc-40-ha-tinh\/","og_site_name":"V\u1eadt Li\u1ec7u X\u00e2y D\u1ef1ng Tr\u1ea7n Th\u1ecb Chi Nh\u00e1nh H\u00e0 T\u0129nh","article_modified_time":"2024-07-29T08:19:46+00:00","og_image":[{"width":300,"height":300,"url":"https:\/\/tranthi.vn\/hatinh\/wp-content\/uploads\/2021\/02\/song-gianh-po-300x300-1.jpg","type":"image\/jpeg"}],"twitter_card":"summary_large_image","twitter_misc":{"Gi\u00e1":"1,830,000&nbsp;&#8363;","Kh\u1ea3 d\u1ee5ng":"Trong kho"},"schema":{"@context":"https:\/\/schema.org","@graph":[{"@type":["WebPage","ItemPage"],"@id":"https:\/\/tranthi.vn\/hatinh\/gia-xi-mang-song-gianh-pc-40-ha-tinh\/","url":"https:\/\/tranthi.vn\/hatinh\/gia-xi-mang-song-gianh-pc-40-ha-tinh\/","name":"Gi\u00e1 xi m\u0103ng S\u00f4ng Gianh pc40 t\u1ea1i Qu\u1ea3ng Nam-0947.335.871","isPartOf":{"@id":"https:\/\/tranthi.vn\/hatinh\/#website"},"primaryImageOfPage":{"@id":"https:\/\/tranthi.vn\/hatinh\/gia-xi-mang-song-gianh-pc-40-ha-tinh\/#primaryimage"},"image":{"@id":"https:\/\/tranthi.vn\/hatinh\/gia-xi-mang-song-gianh-pc-40-ha-tinh\/#primaryimage"},"thumbnailUrl":"https:\/\/tranthi.vn\/hatinh\/wp-content\/uploads\/2021\/02\/song-gianh-po-300x300-1.jpg","datePublished":"2021-02-18T06:30:09+00:00","dateModified":"2024-07-29T08:19:46+00:00","description":"Tr\u1ea7n Th\u1ecb l\u00e0 nh\u00e0 cung c\u1ea5p \"b\u1ea3ng Gi\u00e1 xi m\u0103ng S\u00f4ng Gianh pc40 t\u1ea1i Qu\u1ea3ng Nam-0947.335.871\". Ph\u1ee5c v\u1ee5 t\u1eadn ch\u00e2n c\u00f4ng tr\u00ecnh 24\/07.","breadcrumb":{"@id":"https:\/\/tranthi.vn\/hatinh\/gia-xi-mang-song-gianh-pc-40-ha-tinh\/#breadcrumb"},"inLanguage":"vi","potentialAction":[{"@type":"ReadAction","target":["https:\/\/tranthi.vn\/hatinh\/gia-xi-mang-song-gianh-pc-40-ha-tinh\/"]}]},{"@type":"ImageObject","inLanguage":"vi","@id":"https:\/\/tranthi.vn\/hatinh\/gia-xi-mang-song-gianh-pc-40-ha-tinh\/#primaryimage","url":"https:\/\/tranthi.vn\/hatinh\/wp-content\/uploads\/2021\/02\/song-gianh-po-300x300-1.jpg","contentUrl":"https:\/\/tranthi.vn\/hatinh\/wp-content\/uploads\/2021\/02\/song-gianh-po-300x300-1.jpg","width":300,"height":300},{"@type":"BreadcrumbList","@id":"https:\/\/tranthi.vn\/hatinh\/gia-xi-mang-song-gianh-pc-40-ha-tinh\/#breadcrumb","itemListElement":[{"@type":"ListItem","position":1,"name":"Trang ch\u1ee7","item":"https:\/\/tranthi.vn\/hatinh\/"},{"@type":"ListItem","position":2,"name":"Shop","item":"https:\/\/tranthi.vn\/hatinh\/shop\/"},{"@type":"ListItem","position":3,"name":"Xi M\u0103ng S\u00f4ng Gianh PCB40"}]},{"@type":"WebSite","@id":"https:\/\/tranthi.vn\/hatinh\/#website","url":"https:\/\/tranthi.vn\/hatinh\/","name":"V\u1eadt Li\u1ec7u X\u00e2y D\u1ef1ng Tr\u1ea7n Th\u1ecb Chi Nh\u00e1nh H\u00e0 T\u0129nh","description":"V\u1eadt Li\u1ec7u X\u00e2y D\u1ef1ng - H\u00e0 T\u0129nh","potentialAction":[{"@type":"SearchAction","target":{"@type":"EntryPoint","urlTemplate":"https:\/\/tranthi.vn\/hatinh\/?s={search_term_string}"},"query-input":"required name=search_term_string"}],"inLanguage":"vi"},{"@type":"ImageObject","inLanguage":"vi","@id":"https:\/\/tranthi.vn\/hatinh\/gia-xi-mang-song-gianh-pc-40-ha-tinh\/#local-main-organization-logo","url":"","contentUrl":"","caption":"V\u1eadt Li\u1ec7u X\u00e2y D\u1ef1ng Tr\u1ea7n Th\u1ecb Chi Nh\u00e1nh H\u00e0 T\u0129nh"}]},"product_price_amount":"1830000","product_price_currency":"VND","og_availability":"instock","product_availability":"instock","product_condition":"new"},"_links":{"self":[{"href":"https:\/\/tranthi.vn\/hatinh\/wp-json\/wp\/v2\/product\/1551","targetHints":{"allow":["GET"]}}],"collection":[{"href":"https:\/\/tranthi.vn\/hatinh\/wp-json\/wp\/v2\/product"}],"about":[{"href":"https:\/\/tranthi.vn\/hatinh\/wp-json\/wp\/v2\/types\/product"}],"replies":[{"embeddable":true,"href":"https:\/\/tranthi.vn\/hatinh\/wp-json\/wp\/v2\/comments?post=1551"}],"wp:featuredmedia":[{"embeddable":true,"href":"https:\/\/tranthi.vn\/hatinh\/wp-json\/wp\/v2\/media\/1550"}],"wp:attachment":[{"href":"https:\/\/tranthi.vn\/hatinh\/wp-json\/wp\/v2\/media?parent=1551"}],"wp:term":[{"taxonomy":"product_cat","embeddable":true,"href":"https:\/\/tranthi.vn\/hatinh\/wp-json\/wp\/v2\/product_cat?post=1551"},{"taxonomy":"product_tag","embeddable":true,"href":"https:\/\/tranthi.vn\/hatinh\/wp-json\/wp\/v2\/product_tag?post=1551"}],"curies":[{"name":"wp","href":"https:\/\/api.w.org\/{rel}","templated":true}]}}