{"id":1215,"date":"2021-02-17T08:56:20","date_gmt":"2021-02-17T08:56:20","guid":{"rendered":"http:\/\/new-tranthi.test\/san-pham\/cua-di-nhom-xingfa\/"},"modified":"2021-03-27T14:53:43","modified_gmt":"2021-03-27T07:53:43","slug":"gia-cua-di-nhom-xingfa-tai-da-nang","status":"publish","type":"product","link":"https:\/\/tranthi.vn\/hatinh\/gia-cua-di-nhom-xingfa-tai-da-nang\/","title":{"rendered":"C\u1eeda \u0110i M\u1edf Quay Nh\u00f4m Xingfa"},"content":{"rendered":"<h1 style=\"text-align: center;\"><a href=\"https:\/\/tranthi.vn\/quangnam\/gia-cua-di-nhom-xingfa-tai-da-nang\/\"><span style=\"font-family: 'times new roman', times, serif; font-size: 130%;\"><strong><span style=\"color: #ff0000;\">GI\u00c1 C\u1eecA \u0110I M\u1ede QUAY NH\u00d4M XINGFA \u0110\u00c0 N\u1eb4NG<\/span><\/strong><\/span><\/a><\/h1>\n<p><span style=\"font-family: 'times new roman', times, serif; font-size: 130%; color: #000000;\"><em><strong>Gi\u00e1 c\u1eeda \u0111i m\u1edf quay nh\u00f4m xingfa t\u1ea1i <a href=\"https:\/\/vi.wikipedia.org\/wiki\/%C4%90%C3%A0_N%E1%BA%B5ng\">\u0110\u00e0 N\u1eb5ng<\/a><\/strong><\/em> \u0111\u01b0\u1ee3c t\u00ednh theo m v\u00e0 giao d\u1ed9ng t\u00f9y ch\u1ea5t l\u01b0\u1ee3ng v\u00e0 \u0111\u1ed9 d\u00e0y c\u1ee7a nh\u00f4m, v\u00e0 c\u00f4ng d\u1ee5ng nh\u01b0 <em><strong>c\u1eeda \u0111i<\/strong><\/em>, c\u1eeda l\u00f9a, c\u1eeda h\u1ea5t, c\u1eeda quay. L\u00e0 m\u1ed9t lo\u1ea1i <em><strong>nh\u00f4m<\/strong><\/em> n\u1eb1m trong top 4 lo\u1ea1i nh\u00f4m t\u1ed1t nh\u1ea5t th\u1ebf gi\u1edbi hi\u1ec7n nay. Nh\u1eefng d\u00f2ng s\u1ea3n ph\u1ea9m \u0111\u01b0\u1ee3c l\u00e0m t\u1eeb nh\u00f4m<em><strong> xingfa<\/strong> <\/em>r\u1ea5t \u0111\u01b0\u1ee3c \u01b0a chu\u1ed9ng t\u1ea1i th\u1ecb tr\u01b0\u1eddng Vi\u1ec7t Nam<\/span><\/p>\n<h2><span style=\"font-family: 'times new roman', times, serif; font-size: 130%;\"><strong><span style=\"color: #ff0000;\">1. B\u1ea2NG GI\u00c1 C\u1eecA \u0110I M\u1ede QUAY NH\u00d4M XINGFA T\u1ea0I \u0110\u00c0 N\u1eb4NG<\/span><\/strong><\/span><\/h2>\n<p><span style=\"font-family: 'times new roman', times, serif; font-size: 130%; color: #000000;\">B\u1ea3ng gi\u00e1 <em><strong>c\u1eeda \u0111i m\u1edf quay<\/strong><\/em> nh\u00f4m xingfa s\u1ebd c\u00f3 s\u1ef1 ch\u00eanh l\u1ec7ch \u1edf nh\u1eefng c\u01a1 s\u1edf kh\u00e1c nhau t\u1ea1i <a href=\"https:\/\/vi.wikipedia.org\/wiki\/%C4%90%C3%A0_N%E1%BA%B5ng\">\u0110\u00e0 N\u1eb5ng<\/a>. Ph\u1ea7n l\u1edbn l\u00e0 t\u00f9y thu\u1ed9c v\u00e0o ch\u1ea5t l\u01b0\u1ee3ng v\u00e0 \u0111\u1ed9 d\u00e0y c\u1ee7a ch\u1ee7ng lo\u1ea1i n<\/span><\/p>\n<p><span style=\"font-family: 'times new roman', times, serif; font-size: 130%; color: #000000;\">h\u00f4m xingfa \u0111\u01b0\u1ee3c s\u1eed d\u1ee5ng. Ho\u1eb7c t\u00f9y v\u00e0o \u0111\u01a1n v\u1ecb t\u1ef1 gia c\u00f4ng s\u1ea3n xu\u1ea5t hay ch\u1ec9 nh\u1eadt s\u1ea3n ph\u1ea9m v\u1ec1 b\u00e1n.<\/span><\/p>\n<p>&nbsp;<\/p>\n<table style=\"border-collapse: collapse; width: 0%;\">\n<tbody>\n<tr>\n<td style=\"width: 6.45455%; text-align: center;\"><span style=\"font-family: 'times new roman', times, serif; font-size: 130%; color: #000000;\">STT<\/span><\/td>\n<td style=\"width: 23.5455%; text-align: center;\"><span style=\"font-family: 'times new roman', times, serif; font-size: 130%; color: #000000;\">LO\u1ea0I C\u1eecA<\/span><\/td>\n<td style=\"width: 53.606%; text-align: center;\"><span style=\"font-family: 'times new roman', times, serif; font-size: 130%; color: #000000;\">M\u00d4 T\u1ea2<\/span><\/td>\n<td style=\"width: 16.394%; text-align: center;\"><span style=\"font-family: 'times new roman', times, serif; font-size: 130%; color: #000000;\">\u0110\u01a0N GI\u00c1<\/span><\/td>\n<\/tr>\n<tr>\n<td style=\"width: 6.45455%;\"><span style=\"font-family: 'times new roman', times, serif; font-size: 130%; color: #000000;\">1<\/span><\/td>\n<td style=\"width: 23.5455%;\"><span style=\"font-family: 'times new roman', times, serif; font-size: 130%;\"><strong><span style=\"color: #000000;\">C\u1eeda \u0111i m\u1edf quay nh\u00f4m xingfa<\/span><\/strong><\/span><\/td>\n<td style=\"width: 53.606%;\"><span style=\"font-family: 'times new roman', times, serif; font-size: 130%; color: #000000;\">\u2013 Nh\u00f4m: Thanh nh\u00f4m profile Xingfa h\u1ec7 55<\/span><br \/>\n<span style=\"font-family: 'times new roman', times, serif; font-size: 130%; color: #000000;\">\u2013 \u0110\u1ed9 d\u00e0y: 2.0 (mm)<\/span><br \/>\n<span style=\"font-family: 'times new roman', times, serif; font-size: 130%; color: #000000;\">\u2013 M\u00e0u: N\u00e2u s\u1ea7n, tr\u1eafng s\u1ee9, \u0111en, ghi, v\u00e2n g\u1ed7.<\/span><br \/>\n<span style=\"font-family: 'times new roman', times, serif; font-size: 130%; color: #000000;\">\u2013 K\u00ednh: K\u00ednh an to\u00e0n 6.38mm, k\u00ednh h\u1ed9p\u00a05.9.5 (mm)<\/span><br \/>\n<span style=\"font-family: 'times new roman', times, serif; font-size: 130%; color: #000000;\">\u2013 Ph\u1ee5 ki\u1ec7n: Gio\u0103ng EDPM, keo Silicon ch\u1ecbu n\u01b0\u1edbc<\/span><br \/>\n<span style=\"font-family: 'times new roman', times, serif; font-size: 130%; color: #000000;\">\u2013 B\u1ea3o h\u00e0nh: 5 n\u0103m<\/span><\/td>\n<td style=\"width: 16.394%;\"><span style=\"font-family: 'times new roman', times, serif; font-size: 130%; color: #000000;\"><strong><span style=\"color: #ff0000;\">1.800.000 &#8211; 2.000.000<\/span><\/strong> ( t\u00f9y v\u00e0o s\u1ed5 l\u01b0\u1ee3ng, k\u00edch th\u01b0\u1edbc v\u00e0 \u0111\u1ecba th\u1ebf l\u1eafp c\u1eeda)<\/span><\/td>\n<\/tr>\n<tr>\n<td style=\"width: 6.45455%;\"><\/td>\n<td style=\"width: 23.5455%;\"><\/td>\n<td style=\"width: 53.606%;\"><\/td>\n<td style=\"width: 16.394%;\"><\/td>\n<\/tr>\n<tr>\n<td style=\"width: 6.45455%;\"><\/td>\n<td style=\"width: 23.5455%;\"><\/td>\n<td style=\"width: 53.606%;\"><\/td>\n<td style=\"width: 16.394%;\"><\/td>\n<\/tr>\n<\/tbody>\n<\/table>\n<p><span style=\"font-family: 'times new roman', times, serif; font-size: 130%;\"><strong><span style=\"color: #ff0000;\">L\u01b0u \u00fd:<\/span><\/strong><\/span><\/p>\n<ul>\n<li><span style=\"font-family: 'times new roman', times, serif; font-size: 130%; color: #000000;\">B\u1ea3ng gi\u00e1 tr\u00ean ch\u01b0a k\u00e8m kh\u00f3a v\u00e0 VAT<\/span><\/li>\n<li><span style=\"font-family: 'times new roman', times, serif; font-size: 130%; color: #000000;\">B\u1ea3ng gi\u00e1 c\u00f3 th\u1ec3 thay \u0111\u1ed5i theo th\u1eddi gian theo thay \u0111\u1ed5i c\u1ee7a th\u1ecb tr\u01b0\u1eddng chung<\/span><\/li>\n<\/ul>\n<p><span style=\"font-family: 'times new roman', times, serif; font-size: 130%; color: #000000;\">=&gt; \u0110\u1ec3 nh\u1eadn \u0111\u01b0\u1ee3c b\u00e1o gi\u00e1 ch\u00ednh x\u00e1c t\u1eebng m2 qu\u00fd kh\u00e1ch h\u00e0ng vui l\u00f2ng li\u00ean h\u1ec7:<strong><span style=\"color: #ff0000;\"> 0903.595.049<\/span><\/strong>\u00a0<\/span><\/p>\n<h2><span style=\"font-size: 130%; font-family: 'times new roman', times, serif;\"><strong>2. \u01afu \u0111i\u1ec3m n\u1ed5i b\u1eadt c\u1ee7a c\u1eeda \u0111i m\u1edf quay nh\u00f4m Xingfa<\/strong><\/span><\/h2>\n<ul>\n<li>\n<h3><span style=\"font-size: 130%; font-family: 'times new roman', times, serif; color: #ff0000;\">C\u00e1ch \u00e2m, c\u00e1ch nhi\u1ec7t<\/span><\/h3>\n<\/li>\n<\/ul>\n<p><span style=\"font-size: 130%; font-family: 'times new roman', times, serif;\">+ C\u1eeda v\u00e0 v\u00e1ch \u0111\u01b0\u1ee3c c\u1ea5u t\u1ea1o t\u1eeb thanh h\u1ee3p kim\u00a0nh\u00f4m h\u1ec7 Xingfa\u00a0c\u00f3 c\u1ea5u tr\u00fac d\u1ea1ng h\u1ed9p chia th\u00e0nh nhi\u1ec1u khoang tr\u1ed1ng k\u1ebft h\u1ee3p v\u1edbi h\u1ec7 gio\u0103ng v\u00e0 h\u1ec7 ph\u1ee5 ki\u1ec7n kim kh\u00ed \u0111\u1ed3ng b\u1ed9 \u0111\u00e3 t\u1ea1o n\u00ean s\u1ea3n ph\u1ea9m c\u00f3 kh\u1ea3 n\u0103ng c\u00e1ch \u00e2m t\u1ed1t, c\u00e1ch nhi\u1ec7t cao.<\/span><\/p>\n<p><span style=\"font-size: 130%; font-family: 'times new roman', times, serif;\">+ C\u00f4ng ngh\u1ec7 gh\u00e9p g\u00f3c ti\u00ean ti\u1ebfn b\u1eadc nh\u1ea5t hi\u1ec7n nay \u0111\u1ea3m b\u1ea3o <em>c\u1eeda nh\u00f4m Xingfa m\u1edf quay<\/em>\u00a0c\u1ee9ng v\u1eefng, c\u00e1ch \u00e2m, c\u00e1ch nhi\u1ec7t c\u00f9ng \u0111\u1ed9 k\u00edn, kh\u00edt cao.\u00a0<\/span><\/p>\n<ul>\n<li>\n<h3><span style=\"font-size: 130%; font-family: 'times new roman', times, serif; color: #ff0000;\">K\u00edn n\u01b0\u1edbc &amp; K\u00edn kh\u00ed<\/span><\/h3>\n<\/li>\n<\/ul>\n<p><span style=\"font-size: 130%; font-family: 'times new roman', times, serif;\">+ C\u00e1c \u1ed1ng d\u1eabn n\u01b0\u1edbc h\u01b0\u1edbng ra ngo\u00e0i \u0111\u01b0\u1ee3c thi\u1ebft k\u1ebf tr\u00ean khung c\u1eeda s\u1ebd ng\u0103n n\u01b0\u1edbc ch\u1ea9y v\u00e0o b\u00ean trong m\u1ed9t c\u00e1ch t\u1ed1i \u0111a.<\/span><\/p>\n<p><span style=\"font-size: 130%; font-family: 'times new roman', times, serif;\">+ S\u1ef1 k\u00edn kh\u00edt tuy\u1ec7t \u0111\u1ed1i c\u1ea3n tr\u1edf vi\u1ec7c l\u01b0u th\u00f4ng kh\u00f4ng kh\u00ed l\u1ea1nh \u1edf trong v\u00e0 n\u00f3ng \u1edf ngo\u00e0i g\u00f3p ph\u1ea7n ti\u1ebft ki\u1ec7m chi ph\u00ed \u0111i\u1ec7n cho \u0111i\u1ec1u ho\u00e0.<\/span><\/p>\n<ul>\n<li>\n<h3><span style=\"font-size: 130%; font-family: 'times new roman', times, serif; color: #ff0000;\">Ch\u1ecbu \u00e1p l\u1ef1c gi\u00f3<\/span><\/h3>\n<\/li>\n<\/ul>\n<p><span style=\"font-size: 130%; font-family: 'times new roman', times, serif;\"><strong>+\u00a0<em>C\u1eeda nh\u00f4m \u0111i m\u1edf quay nh\u00f4m\u00a0Xingfa<\/em><\/strong>\u00a0c\u00f3 \u0111\u1ed9 an to\u00e0n cao, tr\u00e1nh \u0111\u01b0\u1ee3c nguy c\u01a1 gi\u00f3 d\u1eadp.<\/span><\/p>\n<p><span style=\"font-size: 130%; font-family: 'times new roman', times, serif;\">+ S\u1ea3n ph\u1ea9m ch\u1ecbu \u0111\u01b0\u1ee3c \u00e1p l\u1ef1c gi\u00f3 l\u00ean \u0111\u1ebfn 1600 pascal, \u0111\u1ee7 \u0111i\u1ec1u ki\u1ec7n \u0111\u1ea3m b\u1ea3o an to\u00e0n cho nh\u1eefng c\u00f4ng tr\u00ecnh n\u1eb1m t\u1ea1i khu v\u1ef1c nhi\u1ec1u gi\u00f3 b\u00e3o.<\/span><\/p>\n<ul>\n<li>\n<h3><span style=\"font-size: 130%; font-family: 'times new roman', times, serif; color: #ff0000;\">Hi\u1ec7u qu\u1ea3 kinh t\u1ebf<\/span><\/h3>\n<\/li>\n<\/ul>\n<p><span style=\"font-size: 130%; font-family: 'times new roman', times, serif;\">+ Vi\u1ec7c s\u1eed d\u1ee5ng c\u1eeda h\u1ee3p kim, v\u00e1ch nh\u00f4m v\u00e0 h\u1ed9p k\u00ednh l\u00e0 gi\u1ea3i ph\u00e1p t\u1ed1t nh\u1ea5t trong vi\u1ec7c ti\u1ebft ki\u1ec7m n\u0103ng l\u01b0\u1ee3ng cho c\u00e1c to\u00e0 nh\u00e0 cao t\u1ea7ng c\u00f3 nhi\u1ec1u m\u1eb7t ti\u1ebfp x\u00fac tr\u1ef1c ti\u1ebfp v\u1edbi \u00e1nh n\u0103ng m\u1eb7t tr\u1eddi.<\/span><\/p>\n<p><span style=\"font-size: 130%; font-family: 'times new roman', times, serif;\">+ Thanh nh\u00f4m <em><strong>c\u1eeda \u0111i m\u1edf quay<\/strong><\/em> \u0111\u01b0\u1ee3c x\u1eed l\u00fd b\u1ec1 m\u1eb7t v\u00e0 s\u01a1n t\u0129nh \u0111i\u1ec7n v\u1edbi c\u00f4ng ngh\u1ec7 ti\u00ean ti\u1ebfn s\u1ebd c\u00f3 \u0111\u1ed9 b\u1ec1n cao, lu\u00f4n gi\u1eef \u0111\u01b0\u1ee3c m\u00e0u s\u1eafc v\u00e0 k\u1ebft c\u1ea5u c\u1ee7a c\u1eeda ngay c\u1ea3 trong \u0111i\u1ec1u ki\u1ec7n th\u1eddi ti\u1ebft kh\u1eafc nghi\u1ec7t \u1edf Vi\u1ec7t Nam.<\/span><\/p>\n<ul>\n<li>\n<h3><span style=\"font-size: 130%; font-family: 'times new roman', times, serif; color: #ff0000;\">An to\u00e0n v\u00e0 thu\u1eadn ti\u1ec7n<\/span><\/h3>\n<\/li>\n<\/ul>\n<p><span style=\"font-size: 130%; font-family: 'times new roman', times, serif;\">+ C\u00f3 \u0111\u1ed9 c\u1ee9ng cao gi\u00fap t\u0103ng kh\u1ea3 n\u0103ng ch\u1ecbu l\u1ef1c, \u0111\u1ea3m b\u1ea3o an to\u00e0n cho ng\u00f4i nh\u00e0.<\/span><\/p>\n<p><span style=\"font-size: 130%; font-family: 'times new roman', times, serif;\">+ Gi\u00fap m\u1edf r\u1ed9ng kh\u00f4ng gian v\u00e0 t\u1ea1o \u0111\u01b0\u1ee3c t\u1ea7m nh\u00ecn bao qu\u00e1t cho c\u00f4ng tr\u00ecnh.<\/span><\/p>\n<p><span style=\"font-size: 130%; font-family: 'times new roman', times, serif;\">+ V\u1eadt li\u1ec7u nh\u1eb9 g\u00f3p ph\u1ea7n l\u00e0m gi\u1ea3m t\u1ea3i tr\u1ecdng c\u1ee7a c\u00f4ng tr\u00ecnh.<\/span><\/p>\n<p><span style=\"font-size: 130%; font-family: 'times new roman', times, serif;\">+ Ti\u1ebft ki\u1ec7m kh\u00f4ng gian \u0111\u00f3ng\/m\u1edf c\u1eeda, gi\u00fap t\u1eadn d\u1ee5ng t\u1ed1i \u0111a di\u1ec7n t\u00edch cho ng\u00f4i nh\u00e0.<\/span><\/p>\n<p><span style=\"font-size: 130%; font-family: 'times new roman', times, serif;\">+ \u0110\u00f3ng m\u1edf d\u1ec5 d\u00e0ng, \u0111\u1ea3m b\u1ea3o di\u1ec7n t\u00edch s\u1eed d\u1ee5ng t\u1ed1i \u0111a cho c\u0103n ph\u00f2ng.<\/span><\/p>\n<p><span style=\"font-size: 130%; font-family: 'times new roman', times, serif;\">+ V\u1eabn c\u00f3 th\u1ec3 m\u1edf c\u1eeda \u0111\u1ec3 \u0111\u1ea3m b\u1ea3o th\u00f4ng tho\u00e1ng trong \u0111i\u1ec1u ki\u1ec7n th\u1eddi ti\u1ebft c\u00f3 m\u01b0a.<\/span><\/p>\n<p><span style=\"font-size: 130%; font-family: 'times new roman', times, serif;\">+ \u0110a d\u1ea1ng k\u00edch th\u01b0\u1edbc, ki\u1ec3u d\u00e1ng, ph\u00f9 h\u1ee3p v\u1edbi nhi\u1ec1u ki\u1ec3u ki\u1ebfn tr\u00fac.<\/span><\/p>\n<ul>\n<li>\n<h3><span style=\"font-size: 130%; font-family: 'times new roman', times, serif; color: #ff0000;\">\u0110\u1ed9 b\u1ec1n v\u01b0\u1ee3t th\u1eddi gian<\/span><\/h3>\n<\/li>\n<\/ul>\n<p><span style=\"font-size: 130%; font-family: 'times new roman', times, serif;\">+ H\u1ee3p kim nh\u00f4m \u0111\u01b0\u1ee3c \u1ee9ng d\u1ee5ng \u0111\u1ee9ng th\u1ee9 2 (sau th\u00e9p) v\u1ec1 s\u1ea3n xu\u1ea5t v\u00e0 \u1ee9ng d\u1ee5ng. \u0110\u01b0\u1ee3c \u1ee9ng d\u1ee5ng trong c\u00f4ng ngh\u1ec7 ch\u1ebf t\u1ea1o m\u00e1y bay v\u00e0 c\u00e1c thi\u1ebft b\u1ecb ng\u00e0nh h\u00e0ng kh\u00f4ng.\u00a0<\/span><\/p>\n<p><span style=\"font-size: 130%; font-family: 'times new roman', times, serif;\">+\u00a0<strong><em>C\u1eeda \u0111i m\u1edf quay nh\u00f4m Xingfa<\/em>\u00a0<\/strong>\u0111\u01b0\u1ee3c l\u1eafp gh\u00e9p t\u1eeb thanh nh\u00f4m h\u1ee3p kim \u0111\u1ecbnh h\u00ecnh Profile Xingfa nh\u1eadp kh\u1ea9u ch\u00ednh h\u00e3ng t\u01b0\u01a1ng th\u00edch v\u1edbi h\u1ec7 ph\u1ee5 ki\u1ec7n kim kh\u00ed Kinlong cao c\u1ea5p&#8230; t\u1ea1o n\u00ean m\u1ed9t h\u1ec7 c\u1eeda c\u00f3 \u0111\u1ed9 b\u1ec1n v\u01b0\u1ee3t th\u1eddi gian.\u00a0<\/span><\/p>\n<p><span style=\"font-family: 'times new roman', times, serif; font-size: 130%;\"><strong><span style=\"color: #ff0000;\">H\u01b0\u1edbng d\u1eabn l\u1eafp \u0111\u1eb7t c\u1eeda nh\u00f4m xingfa \u0111\u00fang c\u00e1ch<\/span><\/strong><\/span><\/p>\n<p style=\"text-align: center;\"><iframe loading=\"lazy\" src=\"\/\/www.youtube.com\/embed\/i7uN-ngnA0k\" width=\"560\" height=\"314\" allowfullscreen=\"allowfullscreen\"><\/iframe><\/p>\n","protected":false},"excerpt":{"rendered":"<p><span style=\"font-family: 'times new roman', times, serif;\"><img decoding=\"async\" class=\"emoji\" draggable=\"false\" src=\"https:\/\/s.w.org\/images\/core\/emoji\/12.0.0-1\/svg\/1f61b.svg\" alt=\"\ud83d\ude1b\" \/><span style=\"font-size: 14pt; color: #000000;\"> Giao h\u00e0ng trong \u0111\u1ecba b\u00e0n<span style=\"color: #008000;\"> <a style=\"color: #008000;\" href=\"https:\/\/fr.wikipedia.org\/wiki\/Da_Nang\"><strong>\u0110\u00e0 N\u1eb5ng<\/strong><\/a><\/span><\/span><\/span><\/p>\n<p><span style=\"font-family: 'times new roman', times, serif; font-size: 14pt; color: #000000;\"><img decoding=\"async\" class=\"emoji\" draggable=\"false\" src=\"https:\/\/s.w.org\/images\/core\/emoji\/12.0.0-1\/svg\/1f61b.svg\" alt=\"\ud83d\ude1b\" \/> \u0110\u01a1n gi\u00e1: <strong><span style=\"color: #ff0000;\">1.900.000<\/span><\/strong>\u00a0ch\u01b0a bao g\u1ed3m kh\u00f3a ( t\u00f9y thu\u1ed9c v\u00e0o k\u00edch th\u01b0\u1edbc, s\u1ed1 l\u01b0\u1ee3ng v\u00e0 v\u1ecb tr\u00ed l\u1eafp c\u1eeda)<\/span><\/p>\n<p><span style=\"font-family: 'times new roman', times, serif; font-size: 14pt; color: #000000;\">\u00a0-Chi ph\u00ed v\u1eadn chuy\u1ec3n s\u1ebd t\u00ednh theo kho\u1ea3ng c\u00e1ch v\u00e0 s\u1ed1 l\u01b0\u1ee3ng h\u00e0ng h\u00f3a nh\u1eadp<\/span><\/p>\n","protected":false},"featured_media":1214,"comment_status":"open","ping_status":"closed","template":"","meta":[],"product_cat":[115],"product_tag":[],"class_list":{"0":"post-1215","1":"product","2":"type-product","3":"status-publish","4":"has-post-thumbnail","6":"product_cat-nhom-xingfa","8":"first","9":"instock","10":"sale","11":"shipping-taxable","12":"purchasable","13":"product-type-simple"},"yoast_head":"<!-- This site is optimized with the Yoast SEO Premium plugin v22.3 (Yoast SEO v22.8) - https:\/\/yoast.com\/wordpress\/plugins\/seo\/ -->\n<title>Gi\u00e1 c\u1eeda \u0111i m\u1edf quay nh\u00f4m xingfa t\u1ea1i \u0110\u00e0 N\u1eb5ng - 0903.595.049<\/title>\n<meta name=\"description\" content=\"Tr\u1ea7n Th\u1ecb - chuy\u00ean s\u1ea3n xu\u1ea5t v\u00e0 l\u1eafp \u0111\u1eb7t c\u1eeda \u0111i m\u1edf quay nh\u00f4m xingfa gi\u00e1 r\u1ebb t\u1ea1i \u0110\u00e0 N\u1eb5ng m\u1eabu m\u00e3 sang tr\u1ecdng hi\u1ec7n \u0111\u1ea1i, \u0111\u1ecba ch\u1ec9 204 L\u00ea V\u0103n Hi\u1ebfn\" \/>\n<meta name=\"robots\" content=\"index, follow, max-snippet:-1, max-image-preview:large, max-video-preview:-1\" \/>\n<link rel=\"canonical\" href=\"https:\/\/tranthi.vn\/hatinh\/gia-cua-di-nhom-xingfa-tai-da-nang\/\" \/>\n<meta property=\"og:locale\" content=\"vi_VN\" \/>\n<meta property=\"og:type\" content=\"article\" \/>\n<meta property=\"og:title\" content=\"C\u1eeda \u0110i M\u1edf Quay Nh\u00f4m Xingfa\" \/>\n<meta property=\"og:description\" content=\"Tr\u1ea7n Th\u1ecb - chuy\u00ean s\u1ea3n xu\u1ea5t v\u00e0 l\u1eafp \u0111\u1eb7t c\u1eeda \u0111i m\u1edf quay nh\u00f4m xingfa gi\u00e1 r\u1ebb t\u1ea1i \u0110\u00e0 N\u1eb5ng m\u1eabu m\u00e3 sang tr\u1ecdng hi\u1ec7n \u0111\u1ea1i, \u0111\u1ecba ch\u1ec9 204 L\u00ea V\u0103n Hi\u1ebfn\" \/>\n<meta property=\"og:url\" content=\"https:\/\/tranthi.vn\/hatinh\/gia-cua-di-nhom-xingfa-tai-da-nang\/\" \/>\n<meta property=\"og:site_name\" content=\"V\u1eadt Li\u1ec7u X\u00e2y D\u1ef1ng Tr\u1ea7n Th\u1ecb Chi Nh\u00e1nh H\u00e0 T\u0129nh\" \/>\n<meta property=\"article:modified_time\" content=\"2021-03-27T07:53:43+00:00\" \/>\n<meta property=\"og:image\" content=\"https:\/\/tranthi.vn\/hatinh\/wp-content\/uploads\/2021\/02\/mau-cua-nhom-xingfa-2-canh-dep-1-1.jpg\" \/>\n\t<meta property=\"og:image:width\" content=\"600\" \/>\n\t<meta property=\"og:image:height\" content=\"600\" \/>\n\t<meta property=\"og:image:type\" content=\"image\/jpeg\" \/>\n<meta name=\"twitter:card\" content=\"summary_large_image\" \/>\n<meta name=\"twitter:label1\" content=\"Gi\u00e1\" \/>\n\t<meta name=\"twitter:data1\" content=\"1,900,000&nbsp;&#8363;\" \/>\n\t<meta name=\"twitter:label2\" content=\"Kh\u1ea3 d\u1ee5ng\" \/>\n\t<meta name=\"twitter:data2\" content=\"Trong kho\" \/>\n<script type=\"application\/ld+json\" class=\"yoast-schema-graph\">{\"@context\":\"https:\/\/schema.org\",\"@graph\":[{\"@type\":[\"WebPage\",\"ItemPage\"],\"@id\":\"https:\/\/tranthi.vn\/hatinh\/gia-cua-di-nhom-xingfa-tai-da-nang\/\",\"url\":\"https:\/\/tranthi.vn\/hatinh\/gia-cua-di-nhom-xingfa-tai-da-nang\/\",\"name\":\"Gi\u00e1 c\u1eeda \u0111i m\u1edf quay nh\u00f4m xingfa t\u1ea1i \u0110\u00e0 N\u1eb5ng - 0903.595.049\",\"isPartOf\":{\"@id\":\"https:\/\/tranthi.vn\/hatinh\/#website\"},\"primaryImageOfPage\":{\"@id\":\"https:\/\/tranthi.vn\/hatinh\/gia-cua-di-nhom-xingfa-tai-da-nang\/#primaryimage\"},\"image\":{\"@id\":\"https:\/\/tranthi.vn\/hatinh\/gia-cua-di-nhom-xingfa-tai-da-nang\/#primaryimage\"},\"thumbnailUrl\":\"https:\/\/tranthi.vn\/hatinh\/wp-content\/uploads\/2021\/02\/mau-cua-nhom-xingfa-2-canh-dep-1-1.jpg\",\"datePublished\":\"2021-02-17T08:56:20+00:00\",\"dateModified\":\"2021-03-27T07:53:43+00:00\",\"description\":\"Tr\u1ea7n Th\u1ecb - chuy\u00ean s\u1ea3n xu\u1ea5t v\u00e0 l\u1eafp \u0111\u1eb7t c\u1eeda \u0111i m\u1edf quay nh\u00f4m xingfa gi\u00e1 r\u1ebb t\u1ea1i \u0110\u00e0 N\u1eb5ng m\u1eabu m\u00e3 sang tr\u1ecdng hi\u1ec7n \u0111\u1ea1i, \u0111\u1ecba ch\u1ec9 204 L\u00ea V\u0103n Hi\u1ebfn\",\"breadcrumb\":{\"@id\":\"https:\/\/tranthi.vn\/hatinh\/gia-cua-di-nhom-xingfa-tai-da-nang\/#breadcrumb\"},\"inLanguage\":\"vi\",\"potentialAction\":[{\"@type\":\"ReadAction\",\"target\":[\"https:\/\/tranthi.vn\/hatinh\/gia-cua-di-nhom-xingfa-tai-da-nang\/\"]}]},{\"@type\":\"ImageObject\",\"inLanguage\":\"vi\",\"@id\":\"https:\/\/tranthi.vn\/hatinh\/gia-cua-di-nhom-xingfa-tai-da-nang\/#primaryimage\",\"url\":\"https:\/\/tranthi.vn\/hatinh\/wp-content\/uploads\/2021\/02\/mau-cua-nhom-xingfa-2-canh-dep-1-1.jpg\",\"contentUrl\":\"https:\/\/tranthi.vn\/hatinh\/wp-content\/uploads\/2021\/02\/mau-cua-nhom-xingfa-2-canh-dep-1-1.jpg\",\"width\":600,\"height\":600},{\"@type\":\"BreadcrumbList\",\"@id\":\"https:\/\/tranthi.vn\/hatinh\/gia-cua-di-nhom-xingfa-tai-da-nang\/#breadcrumb\",\"itemListElement\":[{\"@type\":\"ListItem\",\"position\":1,\"name\":\"Trang ch\u1ee7\",\"item\":\"https:\/\/tranthi.vn\/hatinh\/\"},{\"@type\":\"ListItem\",\"position\":2,\"name\":\"Shop\",\"item\":\"https:\/\/tranthi.vn\/hatinh\/shop\/\"},{\"@type\":\"ListItem\",\"position\":3,\"name\":\"C\u1eeda \u0110i M\u1edf Quay Nh\u00f4m Xingfa\"}]},{\"@type\":\"WebSite\",\"@id\":\"https:\/\/tranthi.vn\/hatinh\/#website\",\"url\":\"https:\/\/tranthi.vn\/hatinh\/\",\"name\":\"V\u1eadt Li\u1ec7u X\u00e2y D\u1ef1ng Tr\u1ea7n Th\u1ecb Chi Nh\u00e1nh H\u00e0 T\u0129nh\",\"description\":\"V\u1eadt Li\u1ec7u X\u00e2y D\u1ef1ng - H\u00e0 T\u0129nh\",\"potentialAction\":[{\"@type\":\"SearchAction\",\"target\":{\"@type\":\"EntryPoint\",\"urlTemplate\":\"https:\/\/tranthi.vn\/hatinh\/?s={search_term_string}\"},\"query-input\":\"required name=search_term_string\"}],\"inLanguage\":\"vi\"},{\"@type\":\"ImageObject\",\"inLanguage\":\"vi\",\"@id\":\"https:\/\/tranthi.vn\/hatinh\/gia-cua-di-nhom-xingfa-tai-da-nang\/#local-main-organization-logo\",\"url\":\"\",\"contentUrl\":\"\",\"caption\":\"V\u1eadt Li\u1ec7u X\u00e2y D\u1ef1ng Tr\u1ea7n Th\u1ecb Chi Nh\u00e1nh H\u00e0 T\u0129nh\"}]}<\/script>\n<meta property=\"product:price:amount\" content=\"1900000\" \/>\n<meta property=\"product:price:currency\" content=\"VND\" \/>\n<meta property=\"og:availability\" content=\"instock\" \/>\n<meta property=\"product:availability\" content=\"instock\" \/>\n<meta property=\"product:condition\" content=\"new\" \/>\n<!-- \/ Yoast SEO Premium plugin. -->","yoast_head_json":{"title":"Gi\u00e1 c\u1eeda \u0111i m\u1edf quay nh\u00f4m xingfa t\u1ea1i \u0110\u00e0 N\u1eb5ng - 0903.595.049","description":"Tr\u1ea7n Th\u1ecb - chuy\u00ean s\u1ea3n xu\u1ea5t v\u00e0 l\u1eafp \u0111\u1eb7t c\u1eeda \u0111i m\u1edf quay nh\u00f4m xingfa gi\u00e1 r\u1ebb t\u1ea1i \u0110\u00e0 N\u1eb5ng m\u1eabu m\u00e3 sang tr\u1ecdng hi\u1ec7n \u0111\u1ea1i, \u0111\u1ecba ch\u1ec9 204 L\u00ea V\u0103n Hi\u1ebfn","robots":{"index":"index","follow":"follow","max-snippet":"max-snippet:-1","max-image-preview":"max-image-preview:large","max-video-preview":"max-video-preview:-1"},"canonical":"https:\/\/tranthi.vn\/hatinh\/gia-cua-di-nhom-xingfa-tai-da-nang\/","og_locale":"vi_VN","og_type":"article","og_title":"C\u1eeda \u0110i M\u1edf Quay Nh\u00f4m Xingfa","og_description":"Tr\u1ea7n Th\u1ecb - chuy\u00ean s\u1ea3n xu\u1ea5t v\u00e0 l\u1eafp \u0111\u1eb7t c\u1eeda \u0111i m\u1edf quay nh\u00f4m xingfa gi\u00e1 r\u1ebb t\u1ea1i \u0110\u00e0 N\u1eb5ng m\u1eabu m\u00e3 sang tr\u1ecdng hi\u1ec7n \u0111\u1ea1i, \u0111\u1ecba ch\u1ec9 204 L\u00ea V\u0103n Hi\u1ebfn","og_url":"https:\/\/tranthi.vn\/hatinh\/gia-cua-di-nhom-xingfa-tai-da-nang\/","og_site_name":"V\u1eadt Li\u1ec7u X\u00e2y D\u1ef1ng Tr\u1ea7n Th\u1ecb Chi Nh\u00e1nh H\u00e0 T\u0129nh","article_modified_time":"2021-03-27T07:53:43+00:00","og_image":[{"width":600,"height":600,"url":"https:\/\/tranthi.vn\/hatinh\/wp-content\/uploads\/2021\/02\/mau-cua-nhom-xingfa-2-canh-dep-1-1.jpg","type":"image\/jpeg"}],"twitter_card":"summary_large_image","twitter_misc":{"Gi\u00e1":"1,900,000&nbsp;&#8363;","Kh\u1ea3 d\u1ee5ng":"Trong kho"},"schema":{"@context":"https:\/\/schema.org","@graph":[{"@type":["WebPage","ItemPage"],"@id":"https:\/\/tranthi.vn\/hatinh\/gia-cua-di-nhom-xingfa-tai-da-nang\/","url":"https:\/\/tranthi.vn\/hatinh\/gia-cua-di-nhom-xingfa-tai-da-nang\/","name":"Gi\u00e1 c\u1eeda \u0111i m\u1edf quay nh\u00f4m xingfa t\u1ea1i \u0110\u00e0 N\u1eb5ng - 0903.595.049","isPartOf":{"@id":"https:\/\/tranthi.vn\/hatinh\/#website"},"primaryImageOfPage":{"@id":"https:\/\/tranthi.vn\/hatinh\/gia-cua-di-nhom-xingfa-tai-da-nang\/#primaryimage"},"image":{"@id":"https:\/\/tranthi.vn\/hatinh\/gia-cua-di-nhom-xingfa-tai-da-nang\/#primaryimage"},"thumbnailUrl":"https:\/\/tranthi.vn\/hatinh\/wp-content\/uploads\/2021\/02\/mau-cua-nhom-xingfa-2-canh-dep-1-1.jpg","datePublished":"2021-02-17T08:56:20+00:00","dateModified":"2021-03-27T07:53:43+00:00","description":"Tr\u1ea7n Th\u1ecb - chuy\u00ean s\u1ea3n xu\u1ea5t v\u00e0 l\u1eafp \u0111\u1eb7t c\u1eeda \u0111i m\u1edf quay nh\u00f4m xingfa gi\u00e1 r\u1ebb t\u1ea1i \u0110\u00e0 N\u1eb5ng m\u1eabu m\u00e3 sang tr\u1ecdng hi\u1ec7n \u0111\u1ea1i, \u0111\u1ecba ch\u1ec9 204 L\u00ea V\u0103n Hi\u1ebfn","breadcrumb":{"@id":"https:\/\/tranthi.vn\/hatinh\/gia-cua-di-nhom-xingfa-tai-da-nang\/#breadcrumb"},"inLanguage":"vi","potentialAction":[{"@type":"ReadAction","target":["https:\/\/tranthi.vn\/hatinh\/gia-cua-di-nhom-xingfa-tai-da-nang\/"]}]},{"@type":"ImageObject","inLanguage":"vi","@id":"https:\/\/tranthi.vn\/hatinh\/gia-cua-di-nhom-xingfa-tai-da-nang\/#primaryimage","url":"https:\/\/tranthi.vn\/hatinh\/wp-content\/uploads\/2021\/02\/mau-cua-nhom-xingfa-2-canh-dep-1-1.jpg","contentUrl":"https:\/\/tranthi.vn\/hatinh\/wp-content\/uploads\/2021\/02\/mau-cua-nhom-xingfa-2-canh-dep-1-1.jpg","width":600,"height":600},{"@type":"BreadcrumbList","@id":"https:\/\/tranthi.vn\/hatinh\/gia-cua-di-nhom-xingfa-tai-da-nang\/#breadcrumb","itemListElement":[{"@type":"ListItem","position":1,"name":"Trang ch\u1ee7","item":"https:\/\/tranthi.vn\/hatinh\/"},{"@type":"ListItem","position":2,"name":"Shop","item":"https:\/\/tranthi.vn\/hatinh\/shop\/"},{"@type":"ListItem","position":3,"name":"C\u1eeda \u0110i M\u1edf Quay Nh\u00f4m Xingfa"}]},{"@type":"WebSite","@id":"https:\/\/tranthi.vn\/hatinh\/#website","url":"https:\/\/tranthi.vn\/hatinh\/","name":"V\u1eadt Li\u1ec7u X\u00e2y D\u1ef1ng Tr\u1ea7n Th\u1ecb Chi Nh\u00e1nh H\u00e0 T\u0129nh","description":"V\u1eadt Li\u1ec7u X\u00e2y D\u1ef1ng - H\u00e0 T\u0129nh","potentialAction":[{"@type":"SearchAction","target":{"@type":"EntryPoint","urlTemplate":"https:\/\/tranthi.vn\/hatinh\/?s={search_term_string}"},"query-input":"required name=search_term_string"}],"inLanguage":"vi"},{"@type":"ImageObject","inLanguage":"vi","@id":"https:\/\/tranthi.vn\/hatinh\/gia-cua-di-nhom-xingfa-tai-da-nang\/#local-main-organization-logo","url":"","contentUrl":"","caption":"V\u1eadt Li\u1ec7u X\u00e2y D\u1ef1ng Tr\u1ea7n Th\u1ecb Chi Nh\u00e1nh H\u00e0 T\u0129nh"}]},"product_price_amount":"1900000","product_price_currency":"VND","og_availability":"instock","product_availability":"instock","product_condition":"new"},"_links":{"self":[{"href":"https:\/\/tranthi.vn\/hatinh\/wp-json\/wp\/v2\/product\/1215","targetHints":{"allow":["GET"]}}],"collection":[{"href":"https:\/\/tranthi.vn\/hatinh\/wp-json\/wp\/v2\/product"}],"about":[{"href":"https:\/\/tranthi.vn\/hatinh\/wp-json\/wp\/v2\/types\/product"}],"replies":[{"embeddable":true,"href":"https:\/\/tranthi.vn\/hatinh\/wp-json\/wp\/v2\/comments?post=1215"}],"wp:featuredmedia":[{"embeddable":true,"href":"https:\/\/tranthi.vn\/hatinh\/wp-json\/wp\/v2\/media\/1214"}],"wp:attachment":[{"href":"https:\/\/tranthi.vn\/hatinh\/wp-json\/wp\/v2\/media?parent=1215"}],"wp:term":[{"taxonomy":"product_cat","embeddable":true,"href":"https:\/\/tranthi.vn\/hatinh\/wp-json\/wp\/v2\/product_cat?post=1215"},{"taxonomy":"product_tag","embeddable":true,"href":"https:\/\/tranthi.vn\/hatinh\/wp-json\/wp\/v2\/product_tag?post=1215"}],"curies":[{"name":"wp","href":"https:\/\/api.w.org\/{rel}","templated":true}]}}