{"id":5442,"date":"2022-11-03T14:34:41","date_gmt":"2022-11-03T07:34:41","guid":{"rendered":"https:\/\/tranthi.vn\/hanoi\/?post_type=product&#038;p=5442"},"modified":"2022-11-10T08:22:18","modified_gmt":"2022-11-10T01:22:18","slug":"bang-gia-son-joton-chiet-khau-cao-tai-hue","status":"publish","type":"product","link":"https:\/\/tranthi.vn\/hanoi\/bang-gia-son-joton-chiet-khau-cao-tai-hue\/","title":{"rendered":"Joton Jony"},"content":{"rendered":"<h1><span style=\"font-family: 'times new roman', times, serif; font-size: 130%; color: #0000ff;\"><a style=\"color: #0000ff;\" href=\"https:\/\/tranthi.vn\/hanoi\/bang-gia-son-jotun-hu%E1%BA%BF\/\"><strong>B\u1ea2NG GI\u00c1 S\u01a0N JOT0N M\u1edaI NH\u1ea4T T\u1ea0I HU\u1ebe<\/strong><\/a><\/span><\/h1>\n<h2><span style=\"font-family: 'times new roman', times, serif; font-size: 130%; color: #666699;\"><strong>1. B\u1ea3ng gi\u00e1 s\u01a1n joton t\u1ea1i Hu\u1ebf<\/strong><\/span><\/h2>\n<p><span style=\"font-family: 'times new roman', times, serif; font-size: 130%;\"><strong><em>B\u1ea3ng <a href=\"https:\/\/vi.wikipedia.org\/wiki\/Gi%C3%A1_c%E1%BA%A3\"><span style=\"color: #3366ff;\">gi\u00e1<\/span><\/a> s\u01a1n Joton t\u1ea1i <a href=\"https:\/\/vi.wikipedia.org\/wiki\/Hu%E1%BA%BF\">Hu\u1ebf<\/a><\/em><\/strong> \u0111\u01b0\u1ee3c c\u1eadp nh\u1eadt m\u1edbi nh\u1ea5t n\u0103m 2022, g\u1ed3m b\u1ed9t t\u00edt s\u01a1n ph\u1ee7, ch\u1ed1ng th\u1ea5m v\u00e0 s\u01a1n l\u00f3t kh\u00e1ng ki\u1ec1m.\u00a0 B\u1ea3ng gi\u00e1 b\u00ean d\u01b0\u1edbi l\u00e0 gi\u00e1 s\u01a1n tr\u1eafng v\u00e0 mang t\u00ednh ch\u1ea5t tham kh\u1ea3o \u0111\u1ec3 nh\u1eadn \u0111\u01b0\u1ee3c b\u00e1o gi\u00e1 ch\u00ednh x\u00e1c nh\u1ea5t qu\u00fd kh\u00e1ch h\u00e0ng vui l\u00f2ng g\u1ecdi Hotline\/zalo c\u1ee7a c\u1eeda h\u00e0ng: <span style=\"color: #0000ff;\">0903.505.049<\/span><\/span><\/p>\n<p>&nbsp;<\/p>\n<figure id=\"attachment_5480\" aria-describedby=\"caption-attachment-5480\" style=\"width: 582px\" class=\"wp-caption aligncenter\"><img loading=\"lazy\" decoding=\"async\" class=\" wp-image-5480\" src=\"https:\/\/tranthi.vn\/hanoi\/wp-content\/uploads\/2022\/11\/Bang-gia-son-Joton-hue.jpg\" alt=\"B\u1ea3ng gi\u00e1 s\u01a1n Joton hu\u1ebf\" width=\"582\" height=\"698\" \/><figcaption id=\"caption-attachment-5480\" class=\"wp-caption-text\"><span style=\"font-family: 'times new roman', times, serif; font-size: 130%;\"><em>\u00a0 \u00a0 \u00a0 \u00a0 \u00a0 \u00a0 \u00a0 \u00a0 \u00a0 \u00a0 \u00a0<span style=\"color: #008080;\">B\u1ea3ng gi\u00e1 s\u01a1n Joton sau chi\u1ebft kh\u1ea5u t\u1ea1i th\u1ecb tr\u01b0\u1eddng Hu\u1ebf<\/span><\/em><\/span><\/figcaption><\/figure>\n<h2><span style=\"font-family: 'times new roman', times, serif; font-size: 130%; color: #666699;\"><strong>2. \u0110\u1ecbnh m\u1ee9c s\u1eed d\u1ee5ng s\u01a1n v\u00e0 b\u1ed9t t\u00edt Jotun<\/strong><\/span><\/h2>\n<p><span style=\"font-family: 'times new roman', times, serif; font-size: 130%; color: #339966;\"><strong>2 .1 1kg b\u1ed9t t\u00edt s\u1ebd d\u00f9ng \u0111\u01b0\u1ee3c bao nhi\u00eau m2 t\u01b0\u1eddng?<\/strong><\/span><\/p>\n<p><span style=\"font-family: 'times new roman', times, serif; font-size: 130%;\">Th\u00f4ng th\u01b0\u1eddng 1kg b\u1ed9t t\u00edt s\u1ebd d\u00f9ng \u0111\u01b0\u1ee3c n\u1eeda m2 t\u01b0\u1eddng tr\u00e9t 2 l\u1edbp. T\u00ednh ra 1 bao 40kg d\u00f9ng \u0111\u01b0\u1ee3c kho\u1ea3ng 20 \u0111\u1ebfn 25m2 t\u01b0\u1eddng v\u1edbi 2 l\u1edbp b\u1ed9t v\u00e0 b\u1ed9 d\u00e0y m\u1ed7i l\u1edbp t\u1ea7m 1mm<\/span><\/p>\n<p><span style=\"font-family: 'times new roman', times, serif; font-size: 130%;\">Tuy nhi\u00ean \u0111\u00e2y ch\u1ec9 l\u00e0 \u0111\u1ecbnh m\u1ee9c tham kh\u1ea3o v\u00ec c\u00f2n ph\u1ee5 thu\u1ed9c v\u00e0o t\u1eebng lo\u1ea1i b\u1ed9t, b\u1ec1 m\u1eb7t t\u01b0\u1eddng v\u00e0 tay ngh\u1ec1 c\u1ee7a th\u1ee3<\/span><\/p>\n<p><span style=\"font-family: 'times new roman', times, serif; font-size: 130%;\">\u0110\u1ec3 ch\u1ecdn \u0111\u01b0\u1ee3c b\u1ed9t t\u00edt \u0111\u1ea1t chu\u1ea9n b\u1ed9t ph\u1ea3i \u0111\u1ea3m b\u1ea3o ti\u00eau ch\u00ed<\/span><\/p>\n<ul>\n<li><span style=\"font-family: 'times new roman', times, serif; font-size: 130%;\">B\u1ed9t khi h\u00f2a c\u00f3 \u0111\u1ed9 d\u1ebbo, m\u1ecbn<\/span><\/li>\n<li><span style=\"font-family: 'times new roman', times, serif; font-size: 130%;\">C\u00f3 \u0111\u1ed9 k\u1ebft d\u00ednh cao<\/span><\/li>\n<li><span style=\"font-family: 'times new roman', times, serif; font-size: 130%;\">C\u00f3 kh\u1ea3 n\u0103ng che l\u1ea5p \u0111\u01b0\u1ee3c c\u00e1c v\u1ebft n\u1ee9t nh\u1ecf<\/span><\/li>\n<\/ul>\n<p><span style=\"font-family: 'times new roman', times, serif; font-size: 130%; color: #339966;\"><strong>2.2\u00a0 1 l\u00edt s\u01a1n d\u00f9ng \u0111\u01b0\u1ee3c cho bao nhi\u00eau m2 t\u01b0\u1eddng?<\/strong><\/span><\/p>\n<p><span style=\"font-family: 'times new roman', times, serif; font-size: 130%;\">\u0110\u1ed1i v\u1edbi s\u01a1n n\u1ebfu s\u1eed d\u1ee5ng theo \u0111\u00fang quy \u0111\u1ecbnh c\u1ee7a nh\u00e0 s\u1ea3n xu\u1ea5t s\u1ebd l\u00e0<\/span><\/p>\n<p><span style=\"font-family: 'times new roman', times, serif; font-size: 130%;\">1 ho\u1eb7c 2 l\u1edbp s\u01a1n l\u00f3t + 2 ho\u1eb7c 3 l\u1edbp s\u01a1n ph\u1ee7 m\u00e0u<\/span><\/p>\n<p><span style=\"font-family: 'times new roman', times, serif; font-size: 130%;\"><img loading=\"lazy\" decoding=\"async\" class=\"alignnone size-full wp-image-2830 aligncenter\" src=\"https:\/\/tranthi.vn\/hanoi\/wp-content\/uploads\/2021\/03\/unnamed-3_optimized.jpg\" alt=\"\" width=\"412\" height=\"240\" \/><\/span><\/p>\n<p><span style=\"font-family: 'times new roman', times, serif; font-size: 130%;\">Tay ngh\u1ec1 th\u1ee3 s\u01a1n r\u1ea5t quan tr\u1ecdng \u0111\u1ec3 b\u1ec1 m\u1eb7t s\u01a1n \u0111\u1eb9p v\u00e0 ti\u1ebft ki\u1ec7m<\/span><\/p>\n<p><span style=\"font-family: 'times new roman', times, serif; font-size: 130%;\">\u0110\u1ed1i v\u1edbi s\u01a1n ph\u1ee7 m\u00e0u s\u1ebd g\u1ed3m d\u00f2ng s\u01a1n m\u1ecbn v\u00e0\u00a0<strong>s\u01a1n<\/strong>\u00a0lau ch\u00f9i hi\u1ec7u qu\u1ea3<\/span><\/p>\n<p><span style=\"font-family: 'times new roman', times, serif; font-size: 130%;\">1lit s\u01a1n s\u1ebd l\u0103n \u0111\u01b0\u1ee3c t\u1ea7m kho\u1ea3ng 5m2 t\u01b0\u1eddng l\u0103n 2 l\u1edbp. Th\u00f9ng 18l s\u1ebd d\u00f9ng \u0111\u01b0\u1ee3c 80 ho\u1eb7c 85m2 t\u01b0\u1eddng l\u0103n 2 l\u1edbp<\/span><\/p>\n<p><span style=\"font-family: 'times new roman', times, serif; font-size: 130%;\">\u0110\u1ecbnh m\u1ee9c \u1ee9ng d\u1ee5ng n\u00e0y c\u00f3 th\u1ec3 t\u0103ng ho\u1eb7c gi\u1ea3m ph\u1ee5 thu\u1ed9c v\u00e0 lo\u1ea1i s\u01a1n s\u1eed d\u1ee5ng<\/span><\/p>\n<ul>\n<li><span style=\"font-family: 'times new roman', times, serif; font-size: 130%;\">T\u1ef7 l\u1ec7 n\u01b0\u1edbc pha<\/span><\/li>\n<li><span style=\"font-family: 'times new roman', times, serif; font-size: 130%;\">B\u1ec1 m\u1eb7t t\u01b0\u1eddng<\/span><\/li>\n<li><span style=\"font-family: 'times new roman', times, serif; font-size: 130%;\">Th\u1eddi ti\u1ebft l\u00fac thi c\u00f4ng<\/span><\/li>\n<\/ul>\n<p><span style=\"font-family: 'times new roman', times, serif; font-size: 130%;\">D\u1ef1a v\u00e0o \u0111\u1ecbnh m\u1ee9c v\u00e0<span style=\"color: #0000ff;\"><em>\u00a0b\u1ea3ng gi\u00e1 s\u01a1n Joton<\/em><\/span> b\u1ea1n c\u00f3 th\u1ec3 \u01b0\u1edbc ch\u1eebng \u0111\u01b0\u1ee3c t\u1ed5ng l\u01b0\u1ee3ng s\u01a1n v\u00e0 b\u1ed9t s\u1eed d\u1ee5ng cho ng\u00f4i nh\u00e0 c\u1ee7a m\u00ecnh\u00a0<\/span><\/p>\n<h2><strong><span style=\"font-family: 'times new roman', times, serif; font-size: 130%; color: #666699;\">3. \u01afu \u0111i\u1ec3m c\u1ee7a s\u01a1n Joton\u00a0<\/span><\/strong><\/h2>\n<p align=\"center\"><span style=\"font-family: 'times new roman', times, serif; font-size: 130%;\">Tr\u00ean th\u1ecb tr\u01b0\u1eddng <em><a href=\"https:\/\/vi.wikipedia.org\/wiki\/Hu%E1%BA%BF\">Hu\u1ebf<\/a><\/em> <span style=\"color: #0000ff;\">,<\/span> hi\u00ean nay c\u00f3 r\u1ea5t nhi\u1ec1u lo\u1ea1i s\u01a1n, ch\u1ee7ng lo\u1ea1i s\u01a1n kh\u00e1c nhau, nh\u01b0ng ch\u1ee7 y\u1ebfu k\u1ebft c\u1ea5u s\u01a1n t\u1ed1t, kh\u00f4ng b\u1ecb l\u1ed7i k\u1ef9 thu\u1eadt, m\u00e0u s\u1eafc \u0111a d\u1ea1ng. S\u1ef1 l\u1ef1a ch\u1ecdn \u0111\u01b0\u1ee3c m\u1ecdi ng\u01b0\u1eddi tin d\u00f9ng \u0111\u00f3 ch\u00ednh l\u00e0 s\u01a1n Joton<\/span><\/p>\n<p align=\"center\"><span style=\"font-family: 'times new roman', times, serif; font-size: 130%;\"><strong><img loading=\"lazy\" decoding=\"async\" src=\"https:\/\/sonbenthanh.com\/upload\/son-joton.jpg\" alt=\"\" width=\"388\" height=\"389\" \/><\/strong><\/span><\/p>\n<h3><span style=\"font-family: 'times new roman', times, serif; font-size: 130%; color: #339966;\">3.1 Nh\u1eefng \u01b0u \u0111i\u1ec3m c\u1ee7a s\u01a1n Joton<\/span><\/h3>\n<p><span style=\"font-family: 'times new roman', times, serif; font-size: 130%;\">V\u1edbi nh\u1eefng \u01b0u \u0111i\u1ec3m c\u1ee7a\u00a0<a href=\"https:\/\/sonbenthanh.com\/san-pham\/son-nuoc-va-bot-tret\/bot-tret-tuong-joton\/146.html\" target=\"_blank\" rel=\"noopener\">s\u01a1n Joton<\/a>\u00a0s\u1ebd khi\u1ebfn b\u1ea1n d\u1ec5 d\u00e0ng mua v\u1edbi c\u00e1c ti\u00eau ch\u00ed sau<\/span><\/p>\n<p><span style=\"font-family: 'times new roman', times, serif; font-size: 130%;\">&#8211;\u00a0 C\u00f3 kh\u1ea3 n\u0103ng ch\u1ed1ng n\u1ea5m m\u1ed1c<\/span><\/p>\n<p><span style=\"font-family: 'times new roman', times, serif; font-size: 130%;\">&#8211;\u00a0 Kh\u00f4ng ch\u1ee9a APEO, s\u01a1n kh\u00f4ng ch\u1ee9a c\u00e1c ch\u1ea5t \u0111\u1ed9c h\u1ea1i nh\u01b0 th\u00f9y ng\u00e2n, ch\u00ec , ch\u1ecbu \u0111\u01b0\u1ee3c \u0111\u1ed9 \u1ea9m thay \u0111\u1ed5i v\u00e0 c\u00f3 nh\u1eefng lo\u1ea1i c\u00f3 th\u1ec3 ch\u00f9i r\u1eeda \u0111\u01b0\u1ee3c,s\u01a1n ph\u1ee7 c\u1ee7a h\u00e3ng Jotun \u0111a d\u1ea1ng h\u01a1n v\u1ec1 c\u1ea3 lo\u1ea1i s\u01a1n d\u00e0nh cho ngo\u1ea1i th\u1ea5t v\u00e0 n\u1ed9i th\u1ea5t.<\/span><\/p>\n<p><span style=\"font-family: 'times new roman', times, serif; font-size: 130%;\">&#8211;\u00a0 C\u00f3 nh\u1eefng lo\u1ea1i s\u01a1n d\u00e0nh ri\u00eang\u00a0 ph\u00f9 h\u1ee3p cho vi\u1ec7c s\u1eed d\u1ee5ng tr\u00ean c\u00e1c b\u1ec1 m\u1eb7t h\u1ed3 v\u1eefa, b\u00eat\u00f4ng, xim\u0103ng, m\u1eb7t g\u1ed7 v\u00e0 kim lo\u1ea1i.<\/span><\/p>\n<h3><span style=\"font-family: 'times new roman', times, serif; font-size: 130%; color: #339966;\">3.2 \u0110a d\u1ea1ng v\u1ec1 m\u00e0u s\u1eafc v\u00e0 c\u00f4ng n\u0103ng:<\/span><\/h3>\n<p><span style=\"font-family: 'times new roman', times, serif; font-size: 130%;\">&#8211; S\u01a1n d\u00e2n d\u1ee5ng: B\u1ed9t tr\u00e9t, dung m\u00f4i, s\u01a1n l\u00f3t,<em> <a href=\"https:\/\/sonbenthanh.com\/san-pham\/son-nuoc-ngoai-that\" target=\"_blank\" rel=\"noopener\">s\u01a1n n\u01b0\u1edbc ngo\u1ea1i th\u1ea5t<\/a>,<\/em> s\u01a1n n\u01b0\u1edbc n\u1ed9i th\u1ea5t, s\u01a1n ch\u1ed1ng r\u1ec9, s\u01a1n d\u1ea7u, ch\u1ed1ng th\u1ea5m.<\/span><\/p>\n<p><span style=\"font-family: 'times new roman', times, serif; font-size: 130%;\">&#8211; S\u01a1n c\u00f4ng nghi\u1ec7p: S\u01a1n epoxy, s\u01a1n ch\u1ecbu nhi\u1ec7t, s\u01a1n giao th\u00f4ng, s\u01a1n k\u1ebb v\u1ea1ch\u2026<\/span><\/p>\n<p><span style=\"font-family: 'times new roman', times, serif; font-size: 130%;\">V\u1edbi t\u1eebng m\u1ee5c \u0111\u00edch s\u1eed d\u1ee5ng kh\u00e1c nhau c\u1ee7a kh\u00e1ch h\u00e0ng tr\u00ean th\u1ecb tr\u01b0\u1eddng hi\u1ec7n nay, ch\u00fang t\u00f4i cung c\u1ea5p c\u00e1c lo\u1ea1i s\u01a1n n\u01b0\u1edbc kh\u00e1c nhau \u0111\u1ec3 kh\u00e1ch h\u00e0ng c\u00f3 th\u1ec3 \u0111\u01b0a ra l\u1ef1a ch\u1ecdn m\u1ed9t c\u00e1ch h\u1ee3p l\u00fd v\u00e0 \u0111\u00fang \u0111\u1eafn.\u00a0<\/span><\/p>\n<p><span style=\"font-family: 'times new roman', times, serif; font-size: 130%;\">&#8211; S\u01a1n l\u00f3t n\u1ed9i ngo\u1ea1i th\u1ea5t: v\u1edbi t\u00ednh n\u0103ng kh\u00e1ng ki\u1ec1m ng\u0103n h\u01a1i n\u01b0\u1edbc t\u00e1c d\u1ee5ng v\u00e0o s\u01a1n ph\u1ee7 b\u1ea3o v\u1ec7 cho l\u1edbp s\u01a1n ph\u1ee7 lu\u00f4n nh\u01b0 m\u1edbi.<\/span><\/p>\n<p><span style=\"font-family: 'times new roman', times, serif; font-size: 130%;\">&#8211; S\u01a1n n\u01b0\u1edbc n\u1ed9i ngo\u1ea1i th\u1ea5t: t\u1ea1o v\u1ebb \u0111\u1eb9p cho ng\u00f4i nh\u00e0 c\u1ee7a b\u1ea1n, tr\u00e1nh c\u00e1c nh\u00e2n g\u00e2y h\u1ea1i nh\u01b0 r\u00eau m\u1ed1c, tr\u00e1nh b\u00e1m b\u1ee5i\u2026<\/span><\/p>\n<p><span style=\"font-family: 'times new roman', times, serif; font-size: 130%;\">&#8211; C\u00e1c d\u00f2ng s\u01a1n c\u00f4ng nghi\u1ec7p: nh\u01b0 s\u01a1n epoxy thi c\u00f4ng cho s\u00e0n, t\u01b0\u1eddng, s\u1eaft th\u00e9p. S\u01a1n ch\u1ed1ng r\u1ec9 d\u00e0nh cho s\u1eaft th\u00e9p, v\u00e0 c\u00e1c d\u00f2ng s\u01a1n ch\u1ecbu nhi\u1ec7t t\u1eeb 200 \u0111\u1ed9 c \u0111\u1ebfn 1000 \u0111\u1ed9 c, \u2026.<\/span><\/p>\n<p><span style=\"font-family: 'times new roman', times, serif; font-size: 130%;\">&#8211; S\u01a1n d\u1ea7u v\u00e0 s\u01a1n ch\u1ed1ng r\u1ec9: d\u00f9ng d\u1eed d\u1ee5ng tr\u00ean s\u1eaft th\u00e9p c\u00f3 th\u1ec3 d\u00f9ng tr\u00ean t\u01b0\u1eddng, c\u00f3 t\u00e1c d\u1ee5ng gi\u00fap ch\u1ed1ng r\u1ec9, gi\u1ea3m b\u1eafm b\u1ee5i. S\u01a1n d\u1ea7u c\u00f3 c\u00e1c lo\u1ea1i g\u1ed1c n\u01b0\u1edbc, g\u1ed1c d\u1ea7u, v\u1edbi s\u01a1n d\u1ea7u g\u1ed1c n\u01b0\u1edbc s\u1ebd kh\u00f4ng c\u00f3 m\u00f9i ph\u00f9 h\u1ee3p v\u1edbi ng\u01b0\u1eddi nh\u1ea1y c\u1ea3m v\u1ec1 c\u00e1c m\u00f9i s\u01a1n.<\/span><\/p>\n<p><span style=\"font-family: 'times new roman', times, serif; font-size: 130%;\">&#8211; S\u01a1n ch\u1ecbu nhi\u1ec7t: g\u1ed3m c\u00f3 lo\u1ea1i dung m\u00f4i v\u00e0 g\u1ed1c n\u01b0\u1edbc. C\u00f3 th\u1ec3 ch\u1ecbu \u0111\u01b0\u1ee3c nhi\u1ec7t t\u1eeb 200 \u0111\u1ed9 C, 600 \u0111\u1ed9 C, 1000 \u0111\u1ed9 C.<\/span><\/p>\n<p><span style=\"font-family: 'times new roman', times, serif; font-size: 130%;\">&#8211; S\u01a1n giao th\u00f4ng: \u0111\u1ed1i v\u1edbi s\u01a1n k\u1ebb v\u1ea1ch l\u1ea1nh ch\u1ec9 c\u1ea7n pha s\u01a1n , c\u00f2n \u0111\u1ed1i v\u1edbi s\u01a1n d\u1ebbo nhi\u1ec7t c\u1ea7n c\u00f3 m\u00e1y nung \u0111\u1ec3 nung ch\u1ea3y; s\u01a1n ph\u1ea3n quang gi\u00fap ph\u00e2n l\u00e0n k\u1ebb v\u1ea1ch \u0111\u01b0\u1eddng giao th\u00f4ng, bi\u1ec3n b\u1ea3ng giao th\u00f4ng .<\/span><\/p>\n<p><span style=\"font-family: 'times new roman', times, serif; font-size: 130%;\"><img loading=\"lazy\" decoding=\"async\" class=\"aligncenter\" src=\"https:\/\/sonbenthanh.com\/upload\/joton-CT-J-5551.jpg\" alt=\"\" width=\"501\" height=\"400\" \/><\/span><\/p>\n","protected":false},"excerpt":{"rendered":"<p><span style=\"font-family: 'times new roman', times, serif; font-size: 130%;\">\u2013 \u0110\u01a1n v\u1ecb t\u00ednh: l\u00edt<\/span><\/p>\n<p><span style=\"font-family: 'times new roman', times, serif; font-size: 130%;\">\u2013 \u0110\u01a1n gi\u00e1 s\u01a1n ph\u1ee7 n\u1ed9i th\u1ea5t joton jotin<\/span><\/p>\n<p><span style=\"font-family: 'times new roman', times, serif; font-size: 130%;\"><strong><span style=\"color: #008000;\">\u00a0 Th\u00f9ng 18 l\u00edt = 1.240.000\/ th\u00f9ng\u00a0<\/span><\/strong><\/span><br \/>\n<span style=\"font-family: 'times new roman', times, serif; font-size: 130%;\"><strong><span style=\"color: #008000;\">\u00a0 \u00a0Lon 5 l\u00edt = 358.000\/ lon<\/span><\/strong><\/span><\/p>\n<p><span style=\"font-family: 'times new roman', times, serif; font-size: 130%;\">\u2013 Mi\u1ec5n ph\u00ed v\u1eadn chuy\u1ec3n \u0111\u01a1n h\u00e0ng tr\u00ean 5 tri\u1ec7u\u00a0<\/span><\/p>\n<p><span style=\"font-family: 'times new roman', times, serif; font-size: 130%;\">\u2013 B\u1ed3i th\u01b0\u1eddng g\u1ea5p \u0111\u00f4i n\u1ebfu ph\u00e1t hi\u1ec7n h\u00e0ng kh\u00f4ng ch\u00ednh h\u00e3ng<\/span><\/p>\n","protected":false},"featured_media":5443,"comment_status":"closed","ping_status":"closed","template":"","meta":[],"product_cat":[139,978,1010],"product_tag":[1013],"class_list":{"0":"post-5442","1":"product","2":"type-product","3":"status-publish","4":"has-post-thumbnail","6":"product_cat-son","7":"product_cat-son-joton","8":"product_cat-son-phu-noi-that-joton","9":"product_tag-gia-son-noi-that-joton-jony","11":"first","12":"instock","13":"sale","14":"shipping-taxable","15":"purchasable","16":"product-type-simple"},"yoast_head":"<!-- This site is optimized with the Yoast SEO Premium plugin v22.3 (Yoast SEO v23.7) - https:\/\/yoast.com\/wordpress\/plugins\/seo\/ -->\n<title>B\u1ea3ng gi\u00e1 s\u01a1n Joton sau chi\u1ebft kh\u1ea5u t\u1ea1i Hu\u1ebf 0903 595 049<\/title>\n<meta name=\"description\" content=\"Tr\u1ea7n Th\u1ecb - Chuy\u00ean cung c\u1ea5p s\u01a1n joton v\u1edbi b\u1ea3ng gi\u00e1 chi\u1ebft kh\u1ea5u cao nh\u1ea5t th\u1ecb tr\u01b0\u1eddng Hu\u1ebf cho c\u00e1c c\u00f4ng tr\u00ecnh nh\u01b0 bi\u1ec7t th\u1ef1 , homestay , nh\u00e0 d\u00e2n...\" \/>\n<meta name=\"robots\" content=\"index, follow, max-snippet:-1, max-image-preview:large, max-video-preview:-1\" \/>\n<link rel=\"canonical\" href=\"https:\/\/tranthi.vn\/hanoi\/bang-gia-son-joton-chiet-khau-cao-tai-hue\/\" \/>\n<meta property=\"og:locale\" content=\"vi_VN\" \/>\n<meta property=\"og:type\" content=\"article\" \/>\n<meta property=\"og:title\" content=\"Joton Jony\" \/>\n<meta property=\"og:description\" content=\"Tr\u1ea7n Th\u1ecb - Chuy\u00ean cung c\u1ea5p s\u01a1n joton v\u1edbi b\u1ea3ng gi\u00e1 chi\u1ebft kh\u1ea5u cao nh\u1ea5t th\u1ecb tr\u01b0\u1eddng Hu\u1ebf cho c\u00e1c c\u00f4ng tr\u00ecnh nh\u01b0 bi\u1ec7t th\u1ef1 , homestay , nh\u00e0 d\u00e2n...\" \/>\n<meta property=\"og:url\" content=\"https:\/\/tranthi.vn\/hanoi\/bang-gia-son-joton-chiet-khau-cao-tai-hue\/\" \/>\n<meta property=\"og:site_name\" content=\"V\u1eadt Li\u1ec7u X\u00e2y D\u1ef1ng Tr\u1ea7n Th\u1ecb Chi Nh\u00e1nh H\u00e0 N\u1ed9i\" \/>\n<meta property=\"article:modified_time\" content=\"2022-11-10T01:22:18+00:00\" \/>\n<meta property=\"og:image\" content=\"https:\/\/tranthi.vn\/hanoi\/wp-content\/uploads\/2022\/11\/gia-son-noi-that-joton-jony.jpg\" \/>\n\t<meta property=\"og:image:width\" content=\"250\" \/>\n\t<meta property=\"og:image:height\" content=\"250\" \/>\n\t<meta property=\"og:image:type\" content=\"image\/jpeg\" \/>\n<meta name=\"twitter:card\" content=\"summary_large_image\" \/>\n<meta name=\"twitter:label1\" content=\"Gi\u00e1\" \/>\n\t<meta name=\"twitter:data1\" content=\"1,240,000&nbsp;&#8363;\" \/>\n\t<meta name=\"twitter:label2\" content=\"Kh\u1ea3 d\u1ee5ng\" \/>\n\t<meta name=\"twitter:data2\" content=\"Trong kho\" \/>\n<script type=\"application\/ld+json\" class=\"yoast-schema-graph\">{\"@context\":\"https:\/\/schema.org\",\"@graph\":[{\"@type\":[\"WebPage\",\"ItemPage\"],\"@id\":\"https:\/\/tranthi.vn\/hanoi\/bang-gia-son-joton-chiet-khau-cao-tai-hue\/\",\"url\":\"https:\/\/tranthi.vn\/hanoi\/bang-gia-son-joton-chiet-khau-cao-tai-hue\/\",\"name\":\"B\u1ea3ng gi\u00e1 s\u01a1n Joton sau chi\u1ebft kh\u1ea5u t\u1ea1i Hu\u1ebf 0903 595 049\",\"isPartOf\":{\"@id\":\"https:\/\/tranthi.vn\/hanoi\/#website\"},\"primaryImageOfPage\":{\"@id\":\"https:\/\/tranthi.vn\/hanoi\/bang-gia-son-joton-chiet-khau-cao-tai-hue\/#primaryimage\"},\"image\":{\"@id\":\"https:\/\/tranthi.vn\/hanoi\/bang-gia-son-joton-chiet-khau-cao-tai-hue\/#primaryimage\"},\"thumbnailUrl\":\"https:\/\/tranthi.vn\/hanoi\/wp-content\/uploads\/2022\/11\/gia-son-noi-that-joton-jony.jpg\",\"datePublished\":\"2022-11-03T07:34:41+00:00\",\"dateModified\":\"2022-11-10T01:22:18+00:00\",\"description\":\"Tr\u1ea7n Th\u1ecb - Chuy\u00ean cung c\u1ea5p s\u01a1n joton v\u1edbi b\u1ea3ng gi\u00e1 chi\u1ebft kh\u1ea5u cao nh\u1ea5t th\u1ecb tr\u01b0\u1eddng Hu\u1ebf cho c\u00e1c c\u00f4ng tr\u00ecnh nh\u01b0 bi\u1ec7t th\u1ef1 , homestay , nh\u00e0 d\u00e2n...\",\"breadcrumb\":{\"@id\":\"https:\/\/tranthi.vn\/hanoi\/bang-gia-son-joton-chiet-khau-cao-tai-hue\/#breadcrumb\"},\"inLanguage\":\"vi\",\"potentialAction\":[{\"@type\":\"ReadAction\",\"target\":[\"https:\/\/tranthi.vn\/hanoi\/bang-gia-son-joton-chiet-khau-cao-tai-hue\/\"]}]},{\"@type\":\"ImageObject\",\"inLanguage\":\"vi\",\"@id\":\"https:\/\/tranthi.vn\/hanoi\/bang-gia-son-joton-chiet-khau-cao-tai-hue\/#primaryimage\",\"url\":\"https:\/\/tranthi.vn\/hanoi\/wp-content\/uploads\/2022\/11\/gia-son-noi-that-joton-jony.jpg\",\"contentUrl\":\"https:\/\/tranthi.vn\/hanoi\/wp-content\/uploads\/2022\/11\/gia-son-noi-that-joton-jony.jpg\",\"width\":250,\"height\":250,\"caption\":\"gi\u00e1 s\u01a1n n\u1ed9i th\u1ea5t joton jony\"},{\"@type\":\"BreadcrumbList\",\"@id\":\"https:\/\/tranthi.vn\/hanoi\/bang-gia-son-joton-chiet-khau-cao-tai-hue\/#breadcrumb\",\"itemListElement\":[{\"@type\":\"ListItem\",\"position\":1,\"name\":\"Trang ch\u1ee7\",\"item\":\"https:\/\/tranthi.vn\/hanoi\/\"},{\"@type\":\"ListItem\",\"position\":2,\"name\":\"Shop\",\"item\":\"https:\/\/tranthi.vn\/hanoi\/shop\/\"},{\"@type\":\"ListItem\",\"position\":3,\"name\":\"Joton Jony\"}]},{\"@type\":\"WebSite\",\"@id\":\"https:\/\/tranthi.vn\/hanoi\/#website\",\"url\":\"https:\/\/tranthi.vn\/hanoi\/\",\"name\":\"V\u1eadt Li\u1ec7u X\u00e2y D\u1ef1ng Tr\u1ea7n Th\u1ecb Chi Nh\u00e1nh H\u00e0 N\u1ed9i\",\"description\":\"V\u1eadt Li\u1ec7u X\u00e2y D\u1ef1ng - H\u00e0 N\u1ed9i\",\"potentialAction\":[{\"@type\":\"SearchAction\",\"target\":{\"@type\":\"EntryPoint\",\"urlTemplate\":\"https:\/\/tranthi.vn\/hanoi\/?s={search_term_string}\"},\"query-input\":{\"@type\":\"PropertyValueSpecification\",\"valueRequired\":true,\"valueName\":\"search_term_string\"}}],\"inLanguage\":\"vi\"},{\"@type\":\"ImageObject\",\"inLanguage\":\"vi\",\"@id\":\"https:\/\/tranthi.vn\/hanoi\/bang-gia-son-joton-chiet-khau-cao-tai-hue\/#local-main-organization-logo\",\"url\":\"\",\"contentUrl\":\"\",\"caption\":\"V\u1eadt Li\u1ec7u X\u00e2y D\u1ef1ng Tr\u1ea7n Th\u1ecb Chi Nh\u00e1nh H\u00e0 N\u1ed9i\"}]}<\/script>\n<meta property=\"product:price:amount\" content=\"1240000\" \/>\n<meta property=\"product:price:currency\" content=\"VND\" \/>\n<meta property=\"og:availability\" content=\"instock\" \/>\n<meta property=\"product:availability\" content=\"instock\" \/>\n<meta property=\"product:condition\" content=\"new\" \/>\n<!-- \/ Yoast SEO Premium plugin. -->","yoast_head_json":{"title":"B\u1ea3ng gi\u00e1 s\u01a1n Joton sau chi\u1ebft kh\u1ea5u t\u1ea1i Hu\u1ebf 0903 595 049","description":"Tr\u1ea7n Th\u1ecb - Chuy\u00ean cung c\u1ea5p s\u01a1n joton v\u1edbi b\u1ea3ng gi\u00e1 chi\u1ebft kh\u1ea5u cao nh\u1ea5t th\u1ecb tr\u01b0\u1eddng Hu\u1ebf cho c\u00e1c c\u00f4ng tr\u00ecnh nh\u01b0 bi\u1ec7t th\u1ef1 , homestay , nh\u00e0 d\u00e2n...","robots":{"index":"index","follow":"follow","max-snippet":"max-snippet:-1","max-image-preview":"max-image-preview:large","max-video-preview":"max-video-preview:-1"},"canonical":"https:\/\/tranthi.vn\/hanoi\/bang-gia-son-joton-chiet-khau-cao-tai-hue\/","og_locale":"vi_VN","og_type":"article","og_title":"Joton Jony","og_description":"Tr\u1ea7n Th\u1ecb - Chuy\u00ean cung c\u1ea5p s\u01a1n joton v\u1edbi b\u1ea3ng gi\u00e1 chi\u1ebft kh\u1ea5u cao nh\u1ea5t th\u1ecb tr\u01b0\u1eddng Hu\u1ebf cho c\u00e1c c\u00f4ng tr\u00ecnh nh\u01b0 bi\u1ec7t th\u1ef1 , homestay , nh\u00e0 d\u00e2n...","og_url":"https:\/\/tranthi.vn\/hanoi\/bang-gia-son-joton-chiet-khau-cao-tai-hue\/","og_site_name":"V\u1eadt Li\u1ec7u X\u00e2y D\u1ef1ng Tr\u1ea7n Th\u1ecb Chi Nh\u00e1nh H\u00e0 N\u1ed9i","article_modified_time":"2022-11-10T01:22:18+00:00","og_image":[{"width":250,"height":250,"url":"https:\/\/tranthi.vn\/hanoi\/wp-content\/uploads\/2022\/11\/gia-son-noi-that-joton-jony.jpg","type":"image\/jpeg"}],"twitter_card":"summary_large_image","twitter_misc":{"Gi\u00e1":"1,240,000&nbsp;&#8363;","Kh\u1ea3 d\u1ee5ng":"Trong kho"},"schema":{"@context":"https:\/\/schema.org","@graph":[{"@type":["WebPage","ItemPage"],"@id":"https:\/\/tranthi.vn\/hanoi\/bang-gia-son-joton-chiet-khau-cao-tai-hue\/","url":"https:\/\/tranthi.vn\/hanoi\/bang-gia-son-joton-chiet-khau-cao-tai-hue\/","name":"B\u1ea3ng gi\u00e1 s\u01a1n Joton sau chi\u1ebft kh\u1ea5u t\u1ea1i Hu\u1ebf 0903 595 049","isPartOf":{"@id":"https:\/\/tranthi.vn\/hanoi\/#website"},"primaryImageOfPage":{"@id":"https:\/\/tranthi.vn\/hanoi\/bang-gia-son-joton-chiet-khau-cao-tai-hue\/#primaryimage"},"image":{"@id":"https:\/\/tranthi.vn\/hanoi\/bang-gia-son-joton-chiet-khau-cao-tai-hue\/#primaryimage"},"thumbnailUrl":"https:\/\/tranthi.vn\/hanoi\/wp-content\/uploads\/2022\/11\/gia-son-noi-that-joton-jony.jpg","datePublished":"2022-11-03T07:34:41+00:00","dateModified":"2022-11-10T01:22:18+00:00","description":"Tr\u1ea7n Th\u1ecb - Chuy\u00ean cung c\u1ea5p s\u01a1n joton v\u1edbi b\u1ea3ng gi\u00e1 chi\u1ebft kh\u1ea5u cao nh\u1ea5t th\u1ecb tr\u01b0\u1eddng Hu\u1ebf cho c\u00e1c c\u00f4ng tr\u00ecnh nh\u01b0 bi\u1ec7t th\u1ef1 , homestay , nh\u00e0 d\u00e2n...","breadcrumb":{"@id":"https:\/\/tranthi.vn\/hanoi\/bang-gia-son-joton-chiet-khau-cao-tai-hue\/#breadcrumb"},"inLanguage":"vi","potentialAction":[{"@type":"ReadAction","target":["https:\/\/tranthi.vn\/hanoi\/bang-gia-son-joton-chiet-khau-cao-tai-hue\/"]}]},{"@type":"ImageObject","inLanguage":"vi","@id":"https:\/\/tranthi.vn\/hanoi\/bang-gia-son-joton-chiet-khau-cao-tai-hue\/#primaryimage","url":"https:\/\/tranthi.vn\/hanoi\/wp-content\/uploads\/2022\/11\/gia-son-noi-that-joton-jony.jpg","contentUrl":"https:\/\/tranthi.vn\/hanoi\/wp-content\/uploads\/2022\/11\/gia-son-noi-that-joton-jony.jpg","width":250,"height":250,"caption":"gi\u00e1 s\u01a1n n\u1ed9i th\u1ea5t joton jony"},{"@type":"BreadcrumbList","@id":"https:\/\/tranthi.vn\/hanoi\/bang-gia-son-joton-chiet-khau-cao-tai-hue\/#breadcrumb","itemListElement":[{"@type":"ListItem","position":1,"name":"Trang ch\u1ee7","item":"https:\/\/tranthi.vn\/hanoi\/"},{"@type":"ListItem","position":2,"name":"Shop","item":"https:\/\/tranthi.vn\/hanoi\/shop\/"},{"@type":"ListItem","position":3,"name":"Joton Jony"}]},{"@type":"WebSite","@id":"https:\/\/tranthi.vn\/hanoi\/#website","url":"https:\/\/tranthi.vn\/hanoi\/","name":"V\u1eadt Li\u1ec7u X\u00e2y D\u1ef1ng Tr\u1ea7n Th\u1ecb Chi Nh\u00e1nh H\u00e0 N\u1ed9i","description":"V\u1eadt Li\u1ec7u X\u00e2y D\u1ef1ng - H\u00e0 N\u1ed9i","potentialAction":[{"@type":"SearchAction","target":{"@type":"EntryPoint","urlTemplate":"https:\/\/tranthi.vn\/hanoi\/?s={search_term_string}"},"query-input":{"@type":"PropertyValueSpecification","valueRequired":true,"valueName":"search_term_string"}}],"inLanguage":"vi"},{"@type":"ImageObject","inLanguage":"vi","@id":"https:\/\/tranthi.vn\/hanoi\/bang-gia-son-joton-chiet-khau-cao-tai-hue\/#local-main-organization-logo","url":"","contentUrl":"","caption":"V\u1eadt Li\u1ec7u X\u00e2y D\u1ef1ng Tr\u1ea7n Th\u1ecb Chi Nh\u00e1nh H\u00e0 N\u1ed9i"}]},"product_price_amount":"1240000","product_price_currency":"VND","og_availability":"instock","product_availability":"instock","product_condition":"new"},"_links":{"self":[{"href":"https:\/\/tranthi.vn\/hanoi\/wp-json\/wp\/v2\/product\/5442","targetHints":{"allow":["GET"]}}],"collection":[{"href":"https:\/\/tranthi.vn\/hanoi\/wp-json\/wp\/v2\/product"}],"about":[{"href":"https:\/\/tranthi.vn\/hanoi\/wp-json\/wp\/v2\/types\/product"}],"replies":[{"embeddable":true,"href":"https:\/\/tranthi.vn\/hanoi\/wp-json\/wp\/v2\/comments?post=5442"}],"wp:featuredmedia":[{"embeddable":true,"href":"https:\/\/tranthi.vn\/hanoi\/wp-json\/wp\/v2\/media\/5443"}],"wp:attachment":[{"href":"https:\/\/tranthi.vn\/hanoi\/wp-json\/wp\/v2\/media?parent=5442"}],"wp:term":[{"taxonomy":"product_cat","embeddable":true,"href":"https:\/\/tranthi.vn\/hanoi\/wp-json\/wp\/v2\/product_cat?post=5442"},{"taxonomy":"product_tag","embeddable":true,"href":"https:\/\/tranthi.vn\/hanoi\/wp-json\/wp\/v2\/product_tag?post=5442"}],"curies":[{"name":"wp","href":"https:\/\/api.w.org\/{rel}","templated":true}]}}