{"id":3562,"date":"2021-07-24T17:20:48","date_gmt":"2021-07-24T10:20:48","guid":{"rendered":"https:\/\/tranthi.vn\/?post_type=product&#038;p=3562"},"modified":"2024-11-12T13:13:46","modified_gmt":"2024-11-12T06:13:46","slug":"lavabo-trang-su-de-ban-gia-re-ha-noi","status":"publish","type":"product","link":"https:\/\/tranthi.vn\/hanoi\/lavabo-trang-su-de-ban-gia-re-ha-noi\/","title":{"rendered":"Lavabo tr\u1eafng s\u1ee9 \u0111\u1ec3 b\u00e0n 236 hb"},"content":{"rendered":"<div class=\"woocommerce-tabs wc-tabs-wrapper container tabbed-content\">\n<div class=\"tab-panels\">\n<div id=\"tab-description\" class=\"woocommerce-Tabs-panel woocommerce-Tabs-panel--description panel entry-content active\" role=\"tabpanel\" aria-labelledby=\"tab-title-description\">\n<h1 style=\"text-align: center;\"><span style=\"font-family: 'times new roman', times, serif; font-size: 130%; color: #ff0000;\"><strong>LAVABO TR\u1eaeNG S\u1ee8 \u0110\u1ec2 B\u00c0N T\u1ea0I <a href=\"https:\/\/vi.wikipedia.org\/wiki\/H%C3%A0_N%E1%BB%99i\">H\u00c0 N\u1ed8I<\/a><\/strong><\/span><\/h1>\n<p><span style=\"font-family: 'times new roman', times, serif; font-size: 150%;\">Lavabo <strong><em>tr\u1eafng s\u1ee9<\/em><\/strong> \u00a0\u0111ang r\u1ea5t \u0111\u01b0\u1ee3c th\u1ecbnh t\u1ea1i th\u1ecb tr\u01b0\u1eddng <a href=\"https:\/\/vi.wikipedia.org\/wiki\/H%C3%A0_N%E1%BB%99i\">H\u00e0 N\u1ed9i<\/a>, nh\u1edd v\u00e0o m\u1eabu m\u00e3 k\u00edch th\u01b0\u1edbc \u0111a d\u1ea1ng, <a href=\"https:\/\/vi.wikipedia.org\/wiki\/Gi%C3%A1_c%E1%BA%A3\">gi\u00e1<\/a> c\u1ea3 h\u1ee3p l\u00fd. Lavabo \u0111\u1ec3 b\u00e0n c\u1ed9ng v\u1edbi b\u00e0n \u0111\u00e1 mang \u0111\u1ebfn m\u1ed9t kh\u00f4ng gian sang tr\u1ecdng v\u00e0 g\u1ecdn g\u00e0ng cho c\u0103n ph\u00f2ng t\u1eafm nh\u00e0 b\u1ea1n<\/span><\/p>\n<figure id=\"attachment_5895\" aria-describedby=\"caption-attachment-5895\" style=\"width: 526px\" class=\"wp-caption aligncenter\"><img loading=\"lazy\" decoding=\"async\" class=\" wp-image-5895\" src=\"https:\/\/tranthi.vn\/hanoi\/wp-content\/uploads\/2021\/02\/lavabo-trang-su-tai-ha-noi.jpg\" alt=\"lavabo tr\u1eafng s\u1ee9 t\u1ea1i h\u00e0 n\u1ed9i\" width=\"526\" height=\"526\" srcset=\"https:\/\/tranthi.vn\/hanoi\/wp-content\/uploads\/2021\/02\/lavabo-trang-su-tai-ha-noi.jpg 720w, https:\/\/tranthi.vn\/hanoi\/wp-content\/uploads\/2021\/02\/lavabo-trang-su-tai-ha-noi-400x400.jpg 400w, https:\/\/tranthi.vn\/hanoi\/wp-content\/uploads\/2021\/02\/lavabo-trang-su-tai-ha-noi-100x100.jpg 100w\" sizes=\"auto, (max-width: 526px) 100vw, 526px\" \/><figcaption id=\"caption-attachment-5895\" class=\"wp-caption-text\"><span style=\"font-family: 'times new roman', times, serif;\"><em>lavabo tr\u1eafng s\u1ee9 t\u1ea1i h\u00e0 n\u1ed9i<\/em><\/span><\/figcaption><\/figure>\n<h2><span style=\"font-family: 'times new roman', times, serif; font-size: 130%; color: #0000ff;\"><strong>1. GI\u1edaI THI\u1ec6U V\u1ec0 LAVABO \u0110\u1ec2 B\u00c0N<\/strong><\/span><\/h2>\n<p><span style=\"font-family: 'times new roman', times, serif; font-size: 150%;\">Lavabo <em><strong>\u0111\u1ec3 b\u00e0n<\/strong><\/em>\u00a0l\u00e0 lo\u1ea1i lavabo \u0111\u01b0\u1ee3c thi\u1ebft k\u1ebf \u0111\u1ec3 n\u1ed5i tr\u00ean b\u1ec1 m\u1eb7t b\u00e0n, to\u00e0n b\u1ed9 ph\u1ea7n th\u00e2n v\u00e0 ph\u1ea7n \u0111\u1ebf \u0111\u1ec1u \u0111\u01b0\u1ee3c nh\u00ecn th\u1ea5y tr\u1ef1c ti\u1ebfp. Ph\u00eda d\u01b0\u1edbi b\u1ea1n c\u00f3 th\u1ec3 x\u00e2y b\u00e0n \u0111\u00e1 ho\u1eb7c t\u1ee7 nh\u1ef1a\u2026 \u0111\u1ec3 n\u00e2ng \u0111\u1ee1<\/span><\/p>\n<p><iframe loading=\"lazy\" src=\"\/\/www.youtube.com\/embed\/suRjMJVko-8\" width=\"560\" height=\"314\" allowfullscreen=\"allowfullscreen\"><\/iframe><\/p>\n<p><span style=\"font-family: 'times new roman', times, serif; font-size: 150%;\">Lavabo \u0111\u1ec3 b\u00e0n g\u1ed3m nh\u1eefng lo\u1ea1i c\u01a1 b\u1ea3n sau:<\/span><\/p>\n<ul>\n<li><span style=\"font-family: 'times new roman', times, serif; font-size: 150%;\">Lavabo<em><strong> tr\u1eafng s\u1ee9<\/strong><\/em><\/span><\/li>\n<li><span style=\"font-family: 'times new roman', times, serif; font-size: 150%;\">Lavabo \u0111\u00e1 t\u1ef1 nhi\u00ean<\/span><\/li>\n<li><span style=\"font-family: 'times new roman', times, serif; font-size: 150%;\"><strong><em>Lavabo<\/em><\/strong> \u0111\u00e1 m\u00e0i<\/span><\/li>\n<li><span style=\"font-family: 'times new roman', times, serif; font-size: 150%;\">Lavabo \u0111\u1ec3 b\u00e0n<\/span><\/li>\n<li><span style=\"font-family: 'times new roman', times, serif; font-size: 150%;\">Lavabo b\u00e1n \u00e2m<\/span><\/li>\n<li><span style=\"font-family: 'times new roman', times, serif; font-size: 150%;\">Lavabo \u00e2m h\u1eb3n<\/span><\/li>\n<\/ul>\n<figure id=\"attachment_5898\" aria-describedby=\"caption-attachment-5898\" style=\"width: 400px\" class=\"wp-caption alignnone\"><img loading=\"lazy\" decoding=\"async\" class=\"size-full wp-image-5898\" src=\"https:\/\/tranthi.vn\/hanoi\/wp-content\/uploads\/2021\/07\/lavabo-trang-su-de-ban-tai-ha-noi.jpg\" alt=\"lavabo tr\u1eafng s\u1ee9 \u0111\u1ec3 b\u00e0n t\u1ea1i h\u00e0 n\u1ed9i\" width=\"400\" height=\"400\" srcset=\"https:\/\/tranthi.vn\/hanoi\/wp-content\/uploads\/2021\/07\/lavabo-trang-su-de-ban-tai-ha-noi.jpg 400w, https:\/\/tranthi.vn\/hanoi\/wp-content\/uploads\/2021\/07\/lavabo-trang-su-de-ban-tai-ha-noi-100x100.jpg 100w\" sizes=\"auto, (max-width: 400px) 100vw, 400px\" \/><figcaption id=\"caption-attachment-5898\" class=\"wp-caption-text\"><span style=\"font-family: 'times new roman', times, serif;\"><em>lavabo tr\u1eafng s\u1ee9 \u0111\u1ec3 b\u00e0n t\u1ea1i h\u00e0 n\u1ed9i<\/em><\/span><\/figcaption><\/figure>\n<h2><span style=\"font-family: 'times new roman', times, serif; font-size: 130%; color: #0000ff;\"><strong>2. \u01afU \u2013 NH\u01af\u1ee2C \u0110I\u1ec2M C\u1ee6A LAVABO \u0110\u1ec2 B\u00c0N<\/strong><\/span><\/h2>\n<h3><span style=\"font-family: 'times new roman', times, serif; font-size: 130%; color: #0000ff;\"><strong>\u01afu \u0111i\u1ec3m:\u00a0<\/strong><\/span><\/h3>\n<p><span style=\"font-family: 'times new roman', times, serif; font-size: 150%;\"><strong><em>Lavabo<\/em><\/strong>\u00a0\u0111\u01b0\u1ee3c thi\u1ebft k\u1ebf c\u00f3 ph\u1ea7n t\u1ee7 ph\u00eda d\u01b0\u1edbi ti\u1ec7n l\u1ee3i \u0111\u1ec3 \u0111\u1ef1ng nh\u1eefng v\u1eadt d\u1ee5ng ph\u00f2ng t\u1eafm. Ph\u1ea7n t\u1ee7 ph\u00eda d\u01b0\u1edbi gi\u00fap kh\u00f4ng gian ph\u00f2ng tr\u00f4ng g\u1ecdn g\u00e0ng v\u00e0 sang tr\u1ecdng h\u01a1n r\u1ea5t nhi\u1ec1u<\/span><\/p>\n<h3><span style=\"font-family: 'times new roman', times, serif; font-size: 130%; color: #0000ff;\"><strong>Nh\u01b0\u1ee3c \u0111i\u1ec3m<\/strong><\/span><\/h3>\n<p><span style=\"font-family: 'times new roman', times, serif; font-size: 150%;\">\u0110\u1ed1i v\u1edbi nh\u1eefng ph\u00f2ng v\u1ec7 sinh c\u00f3 kh\u00f4ng gian h\u1eb9p th\u00ec s\u1eed d\u1ee5ng\u00a0<strong><em>lavabo \u0111\u1ec3 b\u00e0n<\/em><\/strong>\u00a0kh\u00e1 chi\u1ebfm di\u1ec7n t\u00edch. Chi\u1ebfm th\u00eam nhi\u1ec1u di\u1ec7n t\u00edch s\u1ebd khi\u1ebfn kh\u00f4ng gian ph\u00f2ng c\u00e0ng h\u1eb9p h\u01a1n<\/span><\/p>\n<h2><span style=\"font-family: 'times new roman', times, serif; font-size: 130%; color: #0000ff;\"><strong>3. H\u01af\u1edaNG D\u1eaaN L\u1eaeP \u0110\u1eb6T LAVABO TR\u1eaeNG S\u1ee8 \u0110\u1ec2 B\u00c0N<\/strong><\/span><\/h2>\n<p><span style=\"font-family: 'times new roman', times, serif; font-size: 150%;\"><b><strong><i><em>B\u01b0\u1edbc 1:<\/em><\/i><\/strong><\/b>\u00a0C\u1eaft khu\u00f4n m\u1eabu\u00a0<a href=\"https:\/\/kitto.vn\/lavabo-la-gi\/\">Lavabo<\/a>\u00a0c\u1ea7n l\u1eafp \u0111\u1eb7t.<\/span><\/p>\n<p><span style=\"font-family: 'times new roman', times, serif; font-size: 150%;\"><i><em><b><strong>B\u01b0\u1edbc 2:<\/strong><\/b><\/em><\/i>\u00a0\u0110\u1eb7t khu\u00f4n m\u1eabu l\u00ean m\u1eb7t b\u00e0n \u0111\u00e1 v\u00e0 l\u1ea5y d\u1ea5u.<\/span><\/p>\n<p><img loading=\"lazy\" decoding=\"async\" class=\"size-full wp-image-3605 aligncenter\" src=\"https:\/\/tranthi.vn\/hanoi\/wp-content\/uploads\/2021\/07\/lavabo-hue-1.jpg\" alt=\"\" width=\"400\" height=\"400\" srcset=\"https:\/\/tranthi.vn\/hanoi\/wp-content\/uploads\/2021\/07\/lavabo-hue-1.jpg 400w, https:\/\/tranthi.vn\/hanoi\/wp-content\/uploads\/2021\/07\/lavabo-hue-1-100x100.jpg 100w\" sizes=\"auto, (max-width: 400px) 100vw, 400px\" \/><\/p>\n<p><span style=\"font-family: 'times new roman', times, serif; font-size: 150%;\"><b><strong><i><em>B\u01b0\u1edbc 3:<\/em><\/i><\/strong><\/b>\u00a0C\u1eaft b\u00e0n \u0111\u00e1 v\u00e0 khoan l\u1ed7.<\/span><\/p>\n<p><span style=\"font-family: 'times new roman', times, serif; font-size: 150%;\"><b><strong><i><em>B\u01b0\u1edbc 4:<\/em><\/i><\/strong><\/b>\u00a0L\u1eafp v\u00f2i v\u00e0o \u1ed1ng x\u00e3.<\/span><\/p>\n<p><span style=\"font-family: 'times new roman', times, serif; font-size: 150%;\"><b><strong><i><em>B\u01b0\u1edbc 5:<\/em><\/i><\/strong><\/b>\u00a0L\u1eafp m\u00f3c v\u00e0 c\u1ed1 \u0111\u1ecbnh l\u00ean b\u00e0n.<\/span><\/p>\n<p><span style=\"font-family: 'times new roman', times, serif; font-size: 150%;\"><b><strong><i><em>B\u01b0\u1edbc 6:<\/em><\/i><\/strong><\/b>\u00a0L\u1eafp v\u00f2i l\u00ean b\u00e0n \u0111\u00e1.<\/span><\/p>\n<p><span style=\"font-family: 'times new roman', times, serif; font-size: 150%;\"><b><strong><i><em>B\u01b0\u1edbc 7:<\/em><\/i><\/strong><\/b>\u00a0L\u1eafp d\u00e2y c\u1ea5p n\u01b0\u1edbc v\u00e0 \u1ed1ng x\u00e3.<\/span><\/p>\n<p><iframe loading=\"lazy\" src=\"\/\/www.youtube.com\/embed\/yL7SWzaIxK8\" width=\"560\" height=\"314\" allowfullscreen=\"allowfullscreen\"><\/iframe><\/p>\n<p>&nbsp;<\/p>\n<p><span style=\"font-family: 'times new roman', times, serif; font-size: 150%;\">Video h\u01b0\u1edbng d\u1eabn l\u1eafp \u0111\u1eb7t\u00a0<strong><em>lavabo \u0111\u1ec3 b\u00e0n<\/em><\/strong>, b\u1ea1n c\u00f3 th\u1ec3 tham kh\u1ea3o c\u00e1ch l\u1eafp \u0111\u1eb7t, canh v\u1ecb tr\u00ed, c\u1eaft m\u1eb7t \u0111\u00e1\u2026.. ph\u1ea7n khung b\u1ea1n c\u00f3 th\u1ec3 s\u1eed d\u1ee5ng khung s\u1eaft hay inox t\u00f9y \u00fd, s\u1eed d\u1ee5ng b\u00e0n nh\u1ef1a ho\u1eb7c b\u00e0n x\u00e2y t\u00f9y nhu c\u1ea7u kinh t\u1ebf c\u1ee7a m\u00ecnh<\/span><\/p>\n<blockquote class=\"tiktok-embed\" cite=\"https:\/\/www.tiktok.com\/@tranthi.danang\/video\/7384004098258898193\" data-video-id=\"7384004098258898193\" data-embed-from=\"oembed\" style=\"max-width:605px; min-width:325px;\">\n<section> <a target=\"_blank\" title=\"@tranthi.danang\" href=\"https:\/\/www.tiktok.com\/@tranthi.danang?refer=embed\">@tranthi.danang<\/a> <\/p>\n<p>lavabo \u0111\u1eb7t b\u00e0n t\u1ea1i \u0111\u00e0 n\u1eb5ng-tr\u1ea7n th\u1ecb-0903595049 <a title=\"lavabo\" target=\"_blank\" href=\"https:\/\/www.tiktok.com\/tag\/lavabo?refer=embed\">#lavabo<\/a> tranthi.vn <a title=\"\u0111\u00e0_n\u1eb5ng\" target=\"_blank\" href=\"https:\/\/www.tiktok.com\/tag\/%C4%91%C3%A0_n%E1%BA%B5ng?refer=embed\">#\u0111\u00e0_n\u1eb5ng<\/a> <a title=\"ch\u1eadu\" target=\"_blank\" href=\"https:\/\/www.tiktok.com\/tag\/ch%E1%BA%ADu?refer=embed\">#ch\u1eadu<\/a><\/p>\n<p> <a target=\"_blank\" title=\"\u266c nh\u1ea1c n\u1ec1n - Tr\u1ea7n Th\u1ecb \u0110\u00e0 N\u1eb5ng - Tr\u1ea7n Th\u1ecb \u0110\u00e0 N\u1eb5ng\" href=\"https:\/\/www.tiktok.com\/music\/nh\u1ea1c-n\u1ec1n-Tr\u1ea7n-Th\u1ecb-\u0110\u00e0-N\u1eb5ng-7384004375041084177?refer=embed\">\u266c nh\u1ea1c n\u1ec1n &#8211; Tr\u1ea7n Th\u1ecb \u0110\u00e0 N\u1eb5ng &#8211; Tr\u1ea7n Th\u1ecb \u0110\u00e0 N\u1eb5ng<\/a> <\/section>\n<\/blockquote>\n<p> <script async src=\"https:\/\/www.tiktok.com\/embed.js\"><\/script><\/p>\n<p>&nbsp;<\/p>\n<p><span style=\"font-family: 'times new roman', times, serif; font-size: 150%;\">Xem th\u00eam m\u1ed9t s\u1ed1 m\u1eabu <em><strong>lavabo<\/strong><\/em> v\u00e0 b\u00e0n \u0111\u00e1 t\u1ea1i <a href=\"https:\/\/vi.wikipedia.org\/wiki\/H%C3%A0_N%E1%BB%99i\">H\u00e0 N\u1ed9i<\/a><\/span><\/p>\n<p><span style=\"font-family: 'times new roman', times, serif; font-size: 150%;\"><a href=\"https:\/\/www.facebook.com\/Tr\u1ea7n-Th\u1ecb-b\u1ed3n-c\u1ea7u-lavabo-gi\u00e1-r\u1ebb-hu\u1ebf-0903595049-103968918666913\/\">\u00a0 \u00a0<span style=\"color: #ff0000;\">&#8211; M\u1eabu Lavabo tr\u00ean facbook (click v\u00e0o \u0111\u00e2y)<\/span><\/a><\/span><\/p>\n<p><span style=\"font-family: 'times new roman', times, serif; font-size: 150%;\"><a href=\"https:\/\/www.facebook.com\/Tr%E1%BA%A7n-Th%E1%BB%8B-B%C3%A0n-%C4%91%C3%A1-k%E1%BB%87-lavabo-gi%C3%A1-r%E1%BA%BB-hu%E1%BA%BF-0903595049-109856774772334\">\u00a0<span style=\"color: #ff0000;\"> \u00a0&#8211; M\u1eabu b\u00e0n \u0111\u00e1 lavabo tr\u00ean facbook ( click v\u00e0o \u0111\u00e2y)<\/span><\/a><\/span><\/p>\n<\/div>\n<\/div>\n<\/div>\n","protected":false},"excerpt":{"rendered":"<p><span style=\"font-family: 'times new roman', times, serif; font-size: 130%;\"><span style=\"color: #ff6600; font-size: 140%;\">\u2666<\/span>\u00a0Gi\u00e1 ch\u01b0a bao g\u1ed3m ph\u1ee5 ki\u1ec7n<\/span><\/p>\n<p><span style=\"font-family: 'times new roman', times, serif; font-size: 130%;\"><span style=\"color: #ff6600; font-size: 140%;\">\u2666 <\/span>B\u1ea3o h\u00e0nh 5 n\u0103m ch\u1ea5t men<\/span><\/p>\n<p><span style=\"font-family: 'times new roman', times, serif; font-size: 130%;\"><span style=\"color: #ff6600; font-size: 140%;\">\u2666<\/span>\u00a0\u0110\u01a1n gi\u00e1:<span style=\"color: #008000;\"><strong> 800.000\u0111\/ c\u00e1i<\/strong><\/span><\/span><\/p>\n<p><span style=\"font-family: 'times new roman', times, serif; font-size: 130%;\"><span style=\"color: #ff6600; font-size: 140%;\">\u2666<\/span> K\u00edch th\u01b0\u1edbc : 42 x 12 cm<\/span><\/p>\n<p><span style=\"font-family: 'times new roman', times, serif; font-size: 130%;\"><span style=\"color: #ff6600; font-size: 140%;\">\u2666<\/span>\u00a0Hai c\u00e1i tr\u1edf l\u00ean mi\u1ec5n ph\u00ed Ship trong Tp Hu\u1ebf<\/span><\/p>\n<p><span style=\"font-family: 'times new roman', times, serif; font-size: 130%;\"><span style=\"color: #ff6600; font-size: 140%;\">\u2666<\/span>\u00a0Giao h\u00e0ng \u1edf c\u00e1c huy\u1ec7n kh\u00e1c ph\u00ed Ship t\u00f9y thu\u1ed9c v\u00e0o xa hay g\u1ea7n<\/span><\/p>\n","protected":false},"featured_media":4042,"comment_status":"closed","ping_status":"closed","template":"","meta":[],"product_cat":[184,274],"product_tag":[381],"class_list":{"0":"post-3562","1":"product","2":"type-product","3":"status-publish","4":"has-post-thumbnail","6":"product_cat-lavabo-gia-re-tai-da-nang","7":"product_cat-lavabo-trang-su-de-ban","8":"product_tag-gia-lavabo-trang-su-tron-vien-den-de-ban-hue","10":"first","11":"instock","12":"sale","13":"shipping-taxable","14":"purchasable","15":"product-type-simple"},"yoast_head":"<!-- This site is optimized with the Yoast SEO Premium plugin v22.3 (Yoast SEO v23.7) - https:\/\/yoast.com\/wordpress\/plugins\/seo\/ -->\n<title>Lavabo tr\u1eafng s\u1ee9 \u0111\u1ec3 b\u00e0n gi\u00e1 r\u1ebb H\u00e0 N\u1ed9i- 0947.335.871 - Tr\u1ea7n Th\u1ecb<\/title>\n<meta name=\"description\" content=\"Tranthi.vn l\u00e0 s\u00e0n th\u01b0\u01a1ng m\u1ea1i \u0111i\u1ec7n t\u1eed chuy\u00ean v\u1ec1 c\u00e1c m\u1eb7t h\u00e0ng nh\u01b0 lavabo tr\u1eafng s\u1ee9, thi\u1ebft b\u1ecb v\u1ec7 sinh g\u1ea1ch men. Ch\u00fang t\u00f4i ph\u00e2n ph\u1ed1i t\u1ea1i H\u00e0 N\u1ed9i\" \/>\n<meta name=\"robots\" content=\"index, follow, max-snippet:-1, max-image-preview:large, max-video-preview:-1\" \/>\n<link rel=\"canonical\" href=\"https:\/\/tranthi.vn\/hanoi\/lavabo-trang-su-de-ban-gia-re-ha-noi\/\" \/>\n<meta property=\"og:locale\" content=\"vi_VN\" \/>\n<meta property=\"og:type\" content=\"article\" \/>\n<meta property=\"og:title\" content=\"Lavabo tr\u1eafng s\u1ee9 \u0111\u1ec3 b\u00e0n 236 hb\" \/>\n<meta property=\"og:description\" content=\"Tranthi.vn l\u00e0 s\u00e0n th\u01b0\u01a1ng m\u1ea1i \u0111i\u1ec7n t\u1eed chuy\u00ean v\u1ec1 c\u00e1c m\u1eb7t h\u00e0ng nh\u01b0 lavabo tr\u1eafng s\u1ee9, thi\u1ebft b\u1ecb v\u1ec7 sinh g\u1ea1ch men. Ch\u00fang t\u00f4i ph\u00e2n ph\u1ed1i t\u1ea1i H\u00e0 N\u1ed9i\" \/>\n<meta property=\"og:url\" content=\"https:\/\/tranthi.vn\/hanoi\/lavabo-trang-su-de-ban-gia-re-ha-noi\/\" \/>\n<meta property=\"og:site_name\" content=\"V\u1eadt Li\u1ec7u X\u00e2y D\u1ef1ng Tr\u1ea7n Th\u1ecb Chi Nh\u00e1nh H\u00e0 N\u1ed9i\" \/>\n<meta property=\"article:modified_time\" content=\"2024-11-12T06:13:46+00:00\" \/>\n<meta property=\"og:image\" content=\"https:\/\/tranthi.vn\/hanoi\/wp-content\/uploads\/2021\/07\/gia-lavabo-trang-su-tron-vien-den-de-ban-hue.jpg\" \/>\n\t<meta property=\"og:image:width\" content=\"400\" \/>\n\t<meta property=\"og:image:height\" content=\"400\" \/>\n\t<meta property=\"og:image:type\" content=\"image\/jpeg\" \/>\n<meta name=\"twitter:card\" content=\"summary_large_image\" \/>\n<meta name=\"twitter:label1\" content=\"Gi\u00e1\" \/>\n\t<meta name=\"twitter:data1\" content=\"800,000&nbsp;&#8363;\" \/>\n\t<meta name=\"twitter:label2\" content=\"Kh\u1ea3 d\u1ee5ng\" \/>\n\t<meta name=\"twitter:data2\" content=\"Trong kho\" \/>\n<script type=\"application\/ld+json\" class=\"yoast-schema-graph\">{\"@context\":\"https:\/\/schema.org\",\"@graph\":[{\"@type\":[\"WebPage\",\"ItemPage\"],\"@id\":\"https:\/\/tranthi.vn\/hanoi\/lavabo-trang-su-de-ban-gia-re-ha-noi\/\",\"url\":\"https:\/\/tranthi.vn\/hanoi\/lavabo-trang-su-de-ban-gia-re-ha-noi\/\",\"name\":\"Lavabo tr\u1eafng s\u1ee9 \u0111\u1ec3 b\u00e0n gi\u00e1 r\u1ebb H\u00e0 N\u1ed9i- 0947.335.871 - Tr\u1ea7n Th\u1ecb\",\"isPartOf\":{\"@id\":\"https:\/\/tranthi.vn\/hanoi\/#website\"},\"primaryImageOfPage\":{\"@id\":\"https:\/\/tranthi.vn\/hanoi\/lavabo-trang-su-de-ban-gia-re-ha-noi\/#primaryimage\"},\"image\":{\"@id\":\"https:\/\/tranthi.vn\/hanoi\/lavabo-trang-su-de-ban-gia-re-ha-noi\/#primaryimage\"},\"thumbnailUrl\":\"https:\/\/tranthi.vn\/hanoi\/wp-content\/uploads\/2021\/07\/gia-lavabo-trang-su-tron-vien-den-de-ban-hue.jpg\",\"datePublished\":\"2021-07-24T10:20:48+00:00\",\"dateModified\":\"2024-11-12T06:13:46+00:00\",\"description\":\"Tranthi.vn l\u00e0 s\u00e0n th\u01b0\u01a1ng m\u1ea1i \u0111i\u1ec7n t\u1eed chuy\u00ean v\u1ec1 c\u00e1c m\u1eb7t h\u00e0ng nh\u01b0 lavabo tr\u1eafng s\u1ee9, thi\u1ebft b\u1ecb v\u1ec7 sinh g\u1ea1ch men. Ch\u00fang t\u00f4i ph\u00e2n ph\u1ed1i t\u1ea1i H\u00e0 N\u1ed9i\",\"breadcrumb\":{\"@id\":\"https:\/\/tranthi.vn\/hanoi\/lavabo-trang-su-de-ban-gia-re-ha-noi\/#breadcrumb\"},\"inLanguage\":\"vi\",\"potentialAction\":[{\"@type\":\"ReadAction\",\"target\":[\"https:\/\/tranthi.vn\/hanoi\/lavabo-trang-su-de-ban-gia-re-ha-noi\/\"]}]},{\"@type\":\"ImageObject\",\"inLanguage\":\"vi\",\"@id\":\"https:\/\/tranthi.vn\/hanoi\/lavabo-trang-su-de-ban-gia-re-ha-noi\/#primaryimage\",\"url\":\"https:\/\/tranthi.vn\/hanoi\/wp-content\/uploads\/2021\/07\/gia-lavabo-trang-su-tron-vien-den-de-ban-hue.jpg\",\"contentUrl\":\"https:\/\/tranthi.vn\/hanoi\/wp-content\/uploads\/2021\/07\/gia-lavabo-trang-su-tron-vien-den-de-ban-hue.jpg\",\"width\":400,\"height\":400,\"caption\":\"gia-lavabo-trang-su-tron-vien-den-de-ban-hue\"},{\"@type\":\"BreadcrumbList\",\"@id\":\"https:\/\/tranthi.vn\/hanoi\/lavabo-trang-su-de-ban-gia-re-ha-noi\/#breadcrumb\",\"itemListElement\":[{\"@type\":\"ListItem\",\"position\":1,\"name\":\"Trang ch\u1ee7\",\"item\":\"https:\/\/tranthi.vn\/hanoi\/\"},{\"@type\":\"ListItem\",\"position\":2,\"name\":\"Shop\",\"item\":\"https:\/\/tranthi.vn\/hanoi\/shop\/\"},{\"@type\":\"ListItem\",\"position\":3,\"name\":\"Lavabo tr\u1eafng s\u1ee9 \u0111\u1ec3 b\u00e0n 236 hb\"}]},{\"@type\":\"WebSite\",\"@id\":\"https:\/\/tranthi.vn\/hanoi\/#website\",\"url\":\"https:\/\/tranthi.vn\/hanoi\/\",\"name\":\"V\u1eadt Li\u1ec7u X\u00e2y D\u1ef1ng Tr\u1ea7n Th\u1ecb Chi Nh\u00e1nh H\u00e0 N\u1ed9i\",\"description\":\"V\u1eadt Li\u1ec7u X\u00e2y D\u1ef1ng - H\u00e0 N\u1ed9i\",\"potentialAction\":[{\"@type\":\"SearchAction\",\"target\":{\"@type\":\"EntryPoint\",\"urlTemplate\":\"https:\/\/tranthi.vn\/hanoi\/?s={search_term_string}\"},\"query-input\":{\"@type\":\"PropertyValueSpecification\",\"valueRequired\":true,\"valueName\":\"search_term_string\"}}],\"inLanguage\":\"vi\"},{\"@type\":\"ImageObject\",\"inLanguage\":\"vi\",\"@id\":\"https:\/\/tranthi.vn\/hanoi\/lavabo-trang-su-de-ban-gia-re-ha-noi\/#local-main-organization-logo\",\"url\":\"\",\"contentUrl\":\"\",\"caption\":\"V\u1eadt Li\u1ec7u X\u00e2y D\u1ef1ng Tr\u1ea7n Th\u1ecb Chi Nh\u00e1nh H\u00e0 N\u1ed9i\"}]}<\/script>\n<meta property=\"product:price:amount\" content=\"800000\" \/>\n<meta property=\"product:price:currency\" content=\"VND\" \/>\n<meta property=\"og:availability\" content=\"instock\" \/>\n<meta property=\"product:availability\" content=\"instock\" \/>\n<meta property=\"product:condition\" content=\"new\" \/>\n<!-- \/ Yoast SEO Premium plugin. -->","yoast_head_json":{"title":"Lavabo tr\u1eafng s\u1ee9 \u0111\u1ec3 b\u00e0n gi\u00e1 r\u1ebb H\u00e0 N\u1ed9i- 0947.335.871 - Tr\u1ea7n Th\u1ecb","description":"Tranthi.vn l\u00e0 s\u00e0n th\u01b0\u01a1ng m\u1ea1i \u0111i\u1ec7n t\u1eed chuy\u00ean v\u1ec1 c\u00e1c m\u1eb7t h\u00e0ng nh\u01b0 lavabo tr\u1eafng s\u1ee9, thi\u1ebft b\u1ecb v\u1ec7 sinh g\u1ea1ch men. Ch\u00fang t\u00f4i ph\u00e2n ph\u1ed1i t\u1ea1i H\u00e0 N\u1ed9i","robots":{"index":"index","follow":"follow","max-snippet":"max-snippet:-1","max-image-preview":"max-image-preview:large","max-video-preview":"max-video-preview:-1"},"canonical":"https:\/\/tranthi.vn\/hanoi\/lavabo-trang-su-de-ban-gia-re-ha-noi\/","og_locale":"vi_VN","og_type":"article","og_title":"Lavabo tr\u1eafng s\u1ee9 \u0111\u1ec3 b\u00e0n 236 hb","og_description":"Tranthi.vn l\u00e0 s\u00e0n th\u01b0\u01a1ng m\u1ea1i \u0111i\u1ec7n t\u1eed chuy\u00ean v\u1ec1 c\u00e1c m\u1eb7t h\u00e0ng nh\u01b0 lavabo tr\u1eafng s\u1ee9, thi\u1ebft b\u1ecb v\u1ec7 sinh g\u1ea1ch men. Ch\u00fang t\u00f4i ph\u00e2n ph\u1ed1i t\u1ea1i H\u00e0 N\u1ed9i","og_url":"https:\/\/tranthi.vn\/hanoi\/lavabo-trang-su-de-ban-gia-re-ha-noi\/","og_site_name":"V\u1eadt Li\u1ec7u X\u00e2y D\u1ef1ng Tr\u1ea7n Th\u1ecb Chi Nh\u00e1nh H\u00e0 N\u1ed9i","article_modified_time":"2024-11-12T06:13:46+00:00","og_image":[{"width":400,"height":400,"url":"https:\/\/tranthi.vn\/hanoi\/wp-content\/uploads\/2021\/07\/gia-lavabo-trang-su-tron-vien-den-de-ban-hue.jpg","type":"image\/jpeg"}],"twitter_card":"summary_large_image","twitter_misc":{"Gi\u00e1":"800,000&nbsp;&#8363;","Kh\u1ea3 d\u1ee5ng":"Trong kho"},"schema":{"@context":"https:\/\/schema.org","@graph":[{"@type":["WebPage","ItemPage"],"@id":"https:\/\/tranthi.vn\/hanoi\/lavabo-trang-su-de-ban-gia-re-ha-noi\/","url":"https:\/\/tranthi.vn\/hanoi\/lavabo-trang-su-de-ban-gia-re-ha-noi\/","name":"Lavabo tr\u1eafng s\u1ee9 \u0111\u1ec3 b\u00e0n gi\u00e1 r\u1ebb H\u00e0 N\u1ed9i- 0947.335.871 - Tr\u1ea7n Th\u1ecb","isPartOf":{"@id":"https:\/\/tranthi.vn\/hanoi\/#website"},"primaryImageOfPage":{"@id":"https:\/\/tranthi.vn\/hanoi\/lavabo-trang-su-de-ban-gia-re-ha-noi\/#primaryimage"},"image":{"@id":"https:\/\/tranthi.vn\/hanoi\/lavabo-trang-su-de-ban-gia-re-ha-noi\/#primaryimage"},"thumbnailUrl":"https:\/\/tranthi.vn\/hanoi\/wp-content\/uploads\/2021\/07\/gia-lavabo-trang-su-tron-vien-den-de-ban-hue.jpg","datePublished":"2021-07-24T10:20:48+00:00","dateModified":"2024-11-12T06:13:46+00:00","description":"Tranthi.vn l\u00e0 s\u00e0n th\u01b0\u01a1ng m\u1ea1i \u0111i\u1ec7n t\u1eed chuy\u00ean v\u1ec1 c\u00e1c m\u1eb7t h\u00e0ng nh\u01b0 lavabo tr\u1eafng s\u1ee9, thi\u1ebft b\u1ecb v\u1ec7 sinh g\u1ea1ch men. Ch\u00fang t\u00f4i ph\u00e2n ph\u1ed1i t\u1ea1i H\u00e0 N\u1ed9i","breadcrumb":{"@id":"https:\/\/tranthi.vn\/hanoi\/lavabo-trang-su-de-ban-gia-re-ha-noi\/#breadcrumb"},"inLanguage":"vi","potentialAction":[{"@type":"ReadAction","target":["https:\/\/tranthi.vn\/hanoi\/lavabo-trang-su-de-ban-gia-re-ha-noi\/"]}]},{"@type":"ImageObject","inLanguage":"vi","@id":"https:\/\/tranthi.vn\/hanoi\/lavabo-trang-su-de-ban-gia-re-ha-noi\/#primaryimage","url":"https:\/\/tranthi.vn\/hanoi\/wp-content\/uploads\/2021\/07\/gia-lavabo-trang-su-tron-vien-den-de-ban-hue.jpg","contentUrl":"https:\/\/tranthi.vn\/hanoi\/wp-content\/uploads\/2021\/07\/gia-lavabo-trang-su-tron-vien-den-de-ban-hue.jpg","width":400,"height":400,"caption":"gia-lavabo-trang-su-tron-vien-den-de-ban-hue"},{"@type":"BreadcrumbList","@id":"https:\/\/tranthi.vn\/hanoi\/lavabo-trang-su-de-ban-gia-re-ha-noi\/#breadcrumb","itemListElement":[{"@type":"ListItem","position":1,"name":"Trang ch\u1ee7","item":"https:\/\/tranthi.vn\/hanoi\/"},{"@type":"ListItem","position":2,"name":"Shop","item":"https:\/\/tranthi.vn\/hanoi\/shop\/"},{"@type":"ListItem","position":3,"name":"Lavabo tr\u1eafng s\u1ee9 \u0111\u1ec3 b\u00e0n 236 hb"}]},{"@type":"WebSite","@id":"https:\/\/tranthi.vn\/hanoi\/#website","url":"https:\/\/tranthi.vn\/hanoi\/","name":"V\u1eadt Li\u1ec7u X\u00e2y D\u1ef1ng Tr\u1ea7n Th\u1ecb Chi Nh\u00e1nh H\u00e0 N\u1ed9i","description":"V\u1eadt Li\u1ec7u X\u00e2y D\u1ef1ng - H\u00e0 N\u1ed9i","potentialAction":[{"@type":"SearchAction","target":{"@type":"EntryPoint","urlTemplate":"https:\/\/tranthi.vn\/hanoi\/?s={search_term_string}"},"query-input":{"@type":"PropertyValueSpecification","valueRequired":true,"valueName":"search_term_string"}}],"inLanguage":"vi"},{"@type":"ImageObject","inLanguage":"vi","@id":"https:\/\/tranthi.vn\/hanoi\/lavabo-trang-su-de-ban-gia-re-ha-noi\/#local-main-organization-logo","url":"","contentUrl":"","caption":"V\u1eadt Li\u1ec7u X\u00e2y D\u1ef1ng Tr\u1ea7n Th\u1ecb Chi Nh\u00e1nh H\u00e0 N\u1ed9i"}]},"product_price_amount":"800000","product_price_currency":"VND","og_availability":"instock","product_availability":"instock","product_condition":"new"},"_links":{"self":[{"href":"https:\/\/tranthi.vn\/hanoi\/wp-json\/wp\/v2\/product\/3562","targetHints":{"allow":["GET"]}}],"collection":[{"href":"https:\/\/tranthi.vn\/hanoi\/wp-json\/wp\/v2\/product"}],"about":[{"href":"https:\/\/tranthi.vn\/hanoi\/wp-json\/wp\/v2\/types\/product"}],"replies":[{"embeddable":true,"href":"https:\/\/tranthi.vn\/hanoi\/wp-json\/wp\/v2\/comments?post=3562"}],"wp:featuredmedia":[{"embeddable":true,"href":"https:\/\/tranthi.vn\/hanoi\/wp-json\/wp\/v2\/media\/4042"}],"wp:attachment":[{"href":"https:\/\/tranthi.vn\/hanoi\/wp-json\/wp\/v2\/media?parent=3562"}],"wp:term":[{"taxonomy":"product_cat","embeddable":true,"href":"https:\/\/tranthi.vn\/hanoi\/wp-json\/wp\/v2\/product_cat?post=3562"},{"taxonomy":"product_tag","embeddable":true,"href":"https:\/\/tranthi.vn\/hanoi\/wp-json\/wp\/v2\/product_tag?post=3562"}],"curies":[{"name":"wp","href":"https:\/\/api.w.org\/{rel}","templated":true}]}}